{"id":6426,"date":"2023-03-31T14:36:01","date_gmt":"2023-03-31T07:36:01","guid":{"rendered":"https:\/\/suatuyetvoi.com\/muasam\/?post_type=product&#038;p=6426"},"modified":"2023-03-31T14:36:02","modified_gmt":"2023-03-31T07:36:02","slug":"sua-chua-nestle-ptit-brasse-vi-tu-nhien-6-hop-x-60g-tren-6-thang","status":"publish","type":"product","link":"https:\/\/suatuyetvoi.com\/muasam\/san-pham\/sua-chua-nestle-ptit-brasse-vi-tu-nhien-6-hop-x-60g-tren-6-thang\/","title":{"rendered":"S\u1eefa chua Nestl\u00e9 P&#8217;tit Brasse v\u1ecb t\u1ef1 nhi\u00ean 6 h\u1ed9p x 60g (Tr\u00ean 6 th\u00e1ng)"},"content":{"rendered":"<p>\u0110\u1ed1i v\u1edbi c\u00e1c b\u00e9 b\u1eaft \u0111\u1ea7u giai \u0111o\u1ea1n \u0103n d\u1eb7m, b\u00ean c\u1ea1nh c\u00e1c m\u00f3n \u0103n truy\u1ec1n th\u1ed1ng nh\u01b0 ch\u00e1o, b\u1ed9t, rau xay nhuy\u1ec5n thi m\u1eb9 n\u00ean b\u1ed5 sung s\u1eefa chua v\u00e0o b\u1eefa \u0103n ph\u1ee5 h\u1eb1ng ng\u00e0y \u0111\u1ec3 b\u00e9 l\u00e0m quen v\u1edbi m\u00f3n \u0103n m\u1edbi th\u01a1m ngon nhi\u1ec1u d\u01b0\u1ee1ng ch\u1ea5t, \u0111\u1ed3ng th\u1eddi gi\u00fap c\u1ea3i thi\u1ec7n h\u1ec7 ti\u00eau h\u00f3a kh\u1ecfe m\u1ea1nh. V\u00e0\u00a0<strong>s\u1eefa chua Nestl\u00e9 P&#8217;tit Brasse<\/strong>\u00a0v\u1ecb t\u1ef1 nhi\u00ean s\u1ebd l\u00e0 m\u1ed9t g\u1ee3i \u00fd l\u00fd t\u01b0\u1edfng d\u00e0nh cho ba m\u1eb9.<\/p>\n<p><img loading=\"lazy\" decoding=\"async\" class=\"alignnone size-full wp-image-6427\" src=\"https:\/\/suatuyetvoi.com\/muasam\/wp-content\/uploads\/2023\/03\/sua-chua-nestle-vi-tu-nhien-1.jpg\" alt=\"\" width=\"599\" height=\"465\" srcset=\"https:\/\/suatuyetvoi.com\/muasam\/wp-content\/uploads\/2023\/03\/sua-chua-nestle-vi-tu-nhien-1.jpg 599w, https:\/\/suatuyetvoi.com\/muasam\/wp-content\/uploads\/2023\/03\/sua-chua-nestle-vi-tu-nhien-1-515x400.jpg 515w\" sizes=\"auto, (max-width: 599px) 100vw, 599px\" \/><\/p>\n<p><main id=\"maincontent\" class=\"page-main\"><\/p>\n<div class=\"columns\">\n<div class=\"column main\">\n<div class=\"row-detail\">\n<div class=\"product info detailed\">\n<div class=\"product data items\" role=\"tablist\">\n<div id=\"product.info.description\" class=\"data item content\" role=\"tabpanel\" data-role=\"content\" aria-labelledby=\"tab-label-product.description\" aria-hidden=\"false\">\n<div class=\"product attribute description\">\n<div class=\"value\">\n<h3><strong>Th\u00e0nh ph\u1ea7n s\u1ea3n ph\u1ea9m<\/strong><\/h3>\n<p>&#8211;\u00a0S\u1eefa chua Nestl\u00e9 P&#8217;tit Brasse\u00a0v\u1ecb t\u1ef1 nhi\u00ean c\u00f3 th\u00e0nh ph\u1ea7n g\u1ed3m s\u1eefa 81%, \u0111\u01b0\u1eddng, ch\u1ea5t l\u00e0m d\u00e0y tinh b\u1ed9t bi\u1ebfn t\u00ednh 1422, \u0111\u1ea1m s\u1eefa, ch\u1ea5t l\u00e0m d\u00e0y: pectin, ch\u1ea5t l\u00ean men lactic (s\u1eefa).<\/p>\n<p>&#8211; S\u1ea3n ph\u1ea9m kh\u00f4ng s\u1eed d\u1ee5ng ch\u1ea5t b\u1ea3o qu\u1ea3n, ch\u1ea5t t\u1ea1o m\u00e0u v\u00e0 h\u01b0\u01a1ng nh\u00e2n t\u1ea1o, m\u1eb9 ho\u00e0n to\u00e0n y\u00ean t\u00e2m khi cho b\u00e9 s\u1eed d\u1ee5ng.<\/p>\n<h3><strong>\u0110\u1eb7c \u0111i\u1ec3m n\u1ed5i b\u1eadt c\u1ee7a s\u1ea3n ph\u1ea9m<\/strong><\/h3>\n<p>&#8211;\u00a0S\u1eefa chua Nestl\u00e9 P&#8217;tit Brasse v\u1ecb t\u1ef1 nhi\u00ean \u0111\u01b0\u1ee3c thi\u1ebft k\u1ebf d\u1ef1a tr\u00ean c\u00f4ng th\u1ee9c d\u00e0nh ri\u00eang cho tr\u1ebb t\u1eeb 6 th\u00e1ng tu\u1ed5i, \u0111\u1eb7c bi\u1ec7t l\u00e0 tr\u1ebb trong giai \u0111o\u1ea1n \u0103n d\u1eb7m v\u1edbi h\u01b0\u01a1ng v\u1ecb t\u1ef1 nhi\u00ean v\u00e0 th\u00e0nh ph\u1ea7n gi\u00e0u dinh d\u01b0\u1ee1ng.<\/p>\n<p>&#8211; S\u1eefa chua ch\u1ee9a nhi\u1ec1u ch\u1ea5t b\u00e9o, kem, \u0111\u1ea1m s\u1eefa,.. c\u00f9ng m\u1ed9t s\u1ed1 d\u01b0\u1ee1ng ch\u1ea5t kh\u00e1c gi\u00fap b\u1ed5 sung canxi v\u00e0 c\u00e1c vitamin c\u1ea7n thi\u1ebft, h\u1ed7 tr\u1ee3 b\u00e9 t\u0103ng tr\u01b0\u1edfng v\u00e0 ph\u00e1t tri\u1ec3n kh\u1ecfe m\u1ea1nh.<\/p>\n<p>&#8211; \u0110\u1ed1i v\u1edbi tr\u1ebb nh\u1ecf, s\u1eefa chua ng\u0103n ng\u1eeba m\u1ed9t s\u1ed1 b\u1ec7nh v\u1ec1 \u0111\u01b0\u1eddng ru\u1ed9t, b\u1ed5 sung th\u00eam l\u01b0\u1ee3ng axit c\u1ea7n thi\u1ebft cho d\u1ea1 d\u00e0y gi\u00fap cho vi\u1ec7c ti\u00eau h\u00f3a c\u1ee7a b\u00e9 \u0111\u01b0\u1ee3c t\u1ed1t h\u01a1n.<\/p>\n<h3><strong>H\u01b0\u1edbng d\u1eabn s\u1eed d\u1ee5ng s\u1ea3n ph\u1ea9m<\/strong><\/h3>\n<p>&#8211; S\u1eed d\u1ee5ng tr\u1ef1c ti\u1ebfp khi b\u00f3c h\u1ed9p.<\/p>\n<p>&#8211; N\u00ean d\u00f9ng h\u1ebft s\u1ea3n ph\u1ea9m sau khi m\u1edf h\u1ed9p m\u00e0 c\u1ea7n c\u00f3 s\u1ef1 gi\u00e1m s\u00e1t c\u1ee7a ng\u01b0\u1eddi l\u1edbn.<\/p>\n<p>&#8211; Giai \u0111o\u1ea1n t\u1eeb 6 &#8211; 12 th\u00e1ng tu\u1ed5i, m\u1eb9 ch\u1ec9 n\u00ean d\u00f9ng s\u1eefa ch\u01b0a nh\u01b0 th\u1ef1c ph\u1ea9m b\u1ed5 sung v\u00e0o c\u00e1c b\u1eefa \u0103n ph\u1ee5 gi\u00fap h\u1ed7 tr\u1ee3 h\u1ec7 ti\u00eau h\u00f3a c\u1ee7a b\u00e9 ph\u00e1t tri\u1ec3n.<\/p>\n<p>&#8211; Kh\u00f4ng d\u00f9ng s\u1ea3n ph\u1ea9m c\u00f3 bao b\u00ec h\u01b0 h\u1ecfng.<\/p>\n<p>&#8211; Kh\u00f4ng d\u00f9ng v\u1edbi ng\u01b0\u1eddi d\u1ecb \u1ee9ng v\u1edbi b\u1ea5t k\u1ef3 th\u00e0nh ph\u1ea7n n\u00e0o trong s\u1eefa chua.<\/p>\n<p>&#8211; D\u00f9ng \u0111\u01b0\u1ee3c cho m\u1ecdi \u0111\u1ed1i t\u01b0\u1ee3ng, ngo\u1ea1i tr\u1eeb tr\u1ebb em d\u01b0\u1edbi 6 th\u00e1ng tu\u1ed5i.<\/p>\n<h3><strong>H\u01b0\u1edbng d\u1eabn b\u1ea3o qu\u1ea3n<\/strong><\/h3>\n<p>&#8211; B\u1ea3o qu\u1ea3n \u1edf nhi\u1ec7t \u0111\u1ed9 5 &#8211; 25\u00b0C.<\/p>\n<\/div>\n<\/div>\n<\/div>\n<\/div>\n<\/div>\n<\/div>\n<\/div>\n<\/div>\n<div class=\"after-columns\">\n<div class=\"widget block block-static-block block-id20\"><\/div>\n<\/div>\n<p><\/main><\/p>\n<footer class=\"page-footer\">\n<div class=\"footer content\">\n<div class=\"footer-columns\">\n<div class=\"footer-column\"><\/div>\n<\/div>\n<\/div>\n<\/footer>\n","protected":false},"excerpt":{"rendered":"<p>Th\u01b0\u01a1ng hi\u1ec7u: Nestl\u00e9<\/p>\n<p>\u0110\u1ed9 tu\u1ed5i s\u1eed d\u1ee5ng: tr\u00ean 6 th\u00e1ng<\/p>\n<p>H\u01b0\u01a1ng v\u1ecb: T\u1ef1 nhi\u00ean<\/p>\n","protected":false},"featured_media":6428,"comment_status":"open","ping_status":"closed","template":"","meta":[],"product_cat":[584],"product_tag":[592],"class_list":["post-6426","product","type-product","status-publish","has-post-thumbnail","hentry","product_cat-sua-chua-an","product_tag-nestle","berocket_brand-nestle"],"yoast_head":"<!-- This site is optimized with the Yoast SEO plugin v27.6 - https:\/\/yoast.com\/product\/yoast-seo-wordpress\/ -->\n<title>S\u1eefa chua Nestl\u00e9 P&#039;tit Brasse v\u1ecb t\u1ef1 nhi\u00ean 6 h\u1ed9p x 60g (Tr\u00ean 6 th\u00e1ng)<\/title>\n<meta name=\"description\" content=\"\u0110\u1ed1i v\u1edbi c\u00e1c b\u00e9 b\u1eaft \u0111\u1ea7u giai \u0111o\u1ea1n \u0103n d\u1eb7m, b\u00ean c\u1ea1nh c\u00e1c m\u00f3n \u0103n truy\u1ec1n th\u1ed1ng nh\u01b0 ch\u00e1o, b\u1ed9t, rau xay nhuy\u1ec5n thi m\u1eb9 n\u00ean b\u1ed5 sung s\u1eefa chua v\u00e0o b\u1eefa \u0103n ph\u1ee5\" \/>\n<meta name=\"robots\" content=\"index, follow, max-snippet:-1, max-image-preview:large, max-video-preview:-1\" \/>\n<link rel=\"canonical\" href=\"https:\/\/suatuyetvoi.com\/muasam\/san-pham\/sua-chua-nestle-ptit-brasse-vi-tu-nhien-6-hop-x-60g-tren-6-thang\/\" \/>\n<meta property=\"og:locale\" content=\"vi_VN\" \/>\n<meta property=\"og:type\" content=\"article\" \/>\n<meta property=\"og:title\" content=\"S\u1eefa chua Nestl\u00e9 P&#039;tit Brasse v\u1ecb t\u1ef1 nhi\u00ean 6 h\u1ed9p x 60g (Tr\u00ean 6 th\u00e1ng)\" \/>\n<meta property=\"og:description\" content=\"\u0110\u1ed1i v\u1edbi c\u00e1c b\u00e9 b\u1eaft \u0111\u1ea7u giai \u0111o\u1ea1n \u0103n d\u1eb7m, b\u00ean c\u1ea1nh c\u00e1c m\u00f3n \u0103n truy\u1ec1n th\u1ed1ng nh\u01b0 ch\u00e1o, b\u1ed9t, rau xay nhuy\u1ec5n thi m\u1eb9 n\u00ean b\u1ed5 sung s\u1eefa chua v\u00e0o b\u1eefa \u0103n ph\u1ee5\" \/>\n<meta property=\"og:url\" content=\"https:\/\/suatuyetvoi.com\/muasam\/san-pham\/sua-chua-nestle-ptit-brasse-vi-tu-nhien-6-hop-x-60g-tren-6-thang\/\" \/>\n<meta property=\"og:site_name\" content=\"S\u1eefa Tuy\u1ec7t V\u1eddi\" \/>\n<meta property=\"article:modified_time\" content=\"2023-03-31T07:36:02+00:00\" \/>\n<meta property=\"og:image\" content=\"https:\/\/suatuyetvoi.com\/muasam\/wp-content\/uploads\/2023\/03\/sua-chua-p-tit-brasse-vi-tu-nhien-6x60g-Edited.png\" \/>\n\t<meta property=\"og:image:width\" content=\"600\" \/>\n\t<meta property=\"og:image:height\" content=\"600\" \/>\n\t<meta property=\"og:image:type\" content=\"image\/png\" \/>\n<meta name=\"twitter:card\" content=\"summary_large_image\" \/>\n<meta name=\"twitter:title\" content=\"S\u1eefa chua Nestl\u00e9 P&#039;tit Brasse v\u1ecb t\u1ef1 nhi\u00ean 6 h\u1ed9p x 60g (Tr\u00ean 6 th\u00e1ng)\" \/>\n<meta name=\"twitter:description\" content=\"\u0110\u1ed1i v\u1edbi c\u00e1c b\u00e9 b\u1eaft \u0111\u1ea7u giai \u0111o\u1ea1n \u0103n d\u1eb7m, b\u00ean c\u1ea1nh c\u00e1c m\u00f3n \u0103n truy\u1ec1n th\u1ed1ng nh\u01b0 ch\u00e1o, b\u1ed9t, rau xay nhuy\u1ec5n thi m\u1eb9 n\u00ean b\u1ed5 sung s\u1eefa chua v\u00e0o b\u1eefa \u0103n ph\u1ee5\" \/>\n<meta name=\"twitter:label1\" content=\"\u01af\u1edbc t\u00ednh th\u1eddi gian \u0111\u1ecdc\" \/>\n\t<meta name=\"twitter:data1\" content=\"3 ph\u00fat\" \/>\n<script type=\"application\/ld+json\" class=\"yoast-schema-graph\">{\"@context\":\"https:\\\/\\\/schema.org\",\"@graph\":[{\"@type\":\"WebPage\",\"@id\":\"https:\\\/\\\/suatuyetvoi.com\\\/muasam\\\/san-pham\\\/sua-chua-nestle-ptit-brasse-vi-tu-nhien-6-hop-x-60g-tren-6-thang\\\/\",\"url\":\"https:\\\/\\\/suatuyetvoi.com\\\/muasam\\\/san-pham\\\/sua-chua-nestle-ptit-brasse-vi-tu-nhien-6-hop-x-60g-tren-6-thang\\\/\",\"name\":\"S\u1eefa chua Nestl\u00e9 P'tit Brasse v\u1ecb t\u1ef1 nhi\u00ean 6 h\u1ed9p x 60g (Tr\u00ean 6 th\u00e1ng)\",\"isPartOf\":{\"@id\":\"https:\\\/\\\/suatuyetvoi.com\\\/muasam\\\/#website\"},\"primaryImageOfPage\":{\"@id\":\"https:\\\/\\\/suatuyetvoi.com\\\/muasam\\\/san-pham\\\/sua-chua-nestle-ptit-brasse-vi-tu-nhien-6-hop-x-60g-tren-6-thang\\\/#primaryimage\"},\"image\":{\"@id\":\"https:\\\/\\\/suatuyetvoi.com\\\/muasam\\\/san-pham\\\/sua-chua-nestle-ptit-brasse-vi-tu-nhien-6-hop-x-60g-tren-6-thang\\\/#primaryimage\"},\"thumbnailUrl\":\"https:\\\/\\\/suatuyetvoi.com\\\/muasam\\\/wp-content\\\/uploads\\\/2023\\\/03\\\/sua-chua-p-tit-brasse-vi-tu-nhien-6x60g-Edited.png\",\"datePublished\":\"2023-03-31T07:36:01+00:00\",\"dateModified\":\"2023-03-31T07:36:02+00:00\",\"description\":\"\u0110\u1ed1i v\u1edbi c\u00e1c b\u00e9 b\u1eaft \u0111\u1ea7u giai \u0111o\u1ea1n \u0103n d\u1eb7m, b\u00ean c\u1ea1nh c\u00e1c m\u00f3n \u0103n truy\u1ec1n th\u1ed1ng nh\u01b0 ch\u00e1o, b\u1ed9t, rau xay nhuy\u1ec5n thi m\u1eb9 n\u00ean b\u1ed5 sung s\u1eefa chua v\u00e0o b\u1eefa \u0103n ph\u1ee5\",\"breadcrumb\":{\"@id\":\"https:\\\/\\\/suatuyetvoi.com\\\/muasam\\\/san-pham\\\/sua-chua-nestle-ptit-brasse-vi-tu-nhien-6-hop-x-60g-tren-6-thang\\\/#breadcrumb\"},\"inLanguage\":\"vi\",\"potentialAction\":[{\"@type\":\"ReadAction\",\"target\":[\"https:\\\/\\\/suatuyetvoi.com\\\/muasam\\\/san-pham\\\/sua-chua-nestle-ptit-brasse-vi-tu-nhien-6-hop-x-60g-tren-6-thang\\\/\"]}]},{\"@type\":\"ImageObject\",\"inLanguage\":\"vi\",\"@id\":\"https:\\\/\\\/suatuyetvoi.com\\\/muasam\\\/san-pham\\\/sua-chua-nestle-ptit-brasse-vi-tu-nhien-6-hop-x-60g-tren-6-thang\\\/#primaryimage\",\"url\":\"https:\\\/\\\/suatuyetvoi.com\\\/muasam\\\/wp-content\\\/uploads\\\/2023\\\/03\\\/sua-chua-p-tit-brasse-vi-tu-nhien-6x60g-Edited.png\",\"contentUrl\":\"https:\\\/\\\/suatuyetvoi.com\\\/muasam\\\/wp-content\\\/uploads\\\/2023\\\/03\\\/sua-chua-p-tit-brasse-vi-tu-nhien-6x60g-Edited.png\",\"width\":600,\"height\":600},{\"@type\":\"BreadcrumbList\",\"@id\":\"https:\\\/\\\/suatuyetvoi.com\\\/muasam\\\/san-pham\\\/sua-chua-nestle-ptit-brasse-vi-tu-nhien-6-hop-x-60g-tren-6-thang\\\/#breadcrumb\",\"itemListElement\":[{\"@type\":\"ListItem\",\"position\":1,\"name\":\"Home\",\"item\":\"https:\\\/\\\/suatuyetvoi.com\\\/muasam\\\/\"},{\"@type\":\"ListItem\",\"position\":2,\"name\":\"Shop\",\"item\":\"https:\\\/\\\/suatuyetvoi.com\\\/muasam\\\/shop\\\/\"},{\"@type\":\"ListItem\",\"position\":3,\"name\":\"S\u1eefa chua Nestl\u00e9 P&#8217;tit Brasse v\u1ecb t\u1ef1 nhi\u00ean 6 h\u1ed9p x 60g (Tr\u00ean 6 th\u00e1ng)\"}]},{\"@type\":\"WebSite\",\"@id\":\"https:\\\/\\\/suatuyetvoi.com\\\/muasam\\\/#website\",\"url\":\"https:\\\/\\\/suatuyetvoi.com\\\/muasam\\\/\",\"name\":\"S\u1eefa Tuy\u1ec7t V\u1eddi\",\"description\":\"S\u1eefa Tuy\u1ec7t V\u1eddi Vi\u1ec7t Nam\",\"potentialAction\":[{\"@type\":\"SearchAction\",\"target\":{\"@type\":\"EntryPoint\",\"urlTemplate\":\"https:\\\/\\\/suatuyetvoi.com\\\/muasam\\\/?s={search_term_string}\"},\"query-input\":{\"@type\":\"PropertyValueSpecification\",\"valueRequired\":true,\"valueName\":\"search_term_string\"}}],\"inLanguage\":\"vi\"}]}<\/script>\n<!-- \/ Yoast SEO plugin. -->","yoast_head_json":{"title":"S\u1eefa chua Nestl\u00e9 P'tit Brasse v\u1ecb t\u1ef1 nhi\u00ean 6 h\u1ed9p x 60g (Tr\u00ean 6 th\u00e1ng)","description":"\u0110\u1ed1i v\u1edbi c\u00e1c b\u00e9 b\u1eaft \u0111\u1ea7u giai \u0111o\u1ea1n \u0103n d\u1eb7m, b\u00ean c\u1ea1nh c\u00e1c m\u00f3n \u0103n truy\u1ec1n th\u1ed1ng nh\u01b0 ch\u00e1o, b\u1ed9t, rau xay nhuy\u1ec5n thi m\u1eb9 n\u00ean b\u1ed5 sung s\u1eefa chua v\u00e0o b\u1eefa \u0103n ph\u1ee5","robots":{"index":"index","follow":"follow","max-snippet":"max-snippet:-1","max-image-preview":"max-image-preview:large","max-video-preview":"max-video-preview:-1"},"canonical":"https:\/\/suatuyetvoi.com\/muasam\/san-pham\/sua-chua-nestle-ptit-brasse-vi-tu-nhien-6-hop-x-60g-tren-6-thang\/","og_locale":"vi_VN","og_type":"article","og_title":"S\u1eefa chua Nestl\u00e9 P'tit Brasse v\u1ecb t\u1ef1 nhi\u00ean 6 h\u1ed9p x 60g (Tr\u00ean 6 th\u00e1ng)","og_description":"\u0110\u1ed1i v\u1edbi c\u00e1c b\u00e9 b\u1eaft \u0111\u1ea7u giai \u0111o\u1ea1n \u0103n d\u1eb7m, b\u00ean c\u1ea1nh c\u00e1c m\u00f3n \u0103n truy\u1ec1n th\u1ed1ng nh\u01b0 ch\u00e1o, b\u1ed9t, rau xay nhuy\u1ec5n thi m\u1eb9 n\u00ean b\u1ed5 sung s\u1eefa chua v\u00e0o b\u1eefa \u0103n ph\u1ee5","og_url":"https:\/\/suatuyetvoi.com\/muasam\/san-pham\/sua-chua-nestle-ptit-brasse-vi-tu-nhien-6-hop-x-60g-tren-6-thang\/","og_site_name":"S\u1eefa Tuy\u1ec7t V\u1eddi","article_modified_time":"2023-03-31T07:36:02+00:00","og_image":[{"width":600,"height":600,"url":"https:\/\/suatuyetvoi.com\/muasam\/wp-content\/uploads\/2023\/03\/sua-chua-p-tit-brasse-vi-tu-nhien-6x60g-Edited.png","type":"image\/png"}],"twitter_card":"summary_large_image","twitter_title":"S\u1eefa chua Nestl\u00e9 P'tit Brasse v\u1ecb t\u1ef1 nhi\u00ean 6 h\u1ed9p x 60g (Tr\u00ean 6 th\u00e1ng)","twitter_description":"\u0110\u1ed1i v\u1edbi c\u00e1c b\u00e9 b\u1eaft \u0111\u1ea7u giai \u0111o\u1ea1n \u0103n d\u1eb7m, b\u00ean c\u1ea1nh c\u00e1c m\u00f3n \u0103n truy\u1ec1n th\u1ed1ng nh\u01b0 ch\u00e1o, b\u1ed9t, rau xay nhuy\u1ec5n thi m\u1eb9 n\u00ean b\u1ed5 sung s\u1eefa chua v\u00e0o b\u1eefa \u0103n ph\u1ee5","twitter_misc":{"\u01af\u1edbc t\u00ednh th\u1eddi gian \u0111\u1ecdc":"3 ph\u00fat"},"schema":{"@context":"https:\/\/schema.org","@graph":[{"@type":"WebPage","@id":"https:\/\/suatuyetvoi.com\/muasam\/san-pham\/sua-chua-nestle-ptit-brasse-vi-tu-nhien-6-hop-x-60g-tren-6-thang\/","url":"https:\/\/suatuyetvoi.com\/muasam\/san-pham\/sua-chua-nestle-ptit-brasse-vi-tu-nhien-6-hop-x-60g-tren-6-thang\/","name":"S\u1eefa chua Nestl\u00e9 P'tit Brasse v\u1ecb t\u1ef1 nhi\u00ean 6 h\u1ed9p x 60g (Tr\u00ean 6 th\u00e1ng)","isPartOf":{"@id":"https:\/\/suatuyetvoi.com\/muasam\/#website"},"primaryImageOfPage":{"@id":"https:\/\/suatuyetvoi.com\/muasam\/san-pham\/sua-chua-nestle-ptit-brasse-vi-tu-nhien-6-hop-x-60g-tren-6-thang\/#primaryimage"},"image":{"@id":"https:\/\/suatuyetvoi.com\/muasam\/san-pham\/sua-chua-nestle-ptit-brasse-vi-tu-nhien-6-hop-x-60g-tren-6-thang\/#primaryimage"},"thumbnailUrl":"https:\/\/suatuyetvoi.com\/muasam\/wp-content\/uploads\/2023\/03\/sua-chua-p-tit-brasse-vi-tu-nhien-6x60g-Edited.png","datePublished":"2023-03-31T07:36:01+00:00","dateModified":"2023-03-31T07:36:02+00:00","description":"\u0110\u1ed1i v\u1edbi c\u00e1c b\u00e9 b\u1eaft \u0111\u1ea7u giai \u0111o\u1ea1n \u0103n d\u1eb7m, b\u00ean c\u1ea1nh c\u00e1c m\u00f3n \u0103n truy\u1ec1n th\u1ed1ng nh\u01b0 ch\u00e1o, b\u1ed9t, rau xay nhuy\u1ec5n thi m\u1eb9 n\u00ean b\u1ed5 sung s\u1eefa chua v\u00e0o b\u1eefa \u0103n ph\u1ee5","breadcrumb":{"@id":"https:\/\/suatuyetvoi.com\/muasam\/san-pham\/sua-chua-nestle-ptit-brasse-vi-tu-nhien-6-hop-x-60g-tren-6-thang\/#breadcrumb"},"inLanguage":"vi","potentialAction":[{"@type":"ReadAction","target":["https:\/\/suatuyetvoi.com\/muasam\/san-pham\/sua-chua-nestle-ptit-brasse-vi-tu-nhien-6-hop-x-60g-tren-6-thang\/"]}]},{"@type":"ImageObject","inLanguage":"vi","@id":"https:\/\/suatuyetvoi.com\/muasam\/san-pham\/sua-chua-nestle-ptit-brasse-vi-tu-nhien-6-hop-x-60g-tren-6-thang\/#primaryimage","url":"https:\/\/suatuyetvoi.com\/muasam\/wp-content\/uploads\/2023\/03\/sua-chua-p-tit-brasse-vi-tu-nhien-6x60g-Edited.png","contentUrl":"https:\/\/suatuyetvoi.com\/muasam\/wp-content\/uploads\/2023\/03\/sua-chua-p-tit-brasse-vi-tu-nhien-6x60g-Edited.png","width":600,"height":600},{"@type":"BreadcrumbList","@id":"https:\/\/suatuyetvoi.com\/muasam\/san-pham\/sua-chua-nestle-ptit-brasse-vi-tu-nhien-6-hop-x-60g-tren-6-thang\/#breadcrumb","itemListElement":[{"@type":"ListItem","position":1,"name":"Home","item":"https:\/\/suatuyetvoi.com\/muasam\/"},{"@type":"ListItem","position":2,"name":"Shop","item":"https:\/\/suatuyetvoi.com\/muasam\/shop\/"},{"@type":"ListItem","position":3,"name":"S\u1eefa chua Nestl\u00e9 P&#8217;tit Brasse v\u1ecb t\u1ef1 nhi\u00ean 6 h\u1ed9p x 60g (Tr\u00ean 6 th\u00e1ng)"}]},{"@type":"WebSite","@id":"https:\/\/suatuyetvoi.com\/muasam\/#website","url":"https:\/\/suatuyetvoi.com\/muasam\/","name":"S\u1eefa Tuy\u1ec7t V\u1eddi","description":"S\u1eefa Tuy\u1ec7t V\u1eddi Vi\u1ec7t Nam","potentialAction":[{"@type":"SearchAction","target":{"@type":"EntryPoint","urlTemplate":"https:\/\/suatuyetvoi.com\/muasam\/?s={search_term_string}"},"query-input":{"@type":"PropertyValueSpecification","valueRequired":true,"valueName":"search_term_string"}}],"inLanguage":"vi"}]}},"_links":{"self":[{"href":"https:\/\/suatuyetvoi.com\/muasam\/wp-json\/wp\/v2\/product\/6426","targetHints":{"allow":["GET"]}}],"collection":[{"href":"https:\/\/suatuyetvoi.com\/muasam\/wp-json\/wp\/v2\/product"}],"about":[{"href":"https:\/\/suatuyetvoi.com\/muasam\/wp-json\/wp\/v2\/types\/product"}],"replies":[{"embeddable":true,"href":"https:\/\/suatuyetvoi.com\/muasam\/wp-json\/wp\/v2\/comments?post=6426"}],"wp:featuredmedia":[{"embeddable":true,"href":"https:\/\/suatuyetvoi.com\/muasam\/wp-json\/wp\/v2\/media\/6428"}],"wp:attachment":[{"href":"https:\/\/suatuyetvoi.com\/muasam\/wp-json\/wp\/v2\/media?parent=6426"}],"wp:term":[{"taxonomy":"product_cat","embeddable":true,"href":"https:\/\/suatuyetvoi.com\/muasam\/wp-json\/wp\/v2\/product_cat?post=6426"},{"taxonomy":"product_tag","embeddable":true,"href":"https:\/\/suatuyetvoi.com\/muasam\/wp-json\/wp\/v2\/product_tag?post=6426"}],"curies":[{"name":"wp","href":"https:\/\/api.w.org\/{rel}","templated":true}]}}