{"id":6412,"date":"2023-03-30T20:05:59","date_gmt":"2023-03-30T13:05:59","guid":{"rendered":"https:\/\/suatuyetvoi.com\/muasam\/?post_type=product&#038;p=6412"},"modified":"2023-03-30T20:08:40","modified_gmt":"2023-03-30T13:08:40","slug":"sua-tuoi-tiet-trung-th-true-milk-cong-thuc-topkid-180-ml","status":"publish","type":"product","link":"https:\/\/suatuyetvoi.com\/muasam\/san-pham\/sua-tuoi-tiet-trung-th-true-milk-cong-thuc-topkid-180-ml\/","title":{"rendered":"S\u1eefa T\u01b0\u01a1i Ti\u1ec7t Tr\u00f9ng TH true MILK C\u00f4ng Th\u1ee9c TOPKID Ho\u00e0n To\u00e0n T\u1eeb S\u1eefa T\u01b0\u01a1i Organic \u2013 V\u1ecb Kem Vanilla T\u1ef1 Nhi\u00ean 180 ml"},"content":{"rendered":"<h3>Th\u00f4ng tin chi ti\u1ebft<\/h3>\n<div class=\"addclassfont16\">\n<ul>\n<li>Quy c\u00e1ch \u0111\u00f3ng g\u00f3i: l\u1ed1c 4 h\u1ed9p<\/li>\n<li>Dung t\u00edch: 180 ml\/h\u1ed9p<\/li>\n<\/ul>\n<p>Ho\u00e0n to\u00e0n t\u1eeb s\u1eefa t\u01b0\u01a1i h\u1eefu c\u01a1 (organic) \u0111\u1ea1t ch\u1ee9ng nh\u1eadn h\u1eefu c\u01a1 ch\u00e2u \u00c2u c\u1ee7a Trang tr\u1ea1i TH<\/p>\n<p>S\u1ea3n ph\u1ea9m b\u1ed5 sung c\u00e1c Vitamin v\u00e0 d\u01b0\u1ee1ng ch\u1ea5t thi\u1ebft y\u1ebfu (DHA, Axit folic, Canxi, Vitamin B1, B6, C, D) trong C\u00f4ng th\u1ee9c TOPKID gi\u00fap h\u1ed7 tr\u1ee3 ph\u00e1t tri\u1ec3n t\u1ed1i \u01b0u tr\u00ed n\u00e3o, chi\u1ec1u cao, \u0111\u1ec1 kh\u00e1ng v\u00e0 h\u1ea5p thu c\u1ee7a tr\u1ebb<\/p>\n<p>H\u01b0\u01a1ng v\u1ecb m\u1edbi l\u1ea1 \u0111\u1ed9c \u0111\u00e1o \u201cm\u00e1t l\u1ea1nh nh\u01b0 kem\u201d h\u1ea5p d\u1eabn c\u00e1c b\u00e9.<\/p>\n<p>&nbsp;<\/p>\n<h3><strong>H\u01b0\u1edbng d\u1eabn b\u1ea3o qu\u1ea3n v\u00e0 s\u1eed d\u1ee5ng:<\/strong><\/h3>\n<p>B\u1ea3o qu\u1ea3n n\u01a1i kh\u00f4 r\u00e1o v\u00e0 tho\u00e1ng m\u00e1t<br \/>\nNgon h\u01a1n khi u\u1ed1ng l\u1ea1nh<br \/>\nS\u1ea3n ph\u1ea9m s\u1eed d\u1ee5ng cho m\u1ed9t l\u1ea7n u\u1ed1ng<br \/>\nHSD: 6 th\u00e1ng k\u1ec3 t\u1eeb ng\u00e0y s\u1ea3n xu\u1ea5t<\/p>\n<p>&nbsp;<\/p>\n<h3><strong>Th\u00e0nh ph\u1ea7n dinh d\u01b0\u1ee1ng trung b\u00ecnh trong 100ml:<\/strong><\/h3>\n<table border=\"0\" width=\"317\" cellspacing=\"0\" cellpadding=\"0\">\n<colgroup>\n<col \/>\n<col \/><\/colgroup>\n<tbody>\n<tr>\n<td align=\"left\" height=\"20\">N\u0103ng l\u01b0\u1ee3ng<\/td>\n<td>82,6 Kcal<\/td>\n<\/tr>\n<tr>\n<td align=\"left\" height=\"20\">Ch\u1ea5t b\u00e9o<\/td>\n<td>3,4 g<\/td>\n<\/tr>\n<tr>\n<td align=\"left\" height=\"20\">Ch\u1ea5t \u0111\u1ea1m<\/td>\n<td>3,0 g<\/td>\n<\/tr>\n<tr>\n<td align=\"left\" height=\"20\">Hydrat cacbon<\/td>\n<td>10 g<\/td>\n<\/tr>\n<tr>\n<td align=\"left\" height=\"20\">DHA<\/td>\n<td>1,1 mg<\/td>\n<\/tr>\n<tr>\n<td align=\"left\" height=\"20\">Vitamin A<\/td>\n<td>110 IU<\/td>\n<\/tr>\n<tr>\n<td align=\"left\" height=\"20\">Vitamin D<\/td>\n<td>50 IU<\/td>\n<\/tr>\n<tr>\n<td align=\"left\" height=\"20\">Vitamin B1<\/td>\n<td>100 \u00b5g<\/td>\n<\/tr>\n<tr>\n<td align=\"left\" height=\"20\">Vitamin B6<\/td>\n<td>120 \u00b5g<\/td>\n<\/tr>\n<tr>\n<td align=\"left\" height=\"20\">Vitamin PP<\/td>\n<td>100 \u00b5g<\/td>\n<\/tr>\n<tr>\n<td align=\"left\" height=\"20\">Vitamin B12<\/td>\n<td>0,16 \u00b5g<\/td>\n<\/tr>\n<tr>\n<td align=\"left\" height=\"20\">Vitamin C<\/td>\n<td>15 mg<\/td>\n<\/tr>\n<tr>\n<td align=\"left\" height=\"20\">Vitamin K1<\/td>\n<td>2,2 \u00b5g<\/td>\n<\/tr>\n<tr>\n<td align=\"left\" height=\"20\">Axit Pantothenic<\/td>\n<td>255 \u00b5g<\/td>\n<\/tr>\n<tr>\n<td align=\"left\" height=\"20\">Axit Folic<\/td>\n<td>18 \u00b5g<\/td>\n<\/tr>\n<tr>\n<td align=\"left\" height=\"20\">Biotin<\/td>\n<td>4,5 \u00b5g<\/td>\n<\/tr>\n<tr>\n<td align=\"left\" height=\"20\">Canxi<\/td>\n<td>140 mg<\/td>\n<\/tr>\n<tr>\n<td align=\"left\" height=\"20\">Magi\u00ea<\/td>\n<td>10 mg<\/td>\n<\/tr>\n<tr>\n<td align=\"left\" height=\"20\">K\u1ebdm<\/td>\n<td>0,35 mg<\/td>\n<\/tr>\n<tr>\n<td align=\"left\" height=\"20\">Ch\u1ea5t x\u01a1<\/td>\n<td>0,5 g<\/td>\n<\/tr>\n<\/tbody>\n<\/table>\n<\/div>\n","protected":false},"excerpt":{"rendered":"<p>H\u1ec7 d\u01b0\u1ee1ng ch\u1ea5t IQ Plus ph\u00e1t tri\u1ec3n n\u00e3o b\u1ed9<br \/>\nT\u0103ng c\u01b0\u1eddng \u0111\u1ec1 kh\u00e1ng v\u00e0 ti\u00eau h\u00f3a kh\u1ecfe m\u1ea1nh<br \/>\nGi\u00fap h\u1ea5p thu Canxi t\u1ed1t<\/p>\n","protected":false},"featured_media":6414,"comment_status":"open","ping_status":"closed","template":"","meta":[],"product_cat":[513],"product_tag":[574,575,566],"class_list":["post-6412","product","type-product","status-publish","has-post-thumbnail","hentry","product_cat-sua-tuoi","product_tag-ho-tro-tang-suc-de-khang","product_tag-tang-cuong-de-khang","product_tag-tang-cuong-suc-de-khang","berocket_brand-th-true-milk"],"yoast_head":"<!-- This site is optimized with the Yoast SEO plugin v27.6 - https:\/\/yoast.com\/product\/yoast-seo-wordpress\/ -->\n<title>S\u1eefa T\u01b0\u01a1i Ti\u1ec7t Tr\u00f9ng TH true MILK C\u00f4ng Th\u1ee9c TOPKID 180 ml - \u0110ang Khuy\u1ebfn m\u00e3i<\/title>\n<meta name=\"description\" content=\"S\u1ea3n ph\u1ea9m b\u1ed5 sung c\u00e1c Vitamin v\u00e0 d\u01b0\u1ee1ng ch\u1ea5t thi\u1ebft y\u1ebfu (DHA, Axit folic, Canxi, Vitamin B1, B6, C, D) trong C\u00f4ng th\u1ee9c TOPKID gi\u00fap h\u1ed7 tr\u1ee3 ph\u00e1t tri\u1ec3n t\u1ed1i \u01b0u tr\u00ed n\u00e3o, chi\u1ec1u cao, \u0111\u1ec1 kh\u00e1ng v\u00e0 h\u1ea5p thu c\u1ee7a tr\u1ebb\" \/>\n<meta name=\"robots\" content=\"index, follow, max-snippet:-1, max-image-preview:large, max-video-preview:-1\" \/>\n<link rel=\"canonical\" href=\"https:\/\/suatuyetvoi.com\/muasam\/san-pham\/sua-tuoi-tiet-trung-th-true-milk-cong-thuc-topkid-180-ml\/\" \/>\n<meta property=\"og:locale\" content=\"vi_VN\" \/>\n<meta property=\"og:type\" content=\"article\" \/>\n<meta property=\"og:title\" content=\"S\u1eefa T\u01b0\u01a1i Ti\u1ec7t Tr\u00f9ng TH true MILK C\u00f4ng Th\u1ee9c TOPKID 180 ml - \u0110ang Khuy\u1ebfn m\u00e3i\" \/>\n<meta property=\"og:description\" content=\"S\u1ea3n ph\u1ea9m b\u1ed5 sung c\u00e1c Vitamin v\u00e0 d\u01b0\u1ee1ng ch\u1ea5t thi\u1ebft y\u1ebfu (DHA, Axit folic, Canxi, Vitamin B1, B6, C, D) trong C\u00f4ng th\u1ee9c TOPKID gi\u00fap h\u1ed7 tr\u1ee3 ph\u00e1t tri\u1ec3n t\u1ed1i \u01b0u tr\u00ed n\u00e3o, chi\u1ec1u cao, \u0111\u1ec1 kh\u00e1ng v\u00e0 h\u1ea5p thu c\u1ee7a tr\u1ebb\" \/>\n<meta property=\"og:url\" content=\"https:\/\/suatuyetvoi.com\/muasam\/san-pham\/sua-tuoi-tiet-trung-th-true-milk-cong-thuc-topkid-180-ml\/\" \/>\n<meta property=\"og:site_name\" content=\"S\u1eefa Tuy\u1ec7t V\u1eddi\" \/>\n<meta property=\"article:modified_time\" content=\"2023-03-30T13:08:40+00:00\" \/>\n<meta property=\"og:image\" content=\"https:\/\/suatuyetvoi.com\/muasam\/wp-content\/uploads\/2023\/03\/TOPKID-UHT180-800x8002-1.png\" \/>\n\t<meta property=\"og:image:width\" content=\"800\" \/>\n\t<meta property=\"og:image:height\" content=\"800\" \/>\n\t<meta property=\"og:image:type\" content=\"image\/png\" \/>\n<meta name=\"twitter:card\" content=\"summary_large_image\" \/>\n<meta name=\"twitter:title\" content=\"S\u1eefa T\u01b0\u01a1i Ti\u1ec7t Tr\u00f9ng TH true MILK C\u00f4ng Th\u1ee9c TOPKID 180 ml - \u0110ang Khuy\u1ebfn m\u00e3i\" \/>\n<meta name=\"twitter:description\" content=\"S\u1ea3n ph\u1ea9m b\u1ed5 sung c\u00e1c Vitamin v\u00e0 d\u01b0\u1ee1ng ch\u1ea5t thi\u1ebft y\u1ebfu (DHA, Axit folic, Canxi, Vitamin B1, B6, C, D) trong C\u00f4ng th\u1ee9c TOPKID gi\u00fap h\u1ed7 tr\u1ee3 ph\u00e1t tri\u1ec3n t\u1ed1i \u01b0u tr\u00ed n\u00e3o, chi\u1ec1u cao, \u0111\u1ec1 kh\u00e1ng v\u00e0 h\u1ea5p thu c\u1ee7a tr\u1ebb\" \/>\n<meta name=\"twitter:label1\" content=\"\u01af\u1edbc t\u00ednh th\u1eddi gian \u0111\u1ecdc\" \/>\n\t<meta name=\"twitter:data1\" content=\"2 ph\u00fat\" \/>\n<script type=\"application\/ld+json\" class=\"yoast-schema-graph\">{\"@context\":\"https:\\\/\\\/schema.org\",\"@graph\":[{\"@type\":\"WebPage\",\"@id\":\"https:\\\/\\\/suatuyetvoi.com\\\/muasam\\\/san-pham\\\/sua-tuoi-tiet-trung-th-true-milk-cong-thuc-topkid-180-ml\\\/\",\"url\":\"https:\\\/\\\/suatuyetvoi.com\\\/muasam\\\/san-pham\\\/sua-tuoi-tiet-trung-th-true-milk-cong-thuc-topkid-180-ml\\\/\",\"name\":\"S\u1eefa T\u01b0\u01a1i Ti\u1ec7t Tr\u00f9ng TH true MILK C\u00f4ng Th\u1ee9c TOPKID 180 ml - \u0110ang Khuy\u1ebfn m\u00e3i\",\"isPartOf\":{\"@id\":\"https:\\\/\\\/suatuyetvoi.com\\\/muasam\\\/#website\"},\"primaryImageOfPage\":{\"@id\":\"https:\\\/\\\/suatuyetvoi.com\\\/muasam\\\/san-pham\\\/sua-tuoi-tiet-trung-th-true-milk-cong-thuc-topkid-180-ml\\\/#primaryimage\"},\"image\":{\"@id\":\"https:\\\/\\\/suatuyetvoi.com\\\/muasam\\\/san-pham\\\/sua-tuoi-tiet-trung-th-true-milk-cong-thuc-topkid-180-ml\\\/#primaryimage\"},\"thumbnailUrl\":\"https:\\\/\\\/suatuyetvoi.com\\\/muasam\\\/wp-content\\\/uploads\\\/2023\\\/03\\\/TOPKID-UHT180-800x8002-1.png\",\"datePublished\":\"2023-03-30T13:05:59+00:00\",\"dateModified\":\"2023-03-30T13:08:40+00:00\",\"description\":\"S\u1ea3n ph\u1ea9m b\u1ed5 sung c\u00e1c Vitamin v\u00e0 d\u01b0\u1ee1ng ch\u1ea5t thi\u1ebft y\u1ebfu (DHA, Axit folic, Canxi, Vitamin B1, B6, C, D) trong C\u00f4ng th\u1ee9c TOPKID gi\u00fap h\u1ed7 tr\u1ee3 ph\u00e1t tri\u1ec3n t\u1ed1i \u01b0u tr\u00ed n\u00e3o, chi\u1ec1u cao, \u0111\u1ec1 kh\u00e1ng v\u00e0 h\u1ea5p thu c\u1ee7a tr\u1ebb\",\"breadcrumb\":{\"@id\":\"https:\\\/\\\/suatuyetvoi.com\\\/muasam\\\/san-pham\\\/sua-tuoi-tiet-trung-th-true-milk-cong-thuc-topkid-180-ml\\\/#breadcrumb\"},\"inLanguage\":\"vi\",\"potentialAction\":[{\"@type\":\"ReadAction\",\"target\":[\"https:\\\/\\\/suatuyetvoi.com\\\/muasam\\\/san-pham\\\/sua-tuoi-tiet-trung-th-true-milk-cong-thuc-topkid-180-ml\\\/\"]}]},{\"@type\":\"ImageObject\",\"inLanguage\":\"vi\",\"@id\":\"https:\\\/\\\/suatuyetvoi.com\\\/muasam\\\/san-pham\\\/sua-tuoi-tiet-trung-th-true-milk-cong-thuc-topkid-180-ml\\\/#primaryimage\",\"url\":\"https:\\\/\\\/suatuyetvoi.com\\\/muasam\\\/wp-content\\\/uploads\\\/2023\\\/03\\\/TOPKID-UHT180-800x8002-1.png\",\"contentUrl\":\"https:\\\/\\\/suatuyetvoi.com\\\/muasam\\\/wp-content\\\/uploads\\\/2023\\\/03\\\/TOPKID-UHT180-800x8002-1.png\",\"width\":800,\"height\":800},{\"@type\":\"BreadcrumbList\",\"@id\":\"https:\\\/\\\/suatuyetvoi.com\\\/muasam\\\/san-pham\\\/sua-tuoi-tiet-trung-th-true-milk-cong-thuc-topkid-180-ml\\\/#breadcrumb\",\"itemListElement\":[{\"@type\":\"ListItem\",\"position\":1,\"name\":\"Home\",\"item\":\"https:\\\/\\\/suatuyetvoi.com\\\/muasam\\\/\"},{\"@type\":\"ListItem\",\"position\":2,\"name\":\"Shop\",\"item\":\"https:\\\/\\\/suatuyetvoi.com\\\/muasam\\\/shop\\\/\"},{\"@type\":\"ListItem\",\"position\":3,\"name\":\"S\u1eefa T\u01b0\u01a1i Ti\u1ec7t Tr\u00f9ng TH true MILK C\u00f4ng Th\u1ee9c TOPKID Ho\u00e0n To\u00e0n T\u1eeb S\u1eefa T\u01b0\u01a1i Organic \u2013 V\u1ecb Kem Vanilla T\u1ef1 Nhi\u00ean 180 ml\"}]},{\"@type\":\"WebSite\",\"@id\":\"https:\\\/\\\/suatuyetvoi.com\\\/muasam\\\/#website\",\"url\":\"https:\\\/\\\/suatuyetvoi.com\\\/muasam\\\/\",\"name\":\"S\u1eefa Tuy\u1ec7t V\u1eddi\",\"description\":\"S\u1eefa Tuy\u1ec7t V\u1eddi Vi\u1ec7t Nam\",\"potentialAction\":[{\"@type\":\"SearchAction\",\"target\":{\"@type\":\"EntryPoint\",\"urlTemplate\":\"https:\\\/\\\/suatuyetvoi.com\\\/muasam\\\/?s={search_term_string}\"},\"query-input\":{\"@type\":\"PropertyValueSpecification\",\"valueRequired\":true,\"valueName\":\"search_term_string\"}}],\"inLanguage\":\"vi\"}]}<\/script>\n<!-- \/ Yoast SEO plugin. -->","yoast_head_json":{"title":"S\u1eefa T\u01b0\u01a1i Ti\u1ec7t Tr\u00f9ng TH true MILK C\u00f4ng Th\u1ee9c TOPKID 180 ml - \u0110ang Khuy\u1ebfn m\u00e3i","description":"S\u1ea3n ph\u1ea9m b\u1ed5 sung c\u00e1c Vitamin v\u00e0 d\u01b0\u1ee1ng ch\u1ea5t thi\u1ebft y\u1ebfu (DHA, Axit folic, Canxi, Vitamin B1, B6, C, D) trong C\u00f4ng th\u1ee9c TOPKID gi\u00fap h\u1ed7 tr\u1ee3 ph\u00e1t tri\u1ec3n t\u1ed1i \u01b0u tr\u00ed n\u00e3o, chi\u1ec1u cao, \u0111\u1ec1 kh\u00e1ng v\u00e0 h\u1ea5p thu c\u1ee7a tr\u1ebb","robots":{"index":"index","follow":"follow","max-snippet":"max-snippet:-1","max-image-preview":"max-image-preview:large","max-video-preview":"max-video-preview:-1"},"canonical":"https:\/\/suatuyetvoi.com\/muasam\/san-pham\/sua-tuoi-tiet-trung-th-true-milk-cong-thuc-topkid-180-ml\/","og_locale":"vi_VN","og_type":"article","og_title":"S\u1eefa T\u01b0\u01a1i Ti\u1ec7t Tr\u00f9ng TH true MILK C\u00f4ng Th\u1ee9c TOPKID 180 ml - \u0110ang Khuy\u1ebfn m\u00e3i","og_description":"S\u1ea3n ph\u1ea9m b\u1ed5 sung c\u00e1c Vitamin v\u00e0 d\u01b0\u1ee1ng ch\u1ea5t thi\u1ebft y\u1ebfu (DHA, Axit folic, Canxi, Vitamin B1, B6, C, D) trong C\u00f4ng th\u1ee9c TOPKID gi\u00fap h\u1ed7 tr\u1ee3 ph\u00e1t tri\u1ec3n t\u1ed1i \u01b0u tr\u00ed n\u00e3o, chi\u1ec1u cao, \u0111\u1ec1 kh\u00e1ng v\u00e0 h\u1ea5p thu c\u1ee7a tr\u1ebb","og_url":"https:\/\/suatuyetvoi.com\/muasam\/san-pham\/sua-tuoi-tiet-trung-th-true-milk-cong-thuc-topkid-180-ml\/","og_site_name":"S\u1eefa Tuy\u1ec7t V\u1eddi","article_modified_time":"2023-03-30T13:08:40+00:00","og_image":[{"width":800,"height":800,"url":"https:\/\/suatuyetvoi.com\/muasam\/wp-content\/uploads\/2023\/03\/TOPKID-UHT180-800x8002-1.png","type":"image\/png"}],"twitter_card":"summary_large_image","twitter_title":"S\u1eefa T\u01b0\u01a1i Ti\u1ec7t Tr\u00f9ng TH true MILK C\u00f4ng Th\u1ee9c TOPKID 180 ml - \u0110ang Khuy\u1ebfn m\u00e3i","twitter_description":"S\u1ea3n ph\u1ea9m b\u1ed5 sung c\u00e1c Vitamin v\u00e0 d\u01b0\u1ee1ng ch\u1ea5t thi\u1ebft y\u1ebfu (DHA, Axit folic, Canxi, Vitamin B1, B6, C, D) trong C\u00f4ng th\u1ee9c TOPKID gi\u00fap h\u1ed7 tr\u1ee3 ph\u00e1t tri\u1ec3n t\u1ed1i \u01b0u tr\u00ed n\u00e3o, chi\u1ec1u cao, \u0111\u1ec1 kh\u00e1ng v\u00e0 h\u1ea5p thu c\u1ee7a tr\u1ebb","twitter_misc":{"\u01af\u1edbc t\u00ednh th\u1eddi gian \u0111\u1ecdc":"2 ph\u00fat"},"schema":{"@context":"https:\/\/schema.org","@graph":[{"@type":"WebPage","@id":"https:\/\/suatuyetvoi.com\/muasam\/san-pham\/sua-tuoi-tiet-trung-th-true-milk-cong-thuc-topkid-180-ml\/","url":"https:\/\/suatuyetvoi.com\/muasam\/san-pham\/sua-tuoi-tiet-trung-th-true-milk-cong-thuc-topkid-180-ml\/","name":"S\u1eefa T\u01b0\u01a1i Ti\u1ec7t Tr\u00f9ng TH true MILK C\u00f4ng Th\u1ee9c TOPKID 180 ml - \u0110ang Khuy\u1ebfn m\u00e3i","isPartOf":{"@id":"https:\/\/suatuyetvoi.com\/muasam\/#website"},"primaryImageOfPage":{"@id":"https:\/\/suatuyetvoi.com\/muasam\/san-pham\/sua-tuoi-tiet-trung-th-true-milk-cong-thuc-topkid-180-ml\/#primaryimage"},"image":{"@id":"https:\/\/suatuyetvoi.com\/muasam\/san-pham\/sua-tuoi-tiet-trung-th-true-milk-cong-thuc-topkid-180-ml\/#primaryimage"},"thumbnailUrl":"https:\/\/suatuyetvoi.com\/muasam\/wp-content\/uploads\/2023\/03\/TOPKID-UHT180-800x8002-1.png","datePublished":"2023-03-30T13:05:59+00:00","dateModified":"2023-03-30T13:08:40+00:00","description":"S\u1ea3n ph\u1ea9m b\u1ed5 sung c\u00e1c Vitamin v\u00e0 d\u01b0\u1ee1ng ch\u1ea5t thi\u1ebft y\u1ebfu (DHA, Axit folic, Canxi, Vitamin B1, B6, C, D) trong C\u00f4ng th\u1ee9c TOPKID gi\u00fap h\u1ed7 tr\u1ee3 ph\u00e1t tri\u1ec3n t\u1ed1i \u01b0u tr\u00ed n\u00e3o, chi\u1ec1u cao, \u0111\u1ec1 kh\u00e1ng v\u00e0 h\u1ea5p thu c\u1ee7a tr\u1ebb","breadcrumb":{"@id":"https:\/\/suatuyetvoi.com\/muasam\/san-pham\/sua-tuoi-tiet-trung-th-true-milk-cong-thuc-topkid-180-ml\/#breadcrumb"},"inLanguage":"vi","potentialAction":[{"@type":"ReadAction","target":["https:\/\/suatuyetvoi.com\/muasam\/san-pham\/sua-tuoi-tiet-trung-th-true-milk-cong-thuc-topkid-180-ml\/"]}]},{"@type":"ImageObject","inLanguage":"vi","@id":"https:\/\/suatuyetvoi.com\/muasam\/san-pham\/sua-tuoi-tiet-trung-th-true-milk-cong-thuc-topkid-180-ml\/#primaryimage","url":"https:\/\/suatuyetvoi.com\/muasam\/wp-content\/uploads\/2023\/03\/TOPKID-UHT180-800x8002-1.png","contentUrl":"https:\/\/suatuyetvoi.com\/muasam\/wp-content\/uploads\/2023\/03\/TOPKID-UHT180-800x8002-1.png","width":800,"height":800},{"@type":"BreadcrumbList","@id":"https:\/\/suatuyetvoi.com\/muasam\/san-pham\/sua-tuoi-tiet-trung-th-true-milk-cong-thuc-topkid-180-ml\/#breadcrumb","itemListElement":[{"@type":"ListItem","position":1,"name":"Home","item":"https:\/\/suatuyetvoi.com\/muasam\/"},{"@type":"ListItem","position":2,"name":"Shop","item":"https:\/\/suatuyetvoi.com\/muasam\/shop\/"},{"@type":"ListItem","position":3,"name":"S\u1eefa T\u01b0\u01a1i Ti\u1ec7t Tr\u00f9ng TH true MILK C\u00f4ng Th\u1ee9c TOPKID Ho\u00e0n To\u00e0n T\u1eeb S\u1eefa T\u01b0\u01a1i Organic \u2013 V\u1ecb Kem Vanilla T\u1ef1 Nhi\u00ean 180 ml"}]},{"@type":"WebSite","@id":"https:\/\/suatuyetvoi.com\/muasam\/#website","url":"https:\/\/suatuyetvoi.com\/muasam\/","name":"S\u1eefa Tuy\u1ec7t V\u1eddi","description":"S\u1eefa Tuy\u1ec7t V\u1eddi Vi\u1ec7t Nam","potentialAction":[{"@type":"SearchAction","target":{"@type":"EntryPoint","urlTemplate":"https:\/\/suatuyetvoi.com\/muasam\/?s={search_term_string}"},"query-input":{"@type":"PropertyValueSpecification","valueRequired":true,"valueName":"search_term_string"}}],"inLanguage":"vi"}]}},"_links":{"self":[{"href":"https:\/\/suatuyetvoi.com\/muasam\/wp-json\/wp\/v2\/product\/6412","targetHints":{"allow":["GET"]}}],"collection":[{"href":"https:\/\/suatuyetvoi.com\/muasam\/wp-json\/wp\/v2\/product"}],"about":[{"href":"https:\/\/suatuyetvoi.com\/muasam\/wp-json\/wp\/v2\/types\/product"}],"replies":[{"embeddable":true,"href":"https:\/\/suatuyetvoi.com\/muasam\/wp-json\/wp\/v2\/comments?post=6412"}],"wp:featuredmedia":[{"embeddable":true,"href":"https:\/\/suatuyetvoi.com\/muasam\/wp-json\/wp\/v2\/media\/6414"}],"wp:attachment":[{"href":"https:\/\/suatuyetvoi.com\/muasam\/wp-json\/wp\/v2\/media?parent=6412"}],"wp:term":[{"taxonomy":"product_cat","embeddable":true,"href":"https:\/\/suatuyetvoi.com\/muasam\/wp-json\/wp\/v2\/product_cat?post=6412"},{"taxonomy":"product_tag","embeddable":true,"href":"https:\/\/suatuyetvoi.com\/muasam\/wp-json\/wp\/v2\/product_tag?post=6412"}],"curies":[{"name":"wp","href":"https:\/\/api.w.org\/{rel}","templated":true}]}}