{"id":6366,"date":"2023-03-30T19:22:53","date_gmt":"2023-03-30T12:22:53","guid":{"rendered":"https:\/\/suatuyetvoi.com\/muasam\/?post_type=product&#038;p=6366"},"modified":"2023-03-30T19:35:04","modified_gmt":"2023-03-30T12:35:04","slug":"sua-hat-hanh-nhan-tsukuba-huong-sen-khong-duong-loai-1000ml-1-hop","status":"publish","type":"product","link":"https:\/\/suatuyetvoi.com\/muasam\/san-pham\/sua-hat-hanh-nhan-tsukuba-huong-sen-khong-duong-loai-1000ml-1-hop\/","title":{"rendered":"S\u1eefa h\u1ea1t h\u1ea1nh nh\u00e2n Tsukuba h\u01b0\u01a1ng sen kh\u00f4ng \u0111\u01b0\u1eddng lo\u1ea1i 1000ml\/1 h\u1ed9p"},"content":{"rendered":"<div class=\"content full\">\n<div id=\"motasanpham\" class=\"clearfix\">\n<h2>M\u00d4 T\u1ea2 S\u1ea2N PH\u1ea8M<\/h2>\n<ul>\n<li><strong>Th\u00e0nh ph\u1ea7n:<\/strong>\u00a0S\u1eefa h\u1ea1t l\u00e0m t\u1eeb 100%\u00a0h\u1ea1t\u00a0h\u1ea1nh nh\u00e2n\u00a0\u0111\u01b0\u1ee3c ch\u1ebf bi\u1ebfn t\u1eeb h\u1ea1t h\u1ea1nh nh\u00e2n tuy\u1ec3n ch\u1ecdn t\u1eeb c\u00e1c trang tr\u1ea1i \u1edf California &#8211; M\u1ef9. S\u1eefa l\u00e0m t\u1eeb 100% h\u1ea1t h\u1ea1nh nh\u00e2n rang nguy\u00ean ch\u1ea5t \u0111\u1eadm \u0111\u00e0, n\u00ean gi\u1eef nguy\u00ean \u0111\u01b0\u1ee3c \u0111\u1eb7c t\u00ednh\u00a0c\u1ee7a s\u1ea3n ph\u1ea9m. S\u1ea3n ph\u1ea9m ph\u00f9 h\u1ee3p cho ng\u01b0\u1eddi b\u00e9o ph\u00ec, ti\u1ec3u \u0111\u01b0\u1eddng, \u0103n ki\u00eang.<\/li>\n<li><strong>Th\u1ec3 t\u00edch:<\/strong>\u00a01 l\u00edt<\/li>\n<li><strong>Th\u01b0\u01a1ng hi\u1ec7u:\u00a0<\/strong>TSUKUBA (Nh\u1eadt B\u1ea3n)<\/li>\n<li><strong>Nh\u00e0 s\u1ea3n xu\u1ea5t:\u00a0<\/strong>\u00a0Tsukuba Dairy Products Co., Ltd.<\/li>\n<li><strong>\u0110\u1ecba ch\u1ec9:\u00a0<\/strong>6-1, Izumi-cho, Ishioka -shi City, Ibaraki -ken, Japan.<\/li>\n<li><strong>S\u1eed d\u1ee5ng:<\/strong>\u00a0L\u00e0m th\u1ee9c u\u1ed1ng. C\u00f3 th\u1ec3 s\u1eed d\u1ee5ng tr\u1ef1c ti\u1ebfp ho\u1eb7c pha v\u1edbi c\u00e1c lo\u1ea1i th\u1ee9c u\u1ed1ng kh\u00e1c (coffee).<\/li>\n<\/ul>\n<p><strong><em>Ti\u00eau chu\u1ea9n:<\/em><\/strong><\/p>\n<table border=\"1\" cellspacing=\"0\" cellpadding=\"0\" align=\"left\">\n<tbody>\n<tr>\n<td><strong>Item<\/strong><\/td>\n<td><strong>Ti\u00eau chu\u1ea9n<\/strong><\/td>\n<td><strong>Ph\u01b0\u01a1ng th\u1ee9c<\/strong><\/td>\n<\/tr>\n<tr>\n<td>V\u1ecb<\/td>\n<td>V\u1ecb h\u1ea1nh nh\u00e2n v\u00e0 v\u1ecb ng\u1ecdt<\/td>\n<td>Sensory analysis<\/td>\n<\/tr>\n<tr>\n<td>N\u01b0\u1edbc<\/td>\n<td>&lt;= 91.9%<\/td>\n<td>Atmosphere<\/td>\n<\/tr>\n<tr>\n<td>Ch\u1ea5t b\u00e9o<\/td>\n<td>&gt;= 4.4%<\/td>\n<td>Roese-Gottlieb<\/td>\n<\/tr>\n<\/tbody>\n<\/table>\n<p>&nbsp;<\/p>\n<p>&nbsp;<\/p>\n<p>&nbsp;<\/p>\n<p>&nbsp;<\/p>\n<p>&nbsp;<\/p>\n<p>&nbsp;<\/p>\n<p><strong><em>N\u0103ng l\u01b0\u1ee3ng trong 100g:<\/em><\/strong><\/p>\n<table border=\"1\" cellspacing=\"0\" cellpadding=\"0\">\n<tbody>\n<tr>\n<td><strong>N\u0103ng l\u01b0\u1ee3ng<\/strong><\/td>\n<td>&nbsp;<\/td>\n<td><strong>62<\/strong><\/td>\n<td><strong>kcal<\/strong><\/td>\n<\/tr>\n<tr>\n<td>Ch\u1ea5t \u0111\u1ea1m<\/td>\n<td>&nbsp;<\/td>\n<td>3.0<\/td>\n<td>g<\/td>\n<\/tr>\n<tr>\n<td>Ch\u1ea5t b\u00e9o<\/td>\n<td>&nbsp;<\/td>\n<td>5.2<\/td>\n<td>g<\/td>\n<\/tr>\n<tr>\n<td>Carbohydrate<\/td>\n<td>&nbsp;<\/td>\n<td>1.3<\/td>\n<td>g<\/td>\n<\/tr>\n<tr>\n<td>Ch\u1ea5t x\u01a1<\/td>\n<td>&nbsp;<\/td>\n<td>0.8<\/td>\n<td>g<\/td>\n<\/tr>\n<tr>\n<td>Ash<\/td>\n<td>&nbsp;<\/td>\n<td>0.3<\/td>\n<td>g<\/td>\n<\/tr>\n<tr>\n<td>N\u01b0\u1edbc<\/td>\n<td>&nbsp;<\/td>\n<td>90.2<\/td>\n<td>g<\/td>\n<\/tr>\n<tr>\n<td>Natri<\/td>\n<td>&nbsp;<\/td>\n<td>17.7<\/td>\n<td>mg<\/td>\n<\/tr>\n<tr>\n<td>Canxi<\/td>\n<td>&nbsp;<\/td>\n<td>22.7<\/td>\n<td>mg<\/td>\n<\/tr>\n<tr>\n<td>Vitamin E<\/td>\n<td>&nbsp;<\/td>\n<td>2.3<\/td>\n<td>mg<\/td>\n<\/tr>\n<tr>\n<td>Oleic acid<\/td>\n<td>&nbsp;<\/td>\n<td>3.26<\/td>\n<td>g<\/td>\n<\/tr>\n<tr>\n<td>Ch\u1ea5t b\u00e9o b\u00e3o ho\u00e0<\/td>\n<td>&nbsp;<\/td>\n<td>0.36<\/td>\n<td>g<\/td>\n<\/tr>\n<tr>\n<td>Trans fat<\/td>\n<td>&nbsp;<\/td>\n<td colspan=\"2\"><em>Kh\u00f4ng c\u00f3<\/em><\/td>\n<\/tr>\n<tr>\n<td>Cholesterol<\/td>\n<td>&nbsp;<\/td>\n<td colspan=\"2\"><em>Kh\u00f4ng c\u00f3<\/em><\/td>\n<\/tr>\n<\/tbody>\n<\/table>\n<p><strong><em>Nguy\u00ean li\u1ec7u:<\/em><\/strong><\/p>\n<table border=\"1\" cellspacing=\"0\" cellpadding=\"0\" align=\"left\">\n<tbody>\n<tr>\n<td><strong>Nguy\u00ean li\u1ec7u<\/strong><\/td>\n<td><strong>T\u1ec9 l\u1ec7<\/strong><\/td>\n<td><strong>N\u01a1i s\u1ea3n xu\u1ea5t<\/strong><\/td>\n<td><strong>Ngu\u1ed3n nguy\u00ean li\u1ec7u<\/strong><\/td>\n<td><strong>Xu\u1ea5t x\u1ee9<\/strong><\/td>\n<\/tr>\n<tr>\n<td>H\u1ea1nh nh\u00e2n<\/td>\n<td>&nbsp;<\/td>\n<td>Nh\u1eadt B\u1ea3n<\/td>\n<td>Almond<\/td>\n<td>USA<\/td>\n<\/tr>\n<tr>\n<td>Trisodium citrate<\/td>\n<td>&nbsp;<\/td>\n<td>China<\/td>\n<td>Ng\u00f4, khoai lang, b\u1ed9t n\u0103ng<\/td>\n<td>Trung Qu\u1ed1c \/ \u0110\u00f4ng Nam \u00c1<\/td>\n<\/tr>\n<tr>\n<td>Gellan gum<\/td>\n<td>&nbsp;<\/td>\n<td>Nh\u1eadt B\u1ea3n<\/td>\n<td>Vi khu\u1ea9n<br \/>\n<em>Sphingomonas elodea<\/em><\/td>\n<td>USA<\/td>\n<\/tr>\n<tr>\n<td>Sodium hydroxide<\/td>\n<td>&nbsp;<\/td>\n<td>Nh\u1eadt B\u1ea3n<\/td>\n<td>Ch\u1ea5t kho\u00e1ng<\/td>\n<td>&#8211;<\/td>\n<\/tr>\n<tr>\n<td>N\u01b0\u1edbc<\/td>\n<td>&nbsp;<\/td>\n<td>&nbsp;<\/td>\n<td>&nbsp;<\/td>\n<td>&nbsp;<\/td>\n<\/tr>\n<\/tbody>\n<\/table>\n<p>&nbsp;<\/p>\n<p>&nbsp;<\/p>\n<p>&nbsp;<\/p>\n<p>&nbsp;<\/p>\n<p>&nbsp;<\/p>\n<p>&nbsp;<\/p>\n<p>&nbsp;<\/p>\n<p>&nbsp;<\/p>\n<p>&nbsp;<\/p>\n<p>&nbsp;<\/p>\n<ul>\n<li><strong>B\u1ea3o qu\u1ea3n:\u00a0<\/strong>Gi\u1eef \u1edf nhi\u1ec7t \u0111\u1ed9 18-22 \u0111\u1ed9. S\u1ea3n ph\u1ea9m sau khi m\u1edf ra d\u00f9ng c\u1ea7n b\u1ea3o qu\u1ea3n t\u1ee7 l\u1ea1nh. S\u1eefa c\u00f3 ch\u1ee9a l\u01b0\u1ee3ng h\u1ea1nh nh\u00e2n cao n\u00ean s\u1ea3y ra t\u00ecnh tr\u1ea1ng l\u1eafng h\u1ea1t, c\u1ea7n l\u1eafc \u0111\u1ec1u tr\u01b0\u1edbc khi d\u00f9ng.<\/li>\n<li><strong>Th\u1eddi h\u1ea1n:\u00a0<\/strong>12 th\u00e1ng sau ng\u00e0y s\u1ea3n xu\u1ea5t.<\/li>\n<li><strong>Ng\u00e0y s\u1ea3n xu\u1ea5t:\u00a0<\/strong>ghi tr\u00ean bao b\u00ec s\u1ea3n ph\u1ea9m<\/li>\n<li><strong>L\u01b0u \u00fd:<\/strong><\/li>\n<\/ul>\n<p>&#8211; Kh\u00f4ng l\u00e0m s\u1ea3n ph\u1ea9m r\u01a1i ho\u1eb7c b\u1ecb h\u01b0 h\u1ecfng.<br \/>\n&#8211; B\u1ecdc l\u1ea1i v\u00e0 b\u1ea3o qu\u1ea3n trong t\u1ee7 l\u1ea1nh; s\u1eed d\u1ee5ng ngay khi c\u00f3 th\u1ec3.<\/p>\n<ul>\n<li><strong>Quy tr\u00ecnh s\u1ea3n xu\u1ea5t:<\/strong><\/li>\n<\/ul>\n<p>Solute raw materials \u2192 Filtering (Mesh300) \u2192 Iron removal (Magnet: \u2265 0.7T) \u2192 Filtering (Mesh200) \u2192 Heating \u2192 Homogenize \u2192 Cooling \u2192 Iron removal (Magnet: \u2265 0.7T) \u2192 Filtering (Mesh200) \u2192 VTIS sterilization (145\u2103 30sec) \u2192 Filtering (Mesh80) \u2192 Homogenize \u2192 Cooling \u2192 Filtering (Mesh100) \u2192 Storage \u2192 Aseptic filling \u2192 Weight check \u2192 X-ray check (Sus: \u03c61.2mm, Sus wire: \u03c60.7mm\uff385.0mm) \u2192 Packing \u2192 Check \u2192 Final product<\/p>\n<\/div>\n<\/div>\n","protected":false},"excerpt":{"rendered":"<p>H\u1ec7 d\u01b0\u1ee1ng ch\u1ea5t IQ Plus ph\u00e1t tri\u1ec3n n\u00e3o b\u1ed9<br \/>\nT\u0103ng c\u01b0\u1eddng \u0111\u1ec1 kh\u00e1ng v\u00e0 ti\u00eau h\u00f3a kh\u1ecfe m\u1ea1nh<br \/>\nGi\u00fap h\u1ea5p thu Canxi t\u1ed1t<\/p>\n","protected":false},"featured_media":6371,"comment_status":"open","ping_status":"closed","template":"","meta":[],"product_cat":[514],"product_tag":[530,545,557],"class_list":["post-6366","product","type-product","status-publish","has-post-thumbnail","hentry","product_cat-sua-hat","product_tag-chong-roi-loan-tieu-hoa","product_tag-he-tim-mach-tot","product_tag-sua-dinh-duong","berocket_brand-sua-noi-dia-nhat"],"yoast_head":"<!-- This site is optimized with the Yoast SEO plugin v27.6 - https:\/\/yoast.com\/product\/yoast-seo-wordpress\/ -->\n<title>S\u1eefa h\u1ea1t h\u1ea1nh nh\u00e2n Tsukuba h\u01b0\u01a1ng sen kh\u00f4ng \u0111\u01b0\u1eddng lo\u1ea1i 1000ml\/1 h\u1ed9p - \u0110ang Khuy\u1ebfn M\u00e3i<\/title>\n<meta name=\"description\" content=\"S\u1eefa h\u1ea1t l\u00e0m t\u1eeb 100% h\u1ea1t h\u1ea1nh nh\u00e2n \u0111\u01b0\u1ee3c ch\u1ebf bi\u1ebfn t\u1eeb h\u1ea1t h\u1ea1nh nh\u00e2n tuy\u1ec3n ch\u1ecdn t\u1eeb c\u00e1c trang tr\u1ea1i \u1edf California - M\u1ef9. S\u1eefa l\u00e0m t\u1eeb 100% h\u1ea1t h\u1ea1nh nh\u00e2n rang nguy\u00ean ch\u1ea5t \u0111\u1eadm \u0111\u00e0, n\u00ean gi\u1eef nguy\u00ean \u0111\u01b0\u1ee3c \u0111\u1eb7c t\u00ednh c\u1ee7a s\u1ea3n ph\u1ea9m.\" \/>\n<meta name=\"robots\" content=\"index, follow, max-snippet:-1, max-image-preview:large, max-video-preview:-1\" \/>\n<link rel=\"canonical\" href=\"https:\/\/suatuyetvoi.com\/muasam\/san-pham\/sua-hat-hanh-nhan-tsukuba-huong-sen-khong-duong-loai-1000ml-1-hop\/\" \/>\n<meta property=\"og:locale\" content=\"vi_VN\" \/>\n<meta property=\"og:type\" content=\"article\" \/>\n<meta property=\"og:title\" content=\"S\u1eefa t\u01b0\u01a1i ti\u1ec7t tr\u00f9ng c\u00f3 \u0111\u01b0\u1eddng Vinamilk 100% S\u1eefa t\u01b0\u01a1i - Th\u00f9ng 48 b\u1ecbch x 220ml - \u0110ang Khuy\u1ebfn m\u00e3i\" \/>\n<meta property=\"og:description\" content=\"Vinamilk S\u1eefa t\u01b0\u01a1i d\u1ea1ng b\u1ecbch 220ml \u0111\u01b0\u1ee3c l\u00e0m t\u1eeb 100% s\u1eefa b\u00f2 t\u01b0\u01a1i nguy\u00ean ch\u1ea5t t\u1eeb h\u1ec7 th\u1ed1ng trang tr\u1ea1i chu\u1ea9n Qu\u1ed1c t\u1ebf l\u1edbn nh\u1ea5t Ch\u00e2u \u00c1.\" \/>\n<meta property=\"og:url\" content=\"https:\/\/suatuyetvoi.com\/muasam\/san-pham\/sua-hat-hanh-nhan-tsukuba-huong-sen-khong-duong-loai-1000ml-1-hop\/\" \/>\n<meta property=\"og:site_name\" content=\"S\u1eefa Tuy\u1ec7t V\u1eddi\" \/>\n<meta property=\"article:modified_time\" content=\"2023-03-30T12:35:04+00:00\" \/>\n<meta property=\"og:image\" content=\"https:\/\/suatuyetvoi.com\/muasam\/wp-content\/uploads\/2023\/03\/1tsukuba100-4-removebg-preview.png\" \/>\n\t<meta property=\"og:image:width\" content=\"527\" \/>\n\t<meta property=\"og:image:height\" content=\"474\" \/>\n\t<meta property=\"og:image:type\" content=\"image\/png\" \/>\n<meta name=\"twitter:card\" content=\"summary_large_image\" \/>\n<meta name=\"twitter:title\" content=\"S\u1eefa t\u01b0\u01a1i ti\u1ec7t tr\u00f9ng c\u00f3 \u0111\u01b0\u1eddng Vinamilk 100% S\u1eefa t\u01b0\u01a1i - Th\u00f9ng 48 b\u1ecbch x 220ml - \u0110ang Khuy\u1ebfn m\u00e3i\" \/>\n<meta name=\"twitter:description\" content=\"Vinamilk S\u1eefa t\u01b0\u01a1i d\u1ea1ng b\u1ecbch 220ml \u0111\u01b0\u1ee3c l\u00e0m t\u1eeb 100% s\u1eefa b\u00f2 t\u01b0\u01a1i nguy\u00ean ch\u1ea5t t\u1eeb h\u1ec7 th\u1ed1ng trang tr\u1ea1i chu\u1ea9n Qu\u1ed1c t\u1ebf l\u1edbn nh\u1ea5t Ch\u00e2u \u00c1.\" \/>\n<meta name=\"twitter:label1\" content=\"\u01af\u1edbc t\u00ednh th\u1eddi gian \u0111\u1ecdc\" \/>\n\t<meta name=\"twitter:data1\" content=\"3 ph\u00fat\" \/>\n<script type=\"application\/ld+json\" class=\"yoast-schema-graph\">{\"@context\":\"https:\\\/\\\/schema.org\",\"@graph\":[{\"@type\":\"WebPage\",\"@id\":\"https:\\\/\\\/suatuyetvoi.com\\\/muasam\\\/san-pham\\\/sua-hat-hanh-nhan-tsukuba-huong-sen-khong-duong-loai-1000ml-1-hop\\\/\",\"url\":\"https:\\\/\\\/suatuyetvoi.com\\\/muasam\\\/san-pham\\\/sua-hat-hanh-nhan-tsukuba-huong-sen-khong-duong-loai-1000ml-1-hop\\\/\",\"name\":\"S\u1eefa h\u1ea1t h\u1ea1nh nh\u00e2n Tsukuba h\u01b0\u01a1ng sen kh\u00f4ng \u0111\u01b0\u1eddng lo\u1ea1i 1000ml\\\/1 h\u1ed9p - \u0110ang Khuy\u1ebfn M\u00e3i\",\"isPartOf\":{\"@id\":\"https:\\\/\\\/suatuyetvoi.com\\\/muasam\\\/#website\"},\"primaryImageOfPage\":{\"@id\":\"https:\\\/\\\/suatuyetvoi.com\\\/muasam\\\/san-pham\\\/sua-hat-hanh-nhan-tsukuba-huong-sen-khong-duong-loai-1000ml-1-hop\\\/#primaryimage\"},\"image\":{\"@id\":\"https:\\\/\\\/suatuyetvoi.com\\\/muasam\\\/san-pham\\\/sua-hat-hanh-nhan-tsukuba-huong-sen-khong-duong-loai-1000ml-1-hop\\\/#primaryimage\"},\"thumbnailUrl\":\"https:\\\/\\\/suatuyetvoi.com\\\/muasam\\\/wp-content\\\/uploads\\\/2023\\\/03\\\/1tsukuba100-4-removebg-preview.png\",\"datePublished\":\"2023-03-30T12:22:53+00:00\",\"dateModified\":\"2023-03-30T12:35:04+00:00\",\"description\":\"S\u1eefa h\u1ea1t l\u00e0m t\u1eeb 100% h\u1ea1t h\u1ea1nh nh\u00e2n \u0111\u01b0\u1ee3c ch\u1ebf bi\u1ebfn t\u1eeb h\u1ea1t h\u1ea1nh nh\u00e2n tuy\u1ec3n ch\u1ecdn t\u1eeb c\u00e1c trang tr\u1ea1i \u1edf California - M\u1ef9. S\u1eefa l\u00e0m t\u1eeb 100% h\u1ea1t h\u1ea1nh nh\u00e2n rang nguy\u00ean ch\u1ea5t \u0111\u1eadm \u0111\u00e0, n\u00ean gi\u1eef nguy\u00ean \u0111\u01b0\u1ee3c \u0111\u1eb7c t\u00ednh c\u1ee7a s\u1ea3n ph\u1ea9m.\",\"breadcrumb\":{\"@id\":\"https:\\\/\\\/suatuyetvoi.com\\\/muasam\\\/san-pham\\\/sua-hat-hanh-nhan-tsukuba-huong-sen-khong-duong-loai-1000ml-1-hop\\\/#breadcrumb\"},\"inLanguage\":\"vi\",\"potentialAction\":[{\"@type\":\"ReadAction\",\"target\":[\"https:\\\/\\\/suatuyetvoi.com\\\/muasam\\\/san-pham\\\/sua-hat-hanh-nhan-tsukuba-huong-sen-khong-duong-loai-1000ml-1-hop\\\/\"]}]},{\"@type\":\"ImageObject\",\"inLanguage\":\"vi\",\"@id\":\"https:\\\/\\\/suatuyetvoi.com\\\/muasam\\\/san-pham\\\/sua-hat-hanh-nhan-tsukuba-huong-sen-khong-duong-loai-1000ml-1-hop\\\/#primaryimage\",\"url\":\"https:\\\/\\\/suatuyetvoi.com\\\/muasam\\\/wp-content\\\/uploads\\\/2023\\\/03\\\/1tsukuba100-4-removebg-preview.png\",\"contentUrl\":\"https:\\\/\\\/suatuyetvoi.com\\\/muasam\\\/wp-content\\\/uploads\\\/2023\\\/03\\\/1tsukuba100-4-removebg-preview.png\",\"width\":527,\"height\":474},{\"@type\":\"BreadcrumbList\",\"@id\":\"https:\\\/\\\/suatuyetvoi.com\\\/muasam\\\/san-pham\\\/sua-hat-hanh-nhan-tsukuba-huong-sen-khong-duong-loai-1000ml-1-hop\\\/#breadcrumb\",\"itemListElement\":[{\"@type\":\"ListItem\",\"position\":1,\"name\":\"Home\",\"item\":\"https:\\\/\\\/suatuyetvoi.com\\\/muasam\\\/\"},{\"@type\":\"ListItem\",\"position\":2,\"name\":\"Shop\",\"item\":\"https:\\\/\\\/suatuyetvoi.com\\\/muasam\\\/shop\\\/\"},{\"@type\":\"ListItem\",\"position\":3,\"name\":\"S\u1eefa h\u1ea1t h\u1ea1nh nh\u00e2n Tsukuba h\u01b0\u01a1ng sen kh\u00f4ng \u0111\u01b0\u1eddng lo\u1ea1i 1000ml\\\/1 h\u1ed9p\"}]},{\"@type\":\"WebSite\",\"@id\":\"https:\\\/\\\/suatuyetvoi.com\\\/muasam\\\/#website\",\"url\":\"https:\\\/\\\/suatuyetvoi.com\\\/muasam\\\/\",\"name\":\"S\u1eefa Tuy\u1ec7t V\u1eddi\",\"description\":\"S\u1eefa Tuy\u1ec7t V\u1eddi Vi\u1ec7t Nam\",\"potentialAction\":[{\"@type\":\"SearchAction\",\"target\":{\"@type\":\"EntryPoint\",\"urlTemplate\":\"https:\\\/\\\/suatuyetvoi.com\\\/muasam\\\/?s={search_term_string}\"},\"query-input\":{\"@type\":\"PropertyValueSpecification\",\"valueRequired\":true,\"valueName\":\"search_term_string\"}}],\"inLanguage\":\"vi\"}]}<\/script>\n<!-- \/ Yoast SEO plugin. -->","yoast_head_json":{"title":"S\u1eefa h\u1ea1t h\u1ea1nh nh\u00e2n Tsukuba h\u01b0\u01a1ng sen kh\u00f4ng \u0111\u01b0\u1eddng lo\u1ea1i 1000ml\/1 h\u1ed9p - \u0110ang Khuy\u1ebfn M\u00e3i","description":"S\u1eefa h\u1ea1t l\u00e0m t\u1eeb 100% h\u1ea1t h\u1ea1nh nh\u00e2n \u0111\u01b0\u1ee3c ch\u1ebf bi\u1ebfn t\u1eeb h\u1ea1t h\u1ea1nh nh\u00e2n tuy\u1ec3n ch\u1ecdn t\u1eeb c\u00e1c trang tr\u1ea1i \u1edf California - M\u1ef9. S\u1eefa l\u00e0m t\u1eeb 100% h\u1ea1t h\u1ea1nh nh\u00e2n rang nguy\u00ean ch\u1ea5t \u0111\u1eadm \u0111\u00e0, n\u00ean gi\u1eef nguy\u00ean \u0111\u01b0\u1ee3c \u0111\u1eb7c t\u00ednh c\u1ee7a s\u1ea3n ph\u1ea9m.","robots":{"index":"index","follow":"follow","max-snippet":"max-snippet:-1","max-image-preview":"max-image-preview:large","max-video-preview":"max-video-preview:-1"},"canonical":"https:\/\/suatuyetvoi.com\/muasam\/san-pham\/sua-hat-hanh-nhan-tsukuba-huong-sen-khong-duong-loai-1000ml-1-hop\/","og_locale":"vi_VN","og_type":"article","og_title":"S\u1eefa t\u01b0\u01a1i ti\u1ec7t tr\u00f9ng c\u00f3 \u0111\u01b0\u1eddng Vinamilk 100% S\u1eefa t\u01b0\u01a1i - Th\u00f9ng 48 b\u1ecbch x 220ml - \u0110ang Khuy\u1ebfn m\u00e3i","og_description":"Vinamilk S\u1eefa t\u01b0\u01a1i d\u1ea1ng b\u1ecbch 220ml \u0111\u01b0\u1ee3c l\u00e0m t\u1eeb 100% s\u1eefa b\u00f2 t\u01b0\u01a1i nguy\u00ean ch\u1ea5t t\u1eeb h\u1ec7 th\u1ed1ng trang tr\u1ea1i chu\u1ea9n Qu\u1ed1c t\u1ebf l\u1edbn nh\u1ea5t Ch\u00e2u \u00c1.","og_url":"https:\/\/suatuyetvoi.com\/muasam\/san-pham\/sua-hat-hanh-nhan-tsukuba-huong-sen-khong-duong-loai-1000ml-1-hop\/","og_site_name":"S\u1eefa Tuy\u1ec7t V\u1eddi","article_modified_time":"2023-03-30T12:35:04+00:00","og_image":[{"width":527,"height":474,"url":"https:\/\/suatuyetvoi.com\/muasam\/wp-content\/uploads\/2023\/03\/1tsukuba100-4-removebg-preview.png","type":"image\/png"}],"twitter_card":"summary_large_image","twitter_title":"S\u1eefa t\u01b0\u01a1i ti\u1ec7t tr\u00f9ng c\u00f3 \u0111\u01b0\u1eddng Vinamilk 100% S\u1eefa t\u01b0\u01a1i - Th\u00f9ng 48 b\u1ecbch x 220ml - \u0110ang Khuy\u1ebfn m\u00e3i","twitter_description":"Vinamilk S\u1eefa t\u01b0\u01a1i d\u1ea1ng b\u1ecbch 220ml \u0111\u01b0\u1ee3c l\u00e0m t\u1eeb 100% s\u1eefa b\u00f2 t\u01b0\u01a1i nguy\u00ean ch\u1ea5t t\u1eeb h\u1ec7 th\u1ed1ng trang tr\u1ea1i chu\u1ea9n Qu\u1ed1c t\u1ebf l\u1edbn nh\u1ea5t Ch\u00e2u \u00c1.","twitter_misc":{"\u01af\u1edbc t\u00ednh th\u1eddi gian \u0111\u1ecdc":"3 ph\u00fat"},"schema":{"@context":"https:\/\/schema.org","@graph":[{"@type":"WebPage","@id":"https:\/\/suatuyetvoi.com\/muasam\/san-pham\/sua-hat-hanh-nhan-tsukuba-huong-sen-khong-duong-loai-1000ml-1-hop\/","url":"https:\/\/suatuyetvoi.com\/muasam\/san-pham\/sua-hat-hanh-nhan-tsukuba-huong-sen-khong-duong-loai-1000ml-1-hop\/","name":"S\u1eefa h\u1ea1t h\u1ea1nh nh\u00e2n Tsukuba h\u01b0\u01a1ng sen kh\u00f4ng \u0111\u01b0\u1eddng lo\u1ea1i 1000ml\/1 h\u1ed9p - \u0110ang Khuy\u1ebfn M\u00e3i","isPartOf":{"@id":"https:\/\/suatuyetvoi.com\/muasam\/#website"},"primaryImageOfPage":{"@id":"https:\/\/suatuyetvoi.com\/muasam\/san-pham\/sua-hat-hanh-nhan-tsukuba-huong-sen-khong-duong-loai-1000ml-1-hop\/#primaryimage"},"image":{"@id":"https:\/\/suatuyetvoi.com\/muasam\/san-pham\/sua-hat-hanh-nhan-tsukuba-huong-sen-khong-duong-loai-1000ml-1-hop\/#primaryimage"},"thumbnailUrl":"https:\/\/suatuyetvoi.com\/muasam\/wp-content\/uploads\/2023\/03\/1tsukuba100-4-removebg-preview.png","datePublished":"2023-03-30T12:22:53+00:00","dateModified":"2023-03-30T12:35:04+00:00","description":"S\u1eefa h\u1ea1t l\u00e0m t\u1eeb 100% h\u1ea1t h\u1ea1nh nh\u00e2n \u0111\u01b0\u1ee3c ch\u1ebf bi\u1ebfn t\u1eeb h\u1ea1t h\u1ea1nh nh\u00e2n tuy\u1ec3n ch\u1ecdn t\u1eeb c\u00e1c trang tr\u1ea1i \u1edf California - M\u1ef9. S\u1eefa l\u00e0m t\u1eeb 100% h\u1ea1t h\u1ea1nh nh\u00e2n rang nguy\u00ean ch\u1ea5t \u0111\u1eadm \u0111\u00e0, n\u00ean gi\u1eef nguy\u00ean \u0111\u01b0\u1ee3c \u0111\u1eb7c t\u00ednh c\u1ee7a s\u1ea3n ph\u1ea9m.","breadcrumb":{"@id":"https:\/\/suatuyetvoi.com\/muasam\/san-pham\/sua-hat-hanh-nhan-tsukuba-huong-sen-khong-duong-loai-1000ml-1-hop\/#breadcrumb"},"inLanguage":"vi","potentialAction":[{"@type":"ReadAction","target":["https:\/\/suatuyetvoi.com\/muasam\/san-pham\/sua-hat-hanh-nhan-tsukuba-huong-sen-khong-duong-loai-1000ml-1-hop\/"]}]},{"@type":"ImageObject","inLanguage":"vi","@id":"https:\/\/suatuyetvoi.com\/muasam\/san-pham\/sua-hat-hanh-nhan-tsukuba-huong-sen-khong-duong-loai-1000ml-1-hop\/#primaryimage","url":"https:\/\/suatuyetvoi.com\/muasam\/wp-content\/uploads\/2023\/03\/1tsukuba100-4-removebg-preview.png","contentUrl":"https:\/\/suatuyetvoi.com\/muasam\/wp-content\/uploads\/2023\/03\/1tsukuba100-4-removebg-preview.png","width":527,"height":474},{"@type":"BreadcrumbList","@id":"https:\/\/suatuyetvoi.com\/muasam\/san-pham\/sua-hat-hanh-nhan-tsukuba-huong-sen-khong-duong-loai-1000ml-1-hop\/#breadcrumb","itemListElement":[{"@type":"ListItem","position":1,"name":"Home","item":"https:\/\/suatuyetvoi.com\/muasam\/"},{"@type":"ListItem","position":2,"name":"Shop","item":"https:\/\/suatuyetvoi.com\/muasam\/shop\/"},{"@type":"ListItem","position":3,"name":"S\u1eefa h\u1ea1t h\u1ea1nh nh\u00e2n Tsukuba h\u01b0\u01a1ng sen kh\u00f4ng \u0111\u01b0\u1eddng lo\u1ea1i 1000ml\/1 h\u1ed9p"}]},{"@type":"WebSite","@id":"https:\/\/suatuyetvoi.com\/muasam\/#website","url":"https:\/\/suatuyetvoi.com\/muasam\/","name":"S\u1eefa Tuy\u1ec7t V\u1eddi","description":"S\u1eefa Tuy\u1ec7t V\u1eddi Vi\u1ec7t Nam","potentialAction":[{"@type":"SearchAction","target":{"@type":"EntryPoint","urlTemplate":"https:\/\/suatuyetvoi.com\/muasam\/?s={search_term_string}"},"query-input":{"@type":"PropertyValueSpecification","valueRequired":true,"valueName":"search_term_string"}}],"inLanguage":"vi"}]}},"_links":{"self":[{"href":"https:\/\/suatuyetvoi.com\/muasam\/wp-json\/wp\/v2\/product\/6366","targetHints":{"allow":["GET"]}}],"collection":[{"href":"https:\/\/suatuyetvoi.com\/muasam\/wp-json\/wp\/v2\/product"}],"about":[{"href":"https:\/\/suatuyetvoi.com\/muasam\/wp-json\/wp\/v2\/types\/product"}],"replies":[{"embeddable":true,"href":"https:\/\/suatuyetvoi.com\/muasam\/wp-json\/wp\/v2\/comments?post=6366"}],"wp:featuredmedia":[{"embeddable":true,"href":"https:\/\/suatuyetvoi.com\/muasam\/wp-json\/wp\/v2\/media\/6371"}],"wp:attachment":[{"href":"https:\/\/suatuyetvoi.com\/muasam\/wp-json\/wp\/v2\/media?parent=6366"}],"wp:term":[{"taxonomy":"product_cat","embeddable":true,"href":"https:\/\/suatuyetvoi.com\/muasam\/wp-json\/wp\/v2\/product_cat?post=6366"},{"taxonomy":"product_tag","embeddable":true,"href":"https:\/\/suatuyetvoi.com\/muasam\/wp-json\/wp\/v2\/product_tag?post=6366"}],"curies":[{"name":"wp","href":"https:\/\/api.w.org\/{rel}","templated":true}]}}