{"id":6274,"date":"2023-03-30T17:32:46","date_gmt":"2023-03-30T10:32:46","guid":{"rendered":"https:\/\/suatuyetvoi.com\/muasam\/?post_type=product&#038;p=6274"},"modified":"2023-03-30T17:32:47","modified_gmt":"2023-03-30T10:32:47","slug":"sua-chua-an-vinamilk-vi-nha-dam-thung-48-hop-100g","status":"publish","type":"product","link":"https:\/\/suatuyetvoi.com\/muasam\/san-pham\/sua-chua-an-vinamilk-vi-nha-dam-thung-48-hop-100g\/","title":{"rendered":"S\u1eefa chua \u0103n Vinamilk v\u1ecb nha \u0111am &#8211; Th\u00f9ng 48 h\u1ed9p 100g"},"content":{"rendered":"<p><strong>S\u1eefa chua \u0103n nha \u0111am Vinamilk<\/strong>\u00a0v\u1edbi c\u00e1c h\u1ea1t th\u1ea1ch nha \u0111am gi\u00f2n dai, th\u01a1m ngon, c\u00f3 t\u00e1c d\u1ee5ng l\u00e0m thanh m\u00e1t c\u01a1 th\u1ec3, \u0111em \u0111\u1ebfn m\u1ed9t l\u00e0n da t\u01b0\u01a1i tr\u1ebb, c\u0103ng tr\u00e0n s\u1ee9c s\u1ed1ng cho ph\u00e1i \u0111\u1eb9p. Ngo\u00e0i ra, trong\u00a0<strong>s\u1eefa chua<\/strong>\u00a0c\u00f2n b\u1ed5 sung th\u00eam vitamin\u00a0A, C, E, D3\u00a0v\u00e0 canxi, gi\u00fap b\u1ea1n g\u00e1i duy tr\u00ec h\u1ec7 x\u01b0\u01a1ng ch\u1eafc kho\u1ebb v\u00e0 c\u01a1 th\u1ec3 d\u1ebbo dai. Trong 100g s\u1eefa chua\u00a0Vinamilk nha \u0111am c\u00f3 ch\u1ee9a 99.1 kcal, 3.1g ch\u1ea5t \u0111\u1ea1m, 2.7g ch\u1ea5t b\u00e9o, 15.6g hydrat cacbon, 100mg canxi v\u00e0 vitamin D3 60 IU.<\/p>\n<p><img loading=\"lazy\" decoding=\"async\" class=\"alignnone size-full wp-image-6275\" src=\"https:\/\/suatuyetvoi.com\/muasam\/wp-content\/uploads\/2023\/03\/untitled-5c-20i_40375466-1-2-1.jpg\" alt=\"\" width=\"800\" height=\"526\" srcset=\"https:\/\/suatuyetvoi.com\/muasam\/wp-content\/uploads\/2023\/03\/untitled-5c-20i_40375466-1-2-1.jpg 800w, https:\/\/suatuyetvoi.com\/muasam\/wp-content\/uploads\/2023\/03\/untitled-5c-20i_40375466-1-2-1-608x400.jpg 608w, https:\/\/suatuyetvoi.com\/muasam\/wp-content\/uploads\/2023\/03\/untitled-5c-20i_40375466-1-2-1-768x505.jpg 768w, https:\/\/suatuyetvoi.com\/muasam\/wp-content\/uploads\/2023\/03\/untitled-5c-20i_40375466-1-2-1-600x395.jpg 600w\" sizes=\"auto, (max-width: 800px) 100vw, 800px\" \/><\/p>\n<h3><strong>T\u00e1c d\u1ee5ng c\u1ee7a s\u1ea3n ph\u1ea9m v\u1edbi s\u1ee9c kh\u1ecfe<\/strong><\/h3>\n<p>S\u1ea3n ph\u1ea9m \u0111\u01b0\u1ee3c l\u00ean men t\u1ef1 nhi\u00ean nh\u1edd c\u00f4ng ngh\u1ec7 men \u0111\u1ea1t ti\u00eau chu\u1ea9n Ch\u00e2u \u00c2u, ho\u00e0n to\u00e0n an to\u00e0n cho s\u1ee9c kho\u1ebb m\u00e0 kh\u00f4ng s\u1eed d\u1ee5ng ch\u1ea5t b\u1ea3o qu\u1ea3n. S\u1eefa chua nha \u0111am ch\u1ee9a nhi\u1ec1u vitamin A, C, E, D3, canxi,\u00a0<strong>axit folic<\/strong>, ch\u1ea5t ch\u1ed1ng oxy ho\u00e1 v\u00e0 c\u00e1c l\u1ee3i khu\u1ea9n\u00a0<strong>probiotic<\/strong>\u00a0c\u00f3 t\u00e1c d\u1ee5ng t\u00edch c\u1ef1c \u0111\u1ed1i v\u1edbi s\u1ee9c kho\u1ebb nh\u01b0:<\/p>\n<ul>\n<li>H\u1ed7 tr\u1ee3 h\u1ec7 ti\u00eau ho\u00e1<\/li>\n<li>Cho h\u1ec7 x\u01b0\u01a1ng ch\u1eafc kho\u1ebb<\/li>\n<li>Gi\u00fap l\u00e0n da c\u0103ng m\u1ecbn, t\u01b0\u01a1i t\u1eafn<\/li>\n<li>Cung c\u1ea5p n\u0103ng l\u01b0\u1ee3ng, xo\u00e1 tan m\u1ec7t m\u1ecfi<\/li>\n<li>T\u0103ng c\u01b0\u1eddng h\u1ec7 mi\u1ec5n d\u1ecbch<\/li>\n<\/ul>\n<p><img loading=\"lazy\" decoding=\"async\" class=\"alignnone size-full wp-image-6276\" src=\"https:\/\/suatuyetvoi.com\/muasam\/wp-content\/uploads\/2023\/03\/untitled-5c-20i_40375466-1-1-1.jpg\" alt=\"\" width=\"800\" height=\"726\" srcset=\"https:\/\/suatuyetvoi.com\/muasam\/wp-content\/uploads\/2023\/03\/untitled-5c-20i_40375466-1-1-1.jpg 800w, https:\/\/suatuyetvoi.com\/muasam\/wp-content\/uploads\/2023\/03\/untitled-5c-20i_40375466-1-1-1-441x400.jpg 441w, https:\/\/suatuyetvoi.com\/muasam\/wp-content\/uploads\/2023\/03\/untitled-5c-20i_40375466-1-1-1-768x697.jpg 768w, https:\/\/suatuyetvoi.com\/muasam\/wp-content\/uploads\/2023\/03\/untitled-5c-20i_40375466-1-1-1-600x545.jpg 600w\" sizes=\"auto, (max-width: 800px) 100vw, 800px\" \/><\/p>\n","protected":false},"excerpt":{"rendered":"<ul>\n<li>Quy c\u00e1ch th\u00f9ng: 12 v\u1ec9\/th\u00f9ng<\/li>\n<li>B\u1ed5 sung d\u01b0\u1ee1ng ch\u1ea5t cho l\u00e0n da t\u01b0\u01a1i tr\u1ebb<\/li>\n<li>V\u1ecb nha \u0111am\u00a0th\u01a1m ngon v\u00e0\u00a0thanh m\u00e1t c\u01a1 th\u1ec3<\/li>\n<li>Mang \u0111\u1ebfn cho ph\u00e1i \u0111\u1eb9p m\u1ed9t h\u1ec7 x\u01b0\u01a1ng ch\u1eafc kh\u1ecfe v\u00e0 m\u1ed9t c\u01a1 th\u1ec3 d\u1ebbo dai \u0111\u1ea7y s\u1ee9c s\u1ed1ng<\/li>\n<\/ul>\n","protected":false},"featured_media":6277,"comment_status":"open","ping_status":"closed","template":"","meta":[],"product_cat":[584],"product_tag":[587],"class_list":["post-6274","product","type-product","status-publish","has-post-thumbnail","hentry","product_cat-sua-chua-an","product_tag-vinamilk","berocket_brand-vinamilk"],"yoast_head":"<!-- This site is optimized with the Yoast SEO plugin v27.6 - https:\/\/yoast.com\/product\/yoast-seo-wordpress\/ -->\n<title>S\u1eefa chua \u0103n Vinamilk v\u1ecb nha \u0111am - Th\u00f9ng 48 h\u1ed9p 100g<\/title>\n<meta name=\"description\" content=\"S\u1eefa chua \u0103n nha \u0111am Vinamilk\u00a0v\u1edbi c\u00e1c h\u1ea1t th\u1ea1ch nha \u0111am gi\u00f2n dai, th\u01a1m ngon, c\u00f3 t\u00e1c d\u1ee5ng l\u00e0m thanh m\u00e1t c\u01a1 th\u1ec3, \u0111em \u0111\u1ebfn m\u1ed9t l\u00e0n da t\u01b0\u01a1i tr\u1ebb, c\u0103ng tr\u00e0n\" \/>\n<meta name=\"robots\" content=\"index, follow, max-snippet:-1, max-image-preview:large, max-video-preview:-1\" \/>\n<link rel=\"canonical\" href=\"https:\/\/suatuyetvoi.com\/muasam\/san-pham\/sua-chua-an-vinamilk-vi-nha-dam-thung-48-hop-100g\/\" \/>\n<meta property=\"og:locale\" content=\"vi_VN\" \/>\n<meta property=\"og:type\" content=\"article\" \/>\n<meta property=\"og:title\" content=\"S\u1eefa chua \u0103n Vinamilk v\u1ecb nha \u0111am - Th\u00f9ng 48 h\u1ed9p 100g\" \/>\n<meta property=\"og:description\" content=\"S\u1eefa chua \u0103n nha \u0111am Vinamilk\u00a0v\u1edbi c\u00e1c h\u1ea1t th\u1ea1ch nha \u0111am gi\u00f2n dai, th\u01a1m ngon, c\u00f3 t\u00e1c d\u1ee5ng l\u00e0m thanh m\u00e1t c\u01a1 th\u1ec3, \u0111em \u0111\u1ebfn m\u1ed9t l\u00e0n da t\u01b0\u01a1i tr\u1ebb, c\u0103ng tr\u00e0n\" \/>\n<meta property=\"og:url\" content=\"https:\/\/suatuyetvoi.com\/muasam\/san-pham\/sua-chua-an-vinamilk-vi-nha-dam-thung-48-hop-100g\/\" \/>\n<meta property=\"og:site_name\" content=\"S\u1eefa Tuy\u1ec7t V\u1eddi\" \/>\n<meta property=\"article:modified_time\" content=\"2023-03-30T10:32:47+00:00\" \/>\n<meta property=\"og:image\" content=\"https:\/\/suatuyetvoi.com\/muasam\/wp-content\/uploads\/2023\/03\/moi-sca-nhadam-thung_ea117ce6dd854aa7a3a41430cf859fe2_master-Edited.png\" \/>\n\t<meta property=\"og:image:width\" content=\"600\" \/>\n\t<meta property=\"og:image:height\" content=\"600\" \/>\n\t<meta property=\"og:image:type\" content=\"image\/png\" \/>\n<meta name=\"twitter:card\" content=\"summary_large_image\" \/>\n<meta name=\"twitter:label1\" content=\"\u01af\u1edbc t\u00ednh th\u1eddi gian \u0111\u1ecdc\" \/>\n\t<meta name=\"twitter:data1\" content=\"2 ph\u00fat\" \/>\n<script type=\"application\/ld+json\" class=\"yoast-schema-graph\">{\"@context\":\"https:\\\/\\\/schema.org\",\"@graph\":[{\"@type\":\"WebPage\",\"@id\":\"https:\\\/\\\/suatuyetvoi.com\\\/muasam\\\/san-pham\\\/sua-chua-an-vinamilk-vi-nha-dam-thung-48-hop-100g\\\/\",\"url\":\"https:\\\/\\\/suatuyetvoi.com\\\/muasam\\\/san-pham\\\/sua-chua-an-vinamilk-vi-nha-dam-thung-48-hop-100g\\\/\",\"name\":\"S\u1eefa chua \u0103n Vinamilk v\u1ecb nha \u0111am - Th\u00f9ng 48 h\u1ed9p 100g\",\"isPartOf\":{\"@id\":\"https:\\\/\\\/suatuyetvoi.com\\\/muasam\\\/#website\"},\"primaryImageOfPage\":{\"@id\":\"https:\\\/\\\/suatuyetvoi.com\\\/muasam\\\/san-pham\\\/sua-chua-an-vinamilk-vi-nha-dam-thung-48-hop-100g\\\/#primaryimage\"},\"image\":{\"@id\":\"https:\\\/\\\/suatuyetvoi.com\\\/muasam\\\/san-pham\\\/sua-chua-an-vinamilk-vi-nha-dam-thung-48-hop-100g\\\/#primaryimage\"},\"thumbnailUrl\":\"https:\\\/\\\/suatuyetvoi.com\\\/muasam\\\/wp-content\\\/uploads\\\/2023\\\/03\\\/moi-sca-nhadam-thung_ea117ce6dd854aa7a3a41430cf859fe2_master-Edited.png\",\"datePublished\":\"2023-03-30T10:32:46+00:00\",\"dateModified\":\"2023-03-30T10:32:47+00:00\",\"description\":\"S\u1eefa chua \u0103n nha \u0111am Vinamilk\u00a0v\u1edbi c\u00e1c h\u1ea1t th\u1ea1ch nha \u0111am gi\u00f2n dai, th\u01a1m ngon, c\u00f3 t\u00e1c d\u1ee5ng l\u00e0m thanh m\u00e1t c\u01a1 th\u1ec3, \u0111em \u0111\u1ebfn m\u1ed9t l\u00e0n da t\u01b0\u01a1i tr\u1ebb, c\u0103ng tr\u00e0n\",\"breadcrumb\":{\"@id\":\"https:\\\/\\\/suatuyetvoi.com\\\/muasam\\\/san-pham\\\/sua-chua-an-vinamilk-vi-nha-dam-thung-48-hop-100g\\\/#breadcrumb\"},\"inLanguage\":\"vi\",\"potentialAction\":[{\"@type\":\"ReadAction\",\"target\":[\"https:\\\/\\\/suatuyetvoi.com\\\/muasam\\\/san-pham\\\/sua-chua-an-vinamilk-vi-nha-dam-thung-48-hop-100g\\\/\"]}]},{\"@type\":\"ImageObject\",\"inLanguage\":\"vi\",\"@id\":\"https:\\\/\\\/suatuyetvoi.com\\\/muasam\\\/san-pham\\\/sua-chua-an-vinamilk-vi-nha-dam-thung-48-hop-100g\\\/#primaryimage\",\"url\":\"https:\\\/\\\/suatuyetvoi.com\\\/muasam\\\/wp-content\\\/uploads\\\/2023\\\/03\\\/moi-sca-nhadam-thung_ea117ce6dd854aa7a3a41430cf859fe2_master-Edited.png\",\"contentUrl\":\"https:\\\/\\\/suatuyetvoi.com\\\/muasam\\\/wp-content\\\/uploads\\\/2023\\\/03\\\/moi-sca-nhadam-thung_ea117ce6dd854aa7a3a41430cf859fe2_master-Edited.png\",\"width\":600,\"height\":600},{\"@type\":\"BreadcrumbList\",\"@id\":\"https:\\\/\\\/suatuyetvoi.com\\\/muasam\\\/san-pham\\\/sua-chua-an-vinamilk-vi-nha-dam-thung-48-hop-100g\\\/#breadcrumb\",\"itemListElement\":[{\"@type\":\"ListItem\",\"position\":1,\"name\":\"Home\",\"item\":\"https:\\\/\\\/suatuyetvoi.com\\\/muasam\\\/\"},{\"@type\":\"ListItem\",\"position\":2,\"name\":\"Shop\",\"item\":\"https:\\\/\\\/suatuyetvoi.com\\\/muasam\\\/shop\\\/\"},{\"@type\":\"ListItem\",\"position\":3,\"name\":\"S\u1eefa chua \u0103n Vinamilk v\u1ecb nha \u0111am &#8211; Th\u00f9ng 48 h\u1ed9p 100g\"}]},{\"@type\":\"WebSite\",\"@id\":\"https:\\\/\\\/suatuyetvoi.com\\\/muasam\\\/#website\",\"url\":\"https:\\\/\\\/suatuyetvoi.com\\\/muasam\\\/\",\"name\":\"S\u1eefa Tuy\u1ec7t V\u1eddi\",\"description\":\"S\u1eefa Tuy\u1ec7t V\u1eddi Vi\u1ec7t Nam\",\"potentialAction\":[{\"@type\":\"SearchAction\",\"target\":{\"@type\":\"EntryPoint\",\"urlTemplate\":\"https:\\\/\\\/suatuyetvoi.com\\\/muasam\\\/?s={search_term_string}\"},\"query-input\":{\"@type\":\"PropertyValueSpecification\",\"valueRequired\":true,\"valueName\":\"search_term_string\"}}],\"inLanguage\":\"vi\"}]}<\/script>\n<!-- \/ Yoast SEO plugin. -->","yoast_head_json":{"title":"S\u1eefa chua \u0103n Vinamilk v\u1ecb nha \u0111am - Th\u00f9ng 48 h\u1ed9p 100g","description":"S\u1eefa chua \u0103n nha \u0111am Vinamilk\u00a0v\u1edbi c\u00e1c h\u1ea1t th\u1ea1ch nha \u0111am gi\u00f2n dai, th\u01a1m ngon, c\u00f3 t\u00e1c d\u1ee5ng l\u00e0m thanh m\u00e1t c\u01a1 th\u1ec3, \u0111em \u0111\u1ebfn m\u1ed9t l\u00e0n da t\u01b0\u01a1i tr\u1ebb, c\u0103ng tr\u00e0n","robots":{"index":"index","follow":"follow","max-snippet":"max-snippet:-1","max-image-preview":"max-image-preview:large","max-video-preview":"max-video-preview:-1"},"canonical":"https:\/\/suatuyetvoi.com\/muasam\/san-pham\/sua-chua-an-vinamilk-vi-nha-dam-thung-48-hop-100g\/","og_locale":"vi_VN","og_type":"article","og_title":"S\u1eefa chua \u0103n Vinamilk v\u1ecb nha \u0111am - Th\u00f9ng 48 h\u1ed9p 100g","og_description":"S\u1eefa chua \u0103n nha \u0111am Vinamilk\u00a0v\u1edbi c\u00e1c h\u1ea1t th\u1ea1ch nha \u0111am gi\u00f2n dai, th\u01a1m ngon, c\u00f3 t\u00e1c d\u1ee5ng l\u00e0m thanh m\u00e1t c\u01a1 th\u1ec3, \u0111em \u0111\u1ebfn m\u1ed9t l\u00e0n da t\u01b0\u01a1i tr\u1ebb, c\u0103ng tr\u00e0n","og_url":"https:\/\/suatuyetvoi.com\/muasam\/san-pham\/sua-chua-an-vinamilk-vi-nha-dam-thung-48-hop-100g\/","og_site_name":"S\u1eefa Tuy\u1ec7t V\u1eddi","article_modified_time":"2023-03-30T10:32:47+00:00","og_image":[{"width":600,"height":600,"url":"https:\/\/suatuyetvoi.com\/muasam\/wp-content\/uploads\/2023\/03\/moi-sca-nhadam-thung_ea117ce6dd854aa7a3a41430cf859fe2_master-Edited.png","type":"image\/png"}],"twitter_card":"summary_large_image","twitter_misc":{"\u01af\u1edbc t\u00ednh th\u1eddi gian \u0111\u1ecdc":"2 ph\u00fat"},"schema":{"@context":"https:\/\/schema.org","@graph":[{"@type":"WebPage","@id":"https:\/\/suatuyetvoi.com\/muasam\/san-pham\/sua-chua-an-vinamilk-vi-nha-dam-thung-48-hop-100g\/","url":"https:\/\/suatuyetvoi.com\/muasam\/san-pham\/sua-chua-an-vinamilk-vi-nha-dam-thung-48-hop-100g\/","name":"S\u1eefa chua \u0103n Vinamilk v\u1ecb nha \u0111am - Th\u00f9ng 48 h\u1ed9p 100g","isPartOf":{"@id":"https:\/\/suatuyetvoi.com\/muasam\/#website"},"primaryImageOfPage":{"@id":"https:\/\/suatuyetvoi.com\/muasam\/san-pham\/sua-chua-an-vinamilk-vi-nha-dam-thung-48-hop-100g\/#primaryimage"},"image":{"@id":"https:\/\/suatuyetvoi.com\/muasam\/san-pham\/sua-chua-an-vinamilk-vi-nha-dam-thung-48-hop-100g\/#primaryimage"},"thumbnailUrl":"https:\/\/suatuyetvoi.com\/muasam\/wp-content\/uploads\/2023\/03\/moi-sca-nhadam-thung_ea117ce6dd854aa7a3a41430cf859fe2_master-Edited.png","datePublished":"2023-03-30T10:32:46+00:00","dateModified":"2023-03-30T10:32:47+00:00","description":"S\u1eefa chua \u0103n nha \u0111am Vinamilk\u00a0v\u1edbi c\u00e1c h\u1ea1t th\u1ea1ch nha \u0111am gi\u00f2n dai, th\u01a1m ngon, c\u00f3 t\u00e1c d\u1ee5ng l\u00e0m thanh m\u00e1t c\u01a1 th\u1ec3, \u0111em \u0111\u1ebfn m\u1ed9t l\u00e0n da t\u01b0\u01a1i tr\u1ebb, c\u0103ng tr\u00e0n","breadcrumb":{"@id":"https:\/\/suatuyetvoi.com\/muasam\/san-pham\/sua-chua-an-vinamilk-vi-nha-dam-thung-48-hop-100g\/#breadcrumb"},"inLanguage":"vi","potentialAction":[{"@type":"ReadAction","target":["https:\/\/suatuyetvoi.com\/muasam\/san-pham\/sua-chua-an-vinamilk-vi-nha-dam-thung-48-hop-100g\/"]}]},{"@type":"ImageObject","inLanguage":"vi","@id":"https:\/\/suatuyetvoi.com\/muasam\/san-pham\/sua-chua-an-vinamilk-vi-nha-dam-thung-48-hop-100g\/#primaryimage","url":"https:\/\/suatuyetvoi.com\/muasam\/wp-content\/uploads\/2023\/03\/moi-sca-nhadam-thung_ea117ce6dd854aa7a3a41430cf859fe2_master-Edited.png","contentUrl":"https:\/\/suatuyetvoi.com\/muasam\/wp-content\/uploads\/2023\/03\/moi-sca-nhadam-thung_ea117ce6dd854aa7a3a41430cf859fe2_master-Edited.png","width":600,"height":600},{"@type":"BreadcrumbList","@id":"https:\/\/suatuyetvoi.com\/muasam\/san-pham\/sua-chua-an-vinamilk-vi-nha-dam-thung-48-hop-100g\/#breadcrumb","itemListElement":[{"@type":"ListItem","position":1,"name":"Home","item":"https:\/\/suatuyetvoi.com\/muasam\/"},{"@type":"ListItem","position":2,"name":"Shop","item":"https:\/\/suatuyetvoi.com\/muasam\/shop\/"},{"@type":"ListItem","position":3,"name":"S\u1eefa chua \u0103n Vinamilk v\u1ecb nha \u0111am &#8211; Th\u00f9ng 48 h\u1ed9p 100g"}]},{"@type":"WebSite","@id":"https:\/\/suatuyetvoi.com\/muasam\/#website","url":"https:\/\/suatuyetvoi.com\/muasam\/","name":"S\u1eefa Tuy\u1ec7t V\u1eddi","description":"S\u1eefa Tuy\u1ec7t V\u1eddi Vi\u1ec7t Nam","potentialAction":[{"@type":"SearchAction","target":{"@type":"EntryPoint","urlTemplate":"https:\/\/suatuyetvoi.com\/muasam\/?s={search_term_string}"},"query-input":{"@type":"PropertyValueSpecification","valueRequired":true,"valueName":"search_term_string"}}],"inLanguage":"vi"}]}},"_links":{"self":[{"href":"https:\/\/suatuyetvoi.com\/muasam\/wp-json\/wp\/v2\/product\/6274","targetHints":{"allow":["GET"]}}],"collection":[{"href":"https:\/\/suatuyetvoi.com\/muasam\/wp-json\/wp\/v2\/product"}],"about":[{"href":"https:\/\/suatuyetvoi.com\/muasam\/wp-json\/wp\/v2\/types\/product"}],"replies":[{"embeddable":true,"href":"https:\/\/suatuyetvoi.com\/muasam\/wp-json\/wp\/v2\/comments?post=6274"}],"wp:featuredmedia":[{"embeddable":true,"href":"https:\/\/suatuyetvoi.com\/muasam\/wp-json\/wp\/v2\/media\/6277"}],"wp:attachment":[{"href":"https:\/\/suatuyetvoi.com\/muasam\/wp-json\/wp\/v2\/media?parent=6274"}],"wp:term":[{"taxonomy":"product_cat","embeddable":true,"href":"https:\/\/suatuyetvoi.com\/muasam\/wp-json\/wp\/v2\/product_cat?post=6274"},{"taxonomy":"product_tag","embeddable":true,"href":"https:\/\/suatuyetvoi.com\/muasam\/wp-json\/wp\/v2\/product_tag?post=6274"}],"curies":[{"name":"wp","href":"https:\/\/api.w.org\/{rel}","templated":true}]}}