{"id":6257,"date":"2023-03-30T16:57:05","date_gmt":"2023-03-30T09:57:05","guid":{"rendered":"https:\/\/suatuyetvoi.com\/muasam\/?post_type=product&#038;p=6257"},"modified":"2023-03-30T16:57:06","modified_gmt":"2023-03-30T09:57:06","slug":"sua-chua-an-vinamilk-trai-cay-thung-48-hop-100g","status":"publish","type":"product","link":"https:\/\/suatuyetvoi.com\/muasam\/san-pham\/sua-chua-an-vinamilk-trai-cay-thung-48-hop-100g\/","title":{"rendered":"S\u1eefa chua \u0103n Vinamilk tr\u00e1i c\u00e2y &#8211; Th\u00f9ng 48 h\u1ed9p 100g"},"content":{"rendered":"<p><strong>S\u1eefa chua \u0103n Vinamilk\u00a0tr\u00e1i c\u00e2y<\/strong>\u00a0\u0111\u01b0\u1ee3c chi\u1ebft xu\u1ea5t t\u1eeb nhi\u1ec1u lo\u1ea1i tr\u00e1i c\u00e2y qu\u00fd nh\u01b0\u00a0<strong>kiwi, \u0111\u00e0o, xo\u00e0i, chanh d\u00e2y, d\u01b0a l\u01b0\u1edbi<\/strong>,&#8230; cung c\u1ea5p ngu\u1ed3n vitamin v\u00e0 ch\u1ea5t dinh d\u01b0\u1ee1ng d\u1ed3i d\u00e0o cho<strong>\u00a0l\u00e0n da t\u01b0\u01a1i tr\u1ebb v\u00e0 c\u01a1 th\u1ec3 kho\u1ebb m\u1ea1nh<\/strong>\u00a0tr\u1eeb b\u00ean trong.<\/p>\n<p><strong>S\u1eefa chua<\/strong>\u00a0c\u00f3 h\u01b0\u01a1ng v\u1ecb th\u01a1m ngon, h\u1ea5p d\u1eabn, ph\u00f9 h\u1ee3p v\u1edbi kh\u1ea9u v\u1ecb c\u1ee7a c\u1ea3 gia \u0111\u00ecnh. B\u00ean c\u1ea1nh \u0111\u00f3,\u00a0l\u1ed1c 4 h\u1ed9p s\u1eefa chua \u0103n vinamilk tr\u00e1i c\u00e2y 100g\u00a0\u0111\u01b0\u1ee3c \u0111\u00f3ng g\u00f3i v\u1edbi bao b\u00ec \u0111\u1eb9p m\u1eaft, ti\u1ec7n l\u1ee3i gi\u00fap b\u1ea1n ti\u1ebft ki\u1ec7m chi ph\u00ed h\u01a1n.<\/p>\n<p><img loading=\"lazy\" decoding=\"async\" class=\"alignnone size-full wp-image-6259\" src=\"https:\/\/suatuyetvoi.com\/muasam\/wp-content\/uploads\/2023\/03\/untitled-5c-20i_40375466-3-1-1.jpg\" alt=\"\" width=\"800\" height=\"533\" srcset=\"https:\/\/suatuyetvoi.com\/muasam\/wp-content\/uploads\/2023\/03\/untitled-5c-20i_40375466-3-1-1.jpg 800w, https:\/\/suatuyetvoi.com\/muasam\/wp-content\/uploads\/2023\/03\/untitled-5c-20i_40375466-3-1-1-600x400.jpg 600w, https:\/\/suatuyetvoi.com\/muasam\/wp-content\/uploads\/2023\/03\/untitled-5c-20i_40375466-3-1-1-768x512.jpg 768w\" sizes=\"auto, (max-width: 800px) 100vw, 800px\" \/><\/p>\n<h2>Chi\u1ebft xu\u1ea5t tr\u00e1i c\u00e2y gi\u00e0u dinh d\u01b0\u1ee1ng<\/h2>\n<p>S\u1eefa chua \u0111\u01b0\u1ee3c t\u1ea1o th\u00e0nh b\u1edfi c\u00e1c vi khu\u1ea9n l\u00ean men c\u1ee7a s\u1eefa do \u0111\u00f3\u00a0s\u1eefa chua ch\u1ee9a r\u1ea5t nhi\u1ec1u ch\u1ea5t dinh d\u01b0\u1ee1ng t\u1ed1t cho s\u1ee9c kho\u1ebb. \u0110\u1eb7c bi\u1ec7t, trong s\u1eefa chua tr\u00e1i c\u00e2y c\u1ee7a Vinamilk c\u00f3 ch\u1ee9a c\u00e1c\u00a0<strong>ch\u1ea5t ch\u1ed1ng oxy ho\u00e1, ch\u1ea5t x\u01a1, vitamin C, E, A<\/strong>\u00a0t\u1eeb tr\u00e1i c\u00e2y, c\u00e1c\u00a0<strong>l\u1ee3i khu\u1ea9n Probiotics<\/strong>\u00a0v\u00e0 kho\u00e1ng ch\u1ea5t qu\u00fd gi\u00e1 c\u00f3 t\u00e1c d\u1ee5ng:<\/p>\n<ul>\n<li>H\u1ed7 tr\u1ee3 h\u1ee3 ti\u00eau ho\u00e1 kho\u1ebb m\u1ea1nh<\/li>\n<li>L\u00e0m \u0111\u1eb9p da t\u1eeb b\u00ean trong<\/li>\n<li>T\u0103ng c\u01b0\u1eddng s\u1ee9c \u0111\u1ec1 kh\u00e1ng<\/li>\n<li>Cho c\u01a1 th\u1ec3 kho\u1ebb m\u1ea1nh, tr\u00e0n \u0111\u1ea7y s\u1ee9c s\u1ed1ng<\/li>\n<\/ul>\n<p>Ngo\u00e0i ra, s\u1eefa chua Vinamilk c\u00f2n c\u00f3 t\u00e1c d\u1ee5ng l\u00e0m gi\u1ea3m c\u00e1c tri\u1ec7u ch\u1ee9ng say t\u00e0u xe nh\u01b0 bu\u1ed3n n\u00f4n, \u0111\u1ea7y b\u1ee5ng, m\u1ec7t m\u1ecfi.<\/p>\n<p><img loading=\"lazy\" decoding=\"async\" class=\"alignnone size-full wp-image-6258\" src=\"https:\/\/suatuyetvoi.com\/muasam\/wp-content\/uploads\/2023\/03\/trai-cay-1.jpg\" alt=\"\" width=\"800\" height=\"285\" srcset=\"https:\/\/suatuyetvoi.com\/muasam\/wp-content\/uploads\/2023\/03\/trai-cay-1.jpg 800w, https:\/\/suatuyetvoi.com\/muasam\/wp-content\/uploads\/2023\/03\/trai-cay-1-768x274.jpg 768w, https:\/\/suatuyetvoi.com\/muasam\/wp-content\/uploads\/2023\/03\/trai-cay-1-600x214.jpg 600w\" sizes=\"auto, (max-width: 800px) 100vw, 800px\" \/><\/p>\n<div class=\"details\">\n<div class=\"description show-moreinfo\">\n<h2>H\u01b0\u01a1ng v\u1ecb t\u1ef1 nhi\u00ean, h\u1ea5p d\u1eabn<\/h2>\n<p>\u27a4 S\u1eefa chua tr\u00e1i c\u00e2y th\u01a1m ngon, v\u1ecb chua ng\u1ecdt d\u1ec5 \u0103n, gi\u00fap b\u1ea1n l\u1ea5y l\u1ea1i v\u1ecb gi\u00e1c nhanh ch\u00f3ng.<\/p>\n<p>\u27a4 Trong s\u1eefa chua c\u00f2n c\u00f3 th\u00eam c\u00e1c h\u1ea1t th\u1ea1ch d\u1eeba gi\u00f2n dai, h\u1ea5p d\u1eabn.<\/p>\n<p>\u27a4 S\u1eed d\u1ee5ng ch\u1ee7ng men thu\u1ea7n khi\u1ebft\u00a0<strong>Bulgaricus<\/strong>\u00a0t\u1ed1t cho s\u1ee9c kh\u1ecfe v\u1edbi c\u00f4ng ngh\u1ec7 men hi\u1ec7n \u0111\u1ea1i t\u1eeb ch\u00e2u \u00c2u.<\/p>\n<p>\u27a4 Kh\u00f4ng ch\u1ee9a ch\u1ea5t b\u1ea3o qu\u1ea3n \u0111\u1ed9c h\u1ea1i.<\/p>\n<p>\u27a4 C\u00f3 th\u1ec3 k\u1ebft h\u1ee3p v\u1edbi c\u00e1c lo\u1ea1i ng\u0169 c\u1ed1c, tr\u00e1i c\u00e2y ho\u1eb7c c\u00e1c lo\u1ea1i h\u1ea1t \u0111\u1ec3 c\u00f3 b\u1eefa ph\u1ee5 ngon mi\u1ec7ng, \u0111\u1ee7 ch\u1ea5t h\u01a1n.<\/p>\n<\/div>\n<\/div>\n<div class=\"vote-Product\">\n<div class=\"main\"><\/div>\n<\/div>\n","protected":false},"excerpt":{"rendered":"<ul>\n<li>H\u1ed9p nh\u1ef1a 100 gr. L\u1ed1c 4 h\u1ed9p.<\/li>\n<li>Quy c\u00e1ch \u0111\u00f3ng g\u00f3i: 48 h\u1ed9p\/ th\u00f9ng<\/li>\n<li>S\u1ea3n xu\u1ea5t, \u0111\u00f3ng g\u00f3i tr\u00ean 2 lo\u1ea1i d\u00e2y chuy\u1ec1n t\u1ed1c \u0111\u1ed9 cao (th\u00e2n h\u0169 th\u1ea5p, c\u00f3 s\u1ecdc) v\u00e0 d\u00e2y chuy\u1ec1n t\u1ed1c \u0111\u1ed9 th\u1ea5p (th\u00e2n h\u0169 cao, tr\u01a1n).<\/li>\n<li>Cung c\u1ea5p ngu\u1ed3n vitamin C v\u00e0 d\u01b0\u1ee1ng ch\u1ea5t d\u1ed3i d\u00e0o<\/li>\n<li>Cho l\u00e0n da c\u0103ng m\u1ecdng &amp; t\u01b0\u01a1i tr\u1ebb t\u1eeb b\u00ean trong<\/li>\n<\/ul>\n","protected":false},"featured_media":6262,"comment_status":"open","ping_status":"closed","template":"","meta":[],"product_cat":[584],"product_tag":[587],"class_list":["post-6257","product","type-product","status-publish","has-post-thumbnail","hentry","product_cat-sua-chua-an","product_tag-vinamilk","berocket_brand-vinamilk"],"yoast_head":"<!-- This site is optimized with the Yoast SEO plugin v27.6 - https:\/\/yoast.com\/product\/yoast-seo-wordpress\/ -->\n<title>S\u1eefa chua \u0103n Vinamilk tr\u00e1i c\u00e2y - Th\u00f9ng 48 h\u1ed9p 100g<\/title>\n<meta name=\"description\" content=\"S\u1eefa chua \u0103n Vinamilk\u00a0tr\u00e1i c\u00e2y\u00a0\u0111\u01b0\u1ee3c chi\u1ebft xu\u1ea5t t\u1eeb nhi\u1ec1u lo\u1ea1i tr\u00e1i c\u00e2y qu\u00fd nh\u01b0\u00a0kiwi, \u0111\u00e0o, xo\u00e0i, chanh d\u00e2y, d\u01b0a l\u01b0\u1edbi,... cung c\u1ea5p ngu\u1ed3n vitamin\" \/>\n<meta name=\"robots\" content=\"index, follow, max-snippet:-1, max-image-preview:large, max-video-preview:-1\" \/>\n<link rel=\"canonical\" href=\"https:\/\/suatuyetvoi.com\/muasam\/san-pham\/sua-chua-an-vinamilk-trai-cay-thung-48-hop-100g\/\" \/>\n<meta property=\"og:locale\" content=\"vi_VN\" \/>\n<meta property=\"og:type\" content=\"article\" \/>\n<meta property=\"og:title\" content=\"S\u1eefa chua \u0103n Vinamilk tr\u00e1i c\u00e2y - Th\u00f9ng 48 h\u1ed9p 100g\" \/>\n<meta property=\"og:description\" content=\"S\u1eefa chua \u0103n Vinamilk\u00a0tr\u00e1i c\u00e2y\u00a0\u0111\u01b0\u1ee3c chi\u1ebft xu\u1ea5t t\u1eeb nhi\u1ec1u lo\u1ea1i tr\u00e1i c\u00e2y qu\u00fd nh\u01b0\u00a0kiwi, \u0111\u00e0o, xo\u00e0i, chanh d\u00e2y, d\u01b0a l\u01b0\u1edbi,... cung c\u1ea5p ngu\u1ed3n vitamin\" \/>\n<meta property=\"og:url\" content=\"https:\/\/suatuyetvoi.com\/muasam\/san-pham\/sua-chua-an-vinamilk-trai-cay-thung-48-hop-100g\/\" \/>\n<meta property=\"og:site_name\" content=\"S\u1eefa Tuy\u1ec7t V\u1eddi\" \/>\n<meta property=\"article:modified_time\" content=\"2023-03-30T09:57:06+00:00\" \/>\n<meta property=\"og:image\" content=\"https:\/\/suatuyetvoi.com\/muasam\/wp-content\/uploads\/2023\/03\/moi-sca-traicay-thung_5a25478860e04bbe89e92d37bddcd0d0_master-Edited-1.png\" \/>\n\t<meta property=\"og:image:width\" content=\"600\" \/>\n\t<meta property=\"og:image:height\" content=\"600\" \/>\n\t<meta property=\"og:image:type\" content=\"image\/png\" \/>\n<meta name=\"twitter:card\" content=\"summary_large_image\" \/>\n<meta name=\"twitter:title\" content=\"S\u1eefa chua \u0103n Vinamilk tr\u00e1i c\u00e2y - Th\u00f9ng 48 h\u1ed9p 100g\" \/>\n<meta name=\"twitter:description\" content=\"S\u1eefa chua \u0103n Vinamilk\u00a0tr\u00e1i c\u00e2y\u00a0\u0111\u01b0\u1ee3c chi\u1ebft xu\u1ea5t t\u1eeb nhi\u1ec1u lo\u1ea1i tr\u00e1i c\u00e2y qu\u00fd nh\u01b0\u00a0kiwi, \u0111\u00e0o, xo\u00e0i, chanh d\u00e2y, d\u01b0a l\u01b0\u1edbi,... cung c\u1ea5p ngu\u1ed3n vitamin\" \/>\n<meta name=\"twitter:label1\" content=\"\u01af\u1edbc t\u00ednh th\u1eddi gian \u0111\u1ecdc\" \/>\n\t<meta name=\"twitter:data1\" content=\"3 ph\u00fat\" \/>\n<script type=\"application\/ld+json\" class=\"yoast-schema-graph\">{\"@context\":\"https:\\\/\\\/schema.org\",\"@graph\":[{\"@type\":\"WebPage\",\"@id\":\"https:\\\/\\\/suatuyetvoi.com\\\/muasam\\\/san-pham\\\/sua-chua-an-vinamilk-trai-cay-thung-48-hop-100g\\\/\",\"url\":\"https:\\\/\\\/suatuyetvoi.com\\\/muasam\\\/san-pham\\\/sua-chua-an-vinamilk-trai-cay-thung-48-hop-100g\\\/\",\"name\":\"S\u1eefa chua \u0103n Vinamilk tr\u00e1i c\u00e2y - Th\u00f9ng 48 h\u1ed9p 100g\",\"isPartOf\":{\"@id\":\"https:\\\/\\\/suatuyetvoi.com\\\/muasam\\\/#website\"},\"primaryImageOfPage\":{\"@id\":\"https:\\\/\\\/suatuyetvoi.com\\\/muasam\\\/san-pham\\\/sua-chua-an-vinamilk-trai-cay-thung-48-hop-100g\\\/#primaryimage\"},\"image\":{\"@id\":\"https:\\\/\\\/suatuyetvoi.com\\\/muasam\\\/san-pham\\\/sua-chua-an-vinamilk-trai-cay-thung-48-hop-100g\\\/#primaryimage\"},\"thumbnailUrl\":\"https:\\\/\\\/suatuyetvoi.com\\\/muasam\\\/wp-content\\\/uploads\\\/2023\\\/03\\\/moi-sca-traicay-thung_5a25478860e04bbe89e92d37bddcd0d0_master-Edited-1.png\",\"datePublished\":\"2023-03-30T09:57:05+00:00\",\"dateModified\":\"2023-03-30T09:57:06+00:00\",\"description\":\"S\u1eefa chua \u0103n Vinamilk\u00a0tr\u00e1i c\u00e2y\u00a0\u0111\u01b0\u1ee3c chi\u1ebft xu\u1ea5t t\u1eeb nhi\u1ec1u lo\u1ea1i tr\u00e1i c\u00e2y qu\u00fd nh\u01b0\u00a0kiwi, \u0111\u00e0o, xo\u00e0i, chanh d\u00e2y, d\u01b0a l\u01b0\u1edbi,... cung c\u1ea5p ngu\u1ed3n vitamin\",\"breadcrumb\":{\"@id\":\"https:\\\/\\\/suatuyetvoi.com\\\/muasam\\\/san-pham\\\/sua-chua-an-vinamilk-trai-cay-thung-48-hop-100g\\\/#breadcrumb\"},\"inLanguage\":\"vi\",\"potentialAction\":[{\"@type\":\"ReadAction\",\"target\":[\"https:\\\/\\\/suatuyetvoi.com\\\/muasam\\\/san-pham\\\/sua-chua-an-vinamilk-trai-cay-thung-48-hop-100g\\\/\"]}]},{\"@type\":\"ImageObject\",\"inLanguage\":\"vi\",\"@id\":\"https:\\\/\\\/suatuyetvoi.com\\\/muasam\\\/san-pham\\\/sua-chua-an-vinamilk-trai-cay-thung-48-hop-100g\\\/#primaryimage\",\"url\":\"https:\\\/\\\/suatuyetvoi.com\\\/muasam\\\/wp-content\\\/uploads\\\/2023\\\/03\\\/moi-sca-traicay-thung_5a25478860e04bbe89e92d37bddcd0d0_master-Edited-1.png\",\"contentUrl\":\"https:\\\/\\\/suatuyetvoi.com\\\/muasam\\\/wp-content\\\/uploads\\\/2023\\\/03\\\/moi-sca-traicay-thung_5a25478860e04bbe89e92d37bddcd0d0_master-Edited-1.png\",\"width\":600,\"height\":600},{\"@type\":\"BreadcrumbList\",\"@id\":\"https:\\\/\\\/suatuyetvoi.com\\\/muasam\\\/san-pham\\\/sua-chua-an-vinamilk-trai-cay-thung-48-hop-100g\\\/#breadcrumb\",\"itemListElement\":[{\"@type\":\"ListItem\",\"position\":1,\"name\":\"Home\",\"item\":\"https:\\\/\\\/suatuyetvoi.com\\\/muasam\\\/\"},{\"@type\":\"ListItem\",\"position\":2,\"name\":\"Shop\",\"item\":\"https:\\\/\\\/suatuyetvoi.com\\\/muasam\\\/shop\\\/\"},{\"@type\":\"ListItem\",\"position\":3,\"name\":\"S\u1eefa chua \u0103n Vinamilk tr\u00e1i c\u00e2y &#8211; Th\u00f9ng 48 h\u1ed9p 100g\"}]},{\"@type\":\"WebSite\",\"@id\":\"https:\\\/\\\/suatuyetvoi.com\\\/muasam\\\/#website\",\"url\":\"https:\\\/\\\/suatuyetvoi.com\\\/muasam\\\/\",\"name\":\"S\u1eefa Tuy\u1ec7t V\u1eddi\",\"description\":\"S\u1eefa Tuy\u1ec7t V\u1eddi Vi\u1ec7t Nam\",\"potentialAction\":[{\"@type\":\"SearchAction\",\"target\":{\"@type\":\"EntryPoint\",\"urlTemplate\":\"https:\\\/\\\/suatuyetvoi.com\\\/muasam\\\/?s={search_term_string}\"},\"query-input\":{\"@type\":\"PropertyValueSpecification\",\"valueRequired\":true,\"valueName\":\"search_term_string\"}}],\"inLanguage\":\"vi\"}]}<\/script>\n<!-- \/ Yoast SEO plugin. -->","yoast_head_json":{"title":"S\u1eefa chua \u0103n Vinamilk tr\u00e1i c\u00e2y - Th\u00f9ng 48 h\u1ed9p 100g","description":"S\u1eefa chua \u0103n Vinamilk\u00a0tr\u00e1i c\u00e2y\u00a0\u0111\u01b0\u1ee3c chi\u1ebft xu\u1ea5t t\u1eeb nhi\u1ec1u lo\u1ea1i tr\u00e1i c\u00e2y qu\u00fd nh\u01b0\u00a0kiwi, \u0111\u00e0o, xo\u00e0i, chanh d\u00e2y, d\u01b0a l\u01b0\u1edbi,... cung c\u1ea5p ngu\u1ed3n vitamin","robots":{"index":"index","follow":"follow","max-snippet":"max-snippet:-1","max-image-preview":"max-image-preview:large","max-video-preview":"max-video-preview:-1"},"canonical":"https:\/\/suatuyetvoi.com\/muasam\/san-pham\/sua-chua-an-vinamilk-trai-cay-thung-48-hop-100g\/","og_locale":"vi_VN","og_type":"article","og_title":"S\u1eefa chua \u0103n Vinamilk tr\u00e1i c\u00e2y - Th\u00f9ng 48 h\u1ed9p 100g","og_description":"S\u1eefa chua \u0103n Vinamilk\u00a0tr\u00e1i c\u00e2y\u00a0\u0111\u01b0\u1ee3c chi\u1ebft xu\u1ea5t t\u1eeb nhi\u1ec1u lo\u1ea1i tr\u00e1i c\u00e2y qu\u00fd nh\u01b0\u00a0kiwi, \u0111\u00e0o, xo\u00e0i, chanh d\u00e2y, d\u01b0a l\u01b0\u1edbi,... cung c\u1ea5p ngu\u1ed3n vitamin","og_url":"https:\/\/suatuyetvoi.com\/muasam\/san-pham\/sua-chua-an-vinamilk-trai-cay-thung-48-hop-100g\/","og_site_name":"S\u1eefa Tuy\u1ec7t V\u1eddi","article_modified_time":"2023-03-30T09:57:06+00:00","og_image":[{"width":600,"height":600,"url":"https:\/\/suatuyetvoi.com\/muasam\/wp-content\/uploads\/2023\/03\/moi-sca-traicay-thung_5a25478860e04bbe89e92d37bddcd0d0_master-Edited-1.png","type":"image\/png"}],"twitter_card":"summary_large_image","twitter_title":"S\u1eefa chua \u0103n Vinamilk tr\u00e1i c\u00e2y - Th\u00f9ng 48 h\u1ed9p 100g","twitter_description":"S\u1eefa chua \u0103n Vinamilk\u00a0tr\u00e1i c\u00e2y\u00a0\u0111\u01b0\u1ee3c chi\u1ebft xu\u1ea5t t\u1eeb nhi\u1ec1u lo\u1ea1i tr\u00e1i c\u00e2y qu\u00fd nh\u01b0\u00a0kiwi, \u0111\u00e0o, xo\u00e0i, chanh d\u00e2y, d\u01b0a l\u01b0\u1edbi,... cung c\u1ea5p ngu\u1ed3n vitamin","twitter_misc":{"\u01af\u1edbc t\u00ednh th\u1eddi gian \u0111\u1ecdc":"3 ph\u00fat"},"schema":{"@context":"https:\/\/schema.org","@graph":[{"@type":"WebPage","@id":"https:\/\/suatuyetvoi.com\/muasam\/san-pham\/sua-chua-an-vinamilk-trai-cay-thung-48-hop-100g\/","url":"https:\/\/suatuyetvoi.com\/muasam\/san-pham\/sua-chua-an-vinamilk-trai-cay-thung-48-hop-100g\/","name":"S\u1eefa chua \u0103n Vinamilk tr\u00e1i c\u00e2y - Th\u00f9ng 48 h\u1ed9p 100g","isPartOf":{"@id":"https:\/\/suatuyetvoi.com\/muasam\/#website"},"primaryImageOfPage":{"@id":"https:\/\/suatuyetvoi.com\/muasam\/san-pham\/sua-chua-an-vinamilk-trai-cay-thung-48-hop-100g\/#primaryimage"},"image":{"@id":"https:\/\/suatuyetvoi.com\/muasam\/san-pham\/sua-chua-an-vinamilk-trai-cay-thung-48-hop-100g\/#primaryimage"},"thumbnailUrl":"https:\/\/suatuyetvoi.com\/muasam\/wp-content\/uploads\/2023\/03\/moi-sca-traicay-thung_5a25478860e04bbe89e92d37bddcd0d0_master-Edited-1.png","datePublished":"2023-03-30T09:57:05+00:00","dateModified":"2023-03-30T09:57:06+00:00","description":"S\u1eefa chua \u0103n Vinamilk\u00a0tr\u00e1i c\u00e2y\u00a0\u0111\u01b0\u1ee3c chi\u1ebft xu\u1ea5t t\u1eeb nhi\u1ec1u lo\u1ea1i tr\u00e1i c\u00e2y qu\u00fd nh\u01b0\u00a0kiwi, \u0111\u00e0o, xo\u00e0i, chanh d\u00e2y, d\u01b0a l\u01b0\u1edbi,... cung c\u1ea5p ngu\u1ed3n vitamin","breadcrumb":{"@id":"https:\/\/suatuyetvoi.com\/muasam\/san-pham\/sua-chua-an-vinamilk-trai-cay-thung-48-hop-100g\/#breadcrumb"},"inLanguage":"vi","potentialAction":[{"@type":"ReadAction","target":["https:\/\/suatuyetvoi.com\/muasam\/san-pham\/sua-chua-an-vinamilk-trai-cay-thung-48-hop-100g\/"]}]},{"@type":"ImageObject","inLanguage":"vi","@id":"https:\/\/suatuyetvoi.com\/muasam\/san-pham\/sua-chua-an-vinamilk-trai-cay-thung-48-hop-100g\/#primaryimage","url":"https:\/\/suatuyetvoi.com\/muasam\/wp-content\/uploads\/2023\/03\/moi-sca-traicay-thung_5a25478860e04bbe89e92d37bddcd0d0_master-Edited-1.png","contentUrl":"https:\/\/suatuyetvoi.com\/muasam\/wp-content\/uploads\/2023\/03\/moi-sca-traicay-thung_5a25478860e04bbe89e92d37bddcd0d0_master-Edited-1.png","width":600,"height":600},{"@type":"BreadcrumbList","@id":"https:\/\/suatuyetvoi.com\/muasam\/san-pham\/sua-chua-an-vinamilk-trai-cay-thung-48-hop-100g\/#breadcrumb","itemListElement":[{"@type":"ListItem","position":1,"name":"Home","item":"https:\/\/suatuyetvoi.com\/muasam\/"},{"@type":"ListItem","position":2,"name":"Shop","item":"https:\/\/suatuyetvoi.com\/muasam\/shop\/"},{"@type":"ListItem","position":3,"name":"S\u1eefa chua \u0103n Vinamilk tr\u00e1i c\u00e2y &#8211; Th\u00f9ng 48 h\u1ed9p 100g"}]},{"@type":"WebSite","@id":"https:\/\/suatuyetvoi.com\/muasam\/#website","url":"https:\/\/suatuyetvoi.com\/muasam\/","name":"S\u1eefa Tuy\u1ec7t V\u1eddi","description":"S\u1eefa Tuy\u1ec7t V\u1eddi Vi\u1ec7t Nam","potentialAction":[{"@type":"SearchAction","target":{"@type":"EntryPoint","urlTemplate":"https:\/\/suatuyetvoi.com\/muasam\/?s={search_term_string}"},"query-input":{"@type":"PropertyValueSpecification","valueRequired":true,"valueName":"search_term_string"}}],"inLanguage":"vi"}]}},"_links":{"self":[{"href":"https:\/\/suatuyetvoi.com\/muasam\/wp-json\/wp\/v2\/product\/6257","targetHints":{"allow":["GET"]}}],"collection":[{"href":"https:\/\/suatuyetvoi.com\/muasam\/wp-json\/wp\/v2\/product"}],"about":[{"href":"https:\/\/suatuyetvoi.com\/muasam\/wp-json\/wp\/v2\/types\/product"}],"replies":[{"embeddable":true,"href":"https:\/\/suatuyetvoi.com\/muasam\/wp-json\/wp\/v2\/comments?post=6257"}],"wp:featuredmedia":[{"embeddable":true,"href":"https:\/\/suatuyetvoi.com\/muasam\/wp-json\/wp\/v2\/media\/6262"}],"wp:attachment":[{"href":"https:\/\/suatuyetvoi.com\/muasam\/wp-json\/wp\/v2\/media?parent=6257"}],"wp:term":[{"taxonomy":"product_cat","embeddable":true,"href":"https:\/\/suatuyetvoi.com\/muasam\/wp-json\/wp\/v2\/product_cat?post=6257"},{"taxonomy":"product_tag","embeddable":true,"href":"https:\/\/suatuyetvoi.com\/muasam\/wp-json\/wp\/v2\/product_tag?post=6257"}],"curies":[{"name":"wp","href":"https:\/\/api.w.org\/{rel}","templated":true}]}}