{"id":6212,"date":"2023-03-29T16:26:51","date_gmt":"2023-03-29T09:26:51","guid":{"rendered":"https:\/\/suatuyetvoi.com\/muasam\/?post_type=product&#038;p=6212"},"modified":"2023-03-29T16:33:40","modified_gmt":"2023-03-29T09:33:40","slug":"thung-36-bich-sua-dau-nanh-nuti-canxi-bich-200ml","status":"publish","type":"product","link":"https:\/\/suatuyetvoi.com\/muasam\/san-pham\/thung-36-bich-sua-dau-nanh-nuti-canxi-bich-200ml\/","title":{"rendered":"Th\u00f9ng 36 B\u1ecbch S\u1eefa \u0110\u1eadu N\u00e0nh Nuti Canxi B\u1ecbch 200ml"},"content":{"rendered":"<div class=\"content full\">\n<div id=\"motasanpham\" class=\"clearfix\">\n<h2>M\u00d4 T\u1ea2 S\u1ea2N PH\u1ea8M<\/h2>\n<div>\n<p><strong>\u0110\u1eb7c \u0111i\u1ec3m n\u1ed5i b\u1eadt c\u1ee7a s\u1ea3n ph\u1ea9m:<\/strong><\/p>\n<ul>\n<li>Ch\u1ee9a nano canxi si\u00eau m\u1ecbn, si\u00eau h\u1ea5p th\u1ee5 (nh\u1ecf h\u01a1n canxi th\u00f4ng th\u01b0\u1eddng g\u1ea5p 100 l\u1ea7n)<\/li>\n<li>\u0110\u01b0\u1ee3c ch\u1ee9ng nh\u1eadn l\u00e2m s\u00e0ng v\u1ec1 kh\u1ea3 n\u0103ng gi\u1ea3m lo\u00e3ng x\u01b0\u01a1ng sau 12 tu\u1ea7n s\u1eed d\u1ee5ng<\/li>\n<li>Cung c\u1ea5p protein, vitamins t\u1ed1t cho s\u1ee9c kh\u1ecfe v\u00e0 s\u1eafc \u0111\u1eb9p<\/li>\n<li>100% \u0111\u1eadu n\u00e0nh kh\u00f4ng bi\u1ebfn \u0111\u1ed5i GEN (non GMO)<\/li>\n<li>S\u1ea3n ph\u1ea9m kh\u00f4ng c\u00f3 ch\u1ea5t b\u1ea3o qu\u1ea3n v\u00e0 cholesterol.<\/li>\n<\/ul>\n<p><strong>Th\u00e0nh ph\u1ea7n:<\/strong><\/p>\n<p>N\u01b0\u1edbc, d\u1ecbch tr\u00edch \u0111\u1eadu n\u00e0nh h\u1ea1t,\u00a0<strong>NANO CANXI<\/strong>, vitamin (A, D3, B1, B6), mu\u1ed1i \u0103n, protein, \u0111\u01b0\u1eddng tinh luy\u1ec7n.<\/p>\n<p><strong>\u0110\u1ed1i t\u01b0\u1ee3ng s\u1eed d\u1ee5ng:<\/strong>\u00a0kh\u00f4ng s\u1eed d\u1ee5ng cho tr\u1ebb em d\u01b0\u1edbi 3 tu\u1ed5i<\/p>\n<p><strong>HSD:<\/strong>\u00a06 th\u00e1ng k\u1ec3 t\u1eeb ng\u00e0y s\u1ea3n xu\u1ea5t. Xem tr\u00ean n\u1eafp h\u1ed9p<\/p>\n<p><strong>H\u01b0\u1edbng d\u1eabn b\u1ea3o qu\u1ea3n v\u00e0 s\u1eed d\u1ee5ng:\u00a0<\/strong><\/p>\n<ul>\n<li>B\u1ea3o qu\u1ea3n n\u01a1i kh\u00f4 r\u00e1o v\u00e0 tho\u00e1ng m\u00e1t.<\/li>\n<li>Th\u00e0nh ph\u1ea7n \u0111\u1eadu n\u00e0nh c\u00f3 th\u1ec3 b\u1ecb l\u1eafng nh\u01b0ng ch\u1ea5t l\u01b0\u1ee3ng s\u1ea3n ph\u1ea9m kh\u00f4ng thay \u0111\u1ed5i. L\u1eafc \u0111\u1ec1u s\u1ea3n ph\u1ea9m tr\u01b0\u1edbc khi s\u1eed d\u1ee5ng.<\/li>\n<li>Ngon h\u01a1n khi u\u1ed1ng l\u1ea1nh.<\/li>\n<li>\u0110\u1ed1i v\u1edbi h\u1ed9p v\u00e0 b\u1ecbch 200 ml: S\u1ea3n ph\u1ea9m s\u1eed d\u1ee5ng cho 1 l\u1ea7n u\u1ed1ng. \u0110\u1ed1i v\u1edbi h\u1ed9p 1 l\u00edt: Sau khi m\u1edf n\u1eafp gi\u1eef l\u1ea1nh t\u1ea1i 3 \u2013 8 \u0111\u1ed9 C. S\u1eed d\u1ee5ng h\u1ebft trong 3 ng\u00e0y sau khi m\u1edf h\u1ed9p.<\/li>\n<\/ul>\n<p><img decoding=\"async\" src=\"http:\/\/media.viettelomnichannel.com\/file\/Nd5p4RVCU\" alt=\"\" \/> \u00a0 <img loading=\"lazy\" decoding=\"async\" class=\"alignnone size-medium wp-image-6202\" src=\"https:\/\/suatuyetvoi.com\/muasam\/wp-content\/uploads\/2023\/03\/J5O8rWzw9-160x400.png\" alt=\"\" width=\"160\" height=\"400\" data-wp-editing=\"1\" srcset=\"https:\/\/suatuyetvoi.com\/muasam\/wp-content\/uploads\/2023\/03\/J5O8rWzw9-160x400.png 160w, https:\/\/suatuyetvoi.com\/muasam\/wp-content\/uploads\/2023\/03\/J5O8rWzw9-320x800.png 320w, https:\/\/suatuyetvoi.com\/muasam\/wp-content\/uploads\/2023\/03\/J5O8rWzw9-768x1920.png 768w, https:\/\/suatuyetvoi.com\/muasam\/wp-content\/uploads\/2023\/03\/J5O8rWzw9-614x1536.png 614w, https:\/\/suatuyetvoi.com\/muasam\/wp-content\/uploads\/2023\/03\/J5O8rWzw9-819x2048.png 819w, https:\/\/suatuyetvoi.com\/muasam\/wp-content\/uploads\/2023\/03\/J5O8rWzw9-600x1500.png 600w, https:\/\/suatuyetvoi.com\/muasam\/wp-content\/uploads\/2023\/03\/J5O8rWzw9.png 1200w\" sizes=\"auto, (max-width: 160px) 100vw, 160px\" \/><\/p>\n<\/div>\n<\/div>\n<\/div>\n","protected":false},"excerpt":{"rendered":"<p>H\u1ec7 d\u01b0\u1ee1ng ch\u1ea5t IQ Plus ph\u00e1t tri\u1ec3n n\u00e3o b\u1ed9<br \/>\nT\u0103ng c\u01b0\u1eddng \u0111\u1ec1 kh\u00e1ng v\u00e0 ti\u00eau h\u00f3a kh\u1ecfe m\u1ea1nh<br \/>\nGi\u00fap h\u1ea5p thu Canxi t\u1ed1t<\/p>\n","protected":false},"featured_media":6216,"comment_status":"open","ping_status":"closed","template":"","meta":[],"product_cat":[514],"product_tag":[586,557],"class_list":["post-6212","product","type-product","status-publish","has-post-thumbnail","hentry","product_cat-sua-hat","product_tag-dinh-duong-doi-dao","product_tag-sua-dinh-duong","berocket_brand-nutifood"],"yoast_head":"<!-- This site is optimized with the Yoast SEO plugin v27.6 - https:\/\/yoast.com\/product\/yoast-seo-wordpress\/ -->\n<title>Th\u00f9ng 36 B\u1ecbch S\u1eefa \u0110\u1eadu N\u00e0nh Nuti Canxi B\u1ecbch 200ml - \u0110ang Khuy\u1ebfn m\u00e3i<\/title>\n<meta name=\"description\" content=\"T\u1eeb nh\u1eefng h\u1ea1t \u0111\u1eadu n\u00e0nh kh\u00f4ng bi\u1ebfn \u0111\u1ed5i GEN \u0111\u01b0\u1ee3c c\u00e1c chuy\u00ean gia dinh d\u01b0\u1ee1ng NutiFood l\u1ef1a ch\u1ecdn theo quy tr\u00ecnh nghi\u00eam ng\u1eb7t k\u1ebft h\u1ee3p c\u00f4ng ngh\u1ec7 tr\u00edch ly 2 l\u1ea7n l\u01b0u gi\u1eef tr\u1ecdn v\u1eb9n h\u01b0\u01a1ng v\u1ecb th\u01a1m ngon v\u00e0 to\u00e0n b\u1ed9 d\u01b0\u1ee1ng ch\u1ea5t S\u1eefa \u0110\u1eadu N\u00e0nh Nuti l\u00e0 th\u1ee9c u\u1ed1ng b\u1ed5 d\u01b0\u1ee1ng h\u1eb1ng ng\u00e0y cho c\u1ea3 gia \u0111\u00ecnh. S\u1ea3n ph\u1ea9m \u0111\u00e3 \u0111\u01b0\u1ee3c ch\u1ee9ng nh\u1eadn l\u00e2m s\u00e0ng gi\u1ea3m nguy c\u01a1 lo\u00e3ng x\u01b0\u01a1ng sau 12 tu\u1ea7n s\u1eed d\u1ee5ng.\" \/>\n<meta name=\"robots\" content=\"index, follow, max-snippet:-1, max-image-preview:large, max-video-preview:-1\" \/>\n<link rel=\"canonical\" href=\"https:\/\/suatuyetvoi.com\/muasam\/san-pham\/thung-36-bich-sua-dau-nanh-nuti-canxi-bich-200ml\/\" \/>\n<meta property=\"og:locale\" content=\"vi_VN\" \/>\n<meta property=\"og:type\" content=\"article\" \/>\n<meta property=\"og:title\" content=\"S\u1eefa t\u01b0\u01a1i ti\u1ec7t tr\u00f9ng c\u00f3 \u0111\u01b0\u1eddng Vinamilk 100% S\u1eefa t\u01b0\u01a1i - Th\u00f9ng 48 b\u1ecbch x 220ml - \u0110ang Khuy\u1ebfn m\u00e3i\" \/>\n<meta property=\"og:description\" content=\"Vinamilk S\u1eefa t\u01b0\u01a1i d\u1ea1ng b\u1ecbch 220ml \u0111\u01b0\u1ee3c l\u00e0m t\u1eeb 100% s\u1eefa b\u00f2 t\u01b0\u01a1i nguy\u00ean ch\u1ea5t t\u1eeb h\u1ec7 th\u1ed1ng trang tr\u1ea1i chu\u1ea9n Qu\u1ed1c t\u1ebf l\u1edbn nh\u1ea5t Ch\u00e2u \u00c1.\" \/>\n<meta property=\"og:url\" content=\"https:\/\/suatuyetvoi.com\/muasam\/san-pham\/thung-36-bich-sua-dau-nanh-nuti-canxi-bich-200ml\/\" \/>\n<meta property=\"og:site_name\" content=\"S\u1eefa Tuy\u1ec7t V\u1eddi\" \/>\n<meta property=\"article:modified_time\" content=\"2023-03-29T09:33:40+00:00\" \/>\n<meta property=\"og:image\" content=\"https:\/\/suatuyetvoi.com\/muasam\/wp-content\/uploads\/2023\/03\/h1000-w1000__2_-removebg-preview-1.png\" \/>\n\t<meta property=\"og:image:width\" content=\"500\" \/>\n\t<meta property=\"og:image:height\" content=\"500\" \/>\n\t<meta property=\"og:image:type\" content=\"image\/png\" \/>\n<meta name=\"twitter:card\" content=\"summary_large_image\" \/>\n<meta name=\"twitter:title\" content=\"S\u1eefa t\u01b0\u01a1i ti\u1ec7t tr\u00f9ng c\u00f3 \u0111\u01b0\u1eddng Vinamilk 100% S\u1eefa t\u01b0\u01a1i - Th\u00f9ng 48 b\u1ecbch x 220ml - \u0110ang Khuy\u1ebfn m\u00e3i\" \/>\n<meta name=\"twitter:description\" content=\"Vinamilk S\u1eefa t\u01b0\u01a1i d\u1ea1ng b\u1ecbch 220ml \u0111\u01b0\u1ee3c l\u00e0m t\u1eeb 100% s\u1eefa b\u00f2 t\u01b0\u01a1i nguy\u00ean ch\u1ea5t t\u1eeb h\u1ec7 th\u1ed1ng trang tr\u1ea1i chu\u1ea9n Qu\u1ed1c t\u1ebf l\u1edbn nh\u1ea5t Ch\u00e2u \u00c1.\" \/>\n<meta name=\"twitter:label1\" content=\"\u01af\u1edbc t\u00ednh th\u1eddi gian \u0111\u1ecdc\" \/>\n\t<meta name=\"twitter:data1\" content=\"2 ph\u00fat\" \/>\n<script type=\"application\/ld+json\" class=\"yoast-schema-graph\">{\"@context\":\"https:\\\/\\\/schema.org\",\"@graph\":[{\"@type\":\"WebPage\",\"@id\":\"https:\\\/\\\/suatuyetvoi.com\\\/muasam\\\/san-pham\\\/thung-36-bich-sua-dau-nanh-nuti-canxi-bich-200ml\\\/\",\"url\":\"https:\\\/\\\/suatuyetvoi.com\\\/muasam\\\/san-pham\\\/thung-36-bich-sua-dau-nanh-nuti-canxi-bich-200ml\\\/\",\"name\":\"Th\u00f9ng 36 B\u1ecbch S\u1eefa \u0110\u1eadu N\u00e0nh Nuti Canxi B\u1ecbch 200ml - \u0110ang Khuy\u1ebfn m\u00e3i\",\"isPartOf\":{\"@id\":\"https:\\\/\\\/suatuyetvoi.com\\\/muasam\\\/#website\"},\"primaryImageOfPage\":{\"@id\":\"https:\\\/\\\/suatuyetvoi.com\\\/muasam\\\/san-pham\\\/thung-36-bich-sua-dau-nanh-nuti-canxi-bich-200ml\\\/#primaryimage\"},\"image\":{\"@id\":\"https:\\\/\\\/suatuyetvoi.com\\\/muasam\\\/san-pham\\\/thung-36-bich-sua-dau-nanh-nuti-canxi-bich-200ml\\\/#primaryimage\"},\"thumbnailUrl\":\"https:\\\/\\\/suatuyetvoi.com\\\/muasam\\\/wp-content\\\/uploads\\\/2023\\\/03\\\/h1000-w1000__2_-removebg-preview-1.png\",\"datePublished\":\"2023-03-29T09:26:51+00:00\",\"dateModified\":\"2023-03-29T09:33:40+00:00\",\"description\":\"T\u1eeb nh\u1eefng h\u1ea1t \u0111\u1eadu n\u00e0nh kh\u00f4ng bi\u1ebfn \u0111\u1ed5i GEN \u0111\u01b0\u1ee3c c\u00e1c chuy\u00ean gia dinh d\u01b0\u1ee1ng NutiFood l\u1ef1a ch\u1ecdn theo quy tr\u00ecnh nghi\u00eam ng\u1eb7t k\u1ebft h\u1ee3p c\u00f4ng ngh\u1ec7 tr\u00edch ly 2 l\u1ea7n l\u01b0u gi\u1eef tr\u1ecdn v\u1eb9n h\u01b0\u01a1ng v\u1ecb th\u01a1m ngon v\u00e0 to\u00e0n b\u1ed9 d\u01b0\u1ee1ng ch\u1ea5t S\u1eefa \u0110\u1eadu N\u00e0nh Nuti l\u00e0 th\u1ee9c u\u1ed1ng b\u1ed5 d\u01b0\u1ee1ng h\u1eb1ng ng\u00e0y cho c\u1ea3 gia \u0111\u00ecnh. S\u1ea3n ph\u1ea9m \u0111\u00e3 \u0111\u01b0\u1ee3c ch\u1ee9ng nh\u1eadn l\u00e2m s\u00e0ng gi\u1ea3m nguy c\u01a1 lo\u00e3ng x\u01b0\u01a1ng sau 12 tu\u1ea7n s\u1eed d\u1ee5ng.\",\"breadcrumb\":{\"@id\":\"https:\\\/\\\/suatuyetvoi.com\\\/muasam\\\/san-pham\\\/thung-36-bich-sua-dau-nanh-nuti-canxi-bich-200ml\\\/#breadcrumb\"},\"inLanguage\":\"vi\",\"potentialAction\":[{\"@type\":\"ReadAction\",\"target\":[\"https:\\\/\\\/suatuyetvoi.com\\\/muasam\\\/san-pham\\\/thung-36-bich-sua-dau-nanh-nuti-canxi-bich-200ml\\\/\"]}]},{\"@type\":\"ImageObject\",\"inLanguage\":\"vi\",\"@id\":\"https:\\\/\\\/suatuyetvoi.com\\\/muasam\\\/san-pham\\\/thung-36-bich-sua-dau-nanh-nuti-canxi-bich-200ml\\\/#primaryimage\",\"url\":\"https:\\\/\\\/suatuyetvoi.com\\\/muasam\\\/wp-content\\\/uploads\\\/2023\\\/03\\\/h1000-w1000__2_-removebg-preview-1.png\",\"contentUrl\":\"https:\\\/\\\/suatuyetvoi.com\\\/muasam\\\/wp-content\\\/uploads\\\/2023\\\/03\\\/h1000-w1000__2_-removebg-preview-1.png\",\"width\":500,\"height\":500},{\"@type\":\"BreadcrumbList\",\"@id\":\"https:\\\/\\\/suatuyetvoi.com\\\/muasam\\\/san-pham\\\/thung-36-bich-sua-dau-nanh-nuti-canxi-bich-200ml\\\/#breadcrumb\",\"itemListElement\":[{\"@type\":\"ListItem\",\"position\":1,\"name\":\"Home\",\"item\":\"https:\\\/\\\/suatuyetvoi.com\\\/muasam\\\/\"},{\"@type\":\"ListItem\",\"position\":2,\"name\":\"Shop\",\"item\":\"https:\\\/\\\/suatuyetvoi.com\\\/muasam\\\/shop\\\/\"},{\"@type\":\"ListItem\",\"position\":3,\"name\":\"Th\u00f9ng 36 B\u1ecbch S\u1eefa \u0110\u1eadu N\u00e0nh Nuti Canxi B\u1ecbch 200ml\"}]},{\"@type\":\"WebSite\",\"@id\":\"https:\\\/\\\/suatuyetvoi.com\\\/muasam\\\/#website\",\"url\":\"https:\\\/\\\/suatuyetvoi.com\\\/muasam\\\/\",\"name\":\"S\u1eefa Tuy\u1ec7t V\u1eddi\",\"description\":\"S\u1eefa Tuy\u1ec7t V\u1eddi Vi\u1ec7t Nam\",\"potentialAction\":[{\"@type\":\"SearchAction\",\"target\":{\"@type\":\"EntryPoint\",\"urlTemplate\":\"https:\\\/\\\/suatuyetvoi.com\\\/muasam\\\/?s={search_term_string}\"},\"query-input\":{\"@type\":\"PropertyValueSpecification\",\"valueRequired\":true,\"valueName\":\"search_term_string\"}}],\"inLanguage\":\"vi\"}]}<\/script>\n<!-- \/ Yoast SEO plugin. -->","yoast_head_json":{"title":"Th\u00f9ng 36 B\u1ecbch S\u1eefa \u0110\u1eadu N\u00e0nh Nuti Canxi B\u1ecbch 200ml - \u0110ang Khuy\u1ebfn m\u00e3i","description":"T\u1eeb nh\u1eefng h\u1ea1t \u0111\u1eadu n\u00e0nh kh\u00f4ng bi\u1ebfn \u0111\u1ed5i GEN \u0111\u01b0\u1ee3c c\u00e1c chuy\u00ean gia dinh d\u01b0\u1ee1ng NutiFood l\u1ef1a ch\u1ecdn theo quy tr\u00ecnh nghi\u00eam ng\u1eb7t k\u1ebft h\u1ee3p c\u00f4ng ngh\u1ec7 tr\u00edch ly 2 l\u1ea7n l\u01b0u gi\u1eef tr\u1ecdn v\u1eb9n h\u01b0\u01a1ng v\u1ecb th\u01a1m ngon v\u00e0 to\u00e0n b\u1ed9 d\u01b0\u1ee1ng ch\u1ea5t S\u1eefa \u0110\u1eadu N\u00e0nh Nuti l\u00e0 th\u1ee9c u\u1ed1ng b\u1ed5 d\u01b0\u1ee1ng h\u1eb1ng ng\u00e0y cho c\u1ea3 gia \u0111\u00ecnh. S\u1ea3n ph\u1ea9m \u0111\u00e3 \u0111\u01b0\u1ee3c ch\u1ee9ng nh\u1eadn l\u00e2m s\u00e0ng gi\u1ea3m nguy c\u01a1 lo\u00e3ng x\u01b0\u01a1ng sau 12 tu\u1ea7n s\u1eed d\u1ee5ng.","robots":{"index":"index","follow":"follow","max-snippet":"max-snippet:-1","max-image-preview":"max-image-preview:large","max-video-preview":"max-video-preview:-1"},"canonical":"https:\/\/suatuyetvoi.com\/muasam\/san-pham\/thung-36-bich-sua-dau-nanh-nuti-canxi-bich-200ml\/","og_locale":"vi_VN","og_type":"article","og_title":"S\u1eefa t\u01b0\u01a1i ti\u1ec7t tr\u00f9ng c\u00f3 \u0111\u01b0\u1eddng Vinamilk 100% S\u1eefa t\u01b0\u01a1i - Th\u00f9ng 48 b\u1ecbch x 220ml - \u0110ang Khuy\u1ebfn m\u00e3i","og_description":"Vinamilk S\u1eefa t\u01b0\u01a1i d\u1ea1ng b\u1ecbch 220ml \u0111\u01b0\u1ee3c l\u00e0m t\u1eeb 100% s\u1eefa b\u00f2 t\u01b0\u01a1i nguy\u00ean ch\u1ea5t t\u1eeb h\u1ec7 th\u1ed1ng trang tr\u1ea1i chu\u1ea9n Qu\u1ed1c t\u1ebf l\u1edbn nh\u1ea5t Ch\u00e2u \u00c1.","og_url":"https:\/\/suatuyetvoi.com\/muasam\/san-pham\/thung-36-bich-sua-dau-nanh-nuti-canxi-bich-200ml\/","og_site_name":"S\u1eefa Tuy\u1ec7t V\u1eddi","article_modified_time":"2023-03-29T09:33:40+00:00","og_image":[{"width":500,"height":500,"url":"https:\/\/suatuyetvoi.com\/muasam\/wp-content\/uploads\/2023\/03\/h1000-w1000__2_-removebg-preview-1.png","type":"image\/png"}],"twitter_card":"summary_large_image","twitter_title":"S\u1eefa t\u01b0\u01a1i ti\u1ec7t tr\u00f9ng c\u00f3 \u0111\u01b0\u1eddng Vinamilk 100% S\u1eefa t\u01b0\u01a1i - Th\u00f9ng 48 b\u1ecbch x 220ml - \u0110ang Khuy\u1ebfn m\u00e3i","twitter_description":"Vinamilk S\u1eefa t\u01b0\u01a1i d\u1ea1ng b\u1ecbch 220ml \u0111\u01b0\u1ee3c l\u00e0m t\u1eeb 100% s\u1eefa b\u00f2 t\u01b0\u01a1i nguy\u00ean ch\u1ea5t t\u1eeb h\u1ec7 th\u1ed1ng trang tr\u1ea1i chu\u1ea9n Qu\u1ed1c t\u1ebf l\u1edbn nh\u1ea5t Ch\u00e2u \u00c1.","twitter_misc":{"\u01af\u1edbc t\u00ednh th\u1eddi gian \u0111\u1ecdc":"2 ph\u00fat"},"schema":{"@context":"https:\/\/schema.org","@graph":[{"@type":"WebPage","@id":"https:\/\/suatuyetvoi.com\/muasam\/san-pham\/thung-36-bich-sua-dau-nanh-nuti-canxi-bich-200ml\/","url":"https:\/\/suatuyetvoi.com\/muasam\/san-pham\/thung-36-bich-sua-dau-nanh-nuti-canxi-bich-200ml\/","name":"Th\u00f9ng 36 B\u1ecbch S\u1eefa \u0110\u1eadu N\u00e0nh Nuti Canxi B\u1ecbch 200ml - \u0110ang Khuy\u1ebfn m\u00e3i","isPartOf":{"@id":"https:\/\/suatuyetvoi.com\/muasam\/#website"},"primaryImageOfPage":{"@id":"https:\/\/suatuyetvoi.com\/muasam\/san-pham\/thung-36-bich-sua-dau-nanh-nuti-canxi-bich-200ml\/#primaryimage"},"image":{"@id":"https:\/\/suatuyetvoi.com\/muasam\/san-pham\/thung-36-bich-sua-dau-nanh-nuti-canxi-bich-200ml\/#primaryimage"},"thumbnailUrl":"https:\/\/suatuyetvoi.com\/muasam\/wp-content\/uploads\/2023\/03\/h1000-w1000__2_-removebg-preview-1.png","datePublished":"2023-03-29T09:26:51+00:00","dateModified":"2023-03-29T09:33:40+00:00","description":"T\u1eeb nh\u1eefng h\u1ea1t \u0111\u1eadu n\u00e0nh kh\u00f4ng bi\u1ebfn \u0111\u1ed5i GEN \u0111\u01b0\u1ee3c c\u00e1c chuy\u00ean gia dinh d\u01b0\u1ee1ng NutiFood l\u1ef1a ch\u1ecdn theo quy tr\u00ecnh nghi\u00eam ng\u1eb7t k\u1ebft h\u1ee3p c\u00f4ng ngh\u1ec7 tr\u00edch ly 2 l\u1ea7n l\u01b0u gi\u1eef tr\u1ecdn v\u1eb9n h\u01b0\u01a1ng v\u1ecb th\u01a1m ngon v\u00e0 to\u00e0n b\u1ed9 d\u01b0\u1ee1ng ch\u1ea5t S\u1eefa \u0110\u1eadu N\u00e0nh Nuti l\u00e0 th\u1ee9c u\u1ed1ng b\u1ed5 d\u01b0\u1ee1ng h\u1eb1ng ng\u00e0y cho c\u1ea3 gia \u0111\u00ecnh. S\u1ea3n ph\u1ea9m \u0111\u00e3 \u0111\u01b0\u1ee3c ch\u1ee9ng nh\u1eadn l\u00e2m s\u00e0ng gi\u1ea3m nguy c\u01a1 lo\u00e3ng x\u01b0\u01a1ng sau 12 tu\u1ea7n s\u1eed d\u1ee5ng.","breadcrumb":{"@id":"https:\/\/suatuyetvoi.com\/muasam\/san-pham\/thung-36-bich-sua-dau-nanh-nuti-canxi-bich-200ml\/#breadcrumb"},"inLanguage":"vi","potentialAction":[{"@type":"ReadAction","target":["https:\/\/suatuyetvoi.com\/muasam\/san-pham\/thung-36-bich-sua-dau-nanh-nuti-canxi-bich-200ml\/"]}]},{"@type":"ImageObject","inLanguage":"vi","@id":"https:\/\/suatuyetvoi.com\/muasam\/san-pham\/thung-36-bich-sua-dau-nanh-nuti-canxi-bich-200ml\/#primaryimage","url":"https:\/\/suatuyetvoi.com\/muasam\/wp-content\/uploads\/2023\/03\/h1000-w1000__2_-removebg-preview-1.png","contentUrl":"https:\/\/suatuyetvoi.com\/muasam\/wp-content\/uploads\/2023\/03\/h1000-w1000__2_-removebg-preview-1.png","width":500,"height":500},{"@type":"BreadcrumbList","@id":"https:\/\/suatuyetvoi.com\/muasam\/san-pham\/thung-36-bich-sua-dau-nanh-nuti-canxi-bich-200ml\/#breadcrumb","itemListElement":[{"@type":"ListItem","position":1,"name":"Home","item":"https:\/\/suatuyetvoi.com\/muasam\/"},{"@type":"ListItem","position":2,"name":"Shop","item":"https:\/\/suatuyetvoi.com\/muasam\/shop\/"},{"@type":"ListItem","position":3,"name":"Th\u00f9ng 36 B\u1ecbch S\u1eefa \u0110\u1eadu N\u00e0nh Nuti Canxi B\u1ecbch 200ml"}]},{"@type":"WebSite","@id":"https:\/\/suatuyetvoi.com\/muasam\/#website","url":"https:\/\/suatuyetvoi.com\/muasam\/","name":"S\u1eefa Tuy\u1ec7t V\u1eddi","description":"S\u1eefa Tuy\u1ec7t V\u1eddi Vi\u1ec7t Nam","potentialAction":[{"@type":"SearchAction","target":{"@type":"EntryPoint","urlTemplate":"https:\/\/suatuyetvoi.com\/muasam\/?s={search_term_string}"},"query-input":{"@type":"PropertyValueSpecification","valueRequired":true,"valueName":"search_term_string"}}],"inLanguage":"vi"}]}},"_links":{"self":[{"href":"https:\/\/suatuyetvoi.com\/muasam\/wp-json\/wp\/v2\/product\/6212","targetHints":{"allow":["GET"]}}],"collection":[{"href":"https:\/\/suatuyetvoi.com\/muasam\/wp-json\/wp\/v2\/product"}],"about":[{"href":"https:\/\/suatuyetvoi.com\/muasam\/wp-json\/wp\/v2\/types\/product"}],"replies":[{"embeddable":true,"href":"https:\/\/suatuyetvoi.com\/muasam\/wp-json\/wp\/v2\/comments?post=6212"}],"wp:featuredmedia":[{"embeddable":true,"href":"https:\/\/suatuyetvoi.com\/muasam\/wp-json\/wp\/v2\/media\/6216"}],"wp:attachment":[{"href":"https:\/\/suatuyetvoi.com\/muasam\/wp-json\/wp\/v2\/media?parent=6212"}],"wp:term":[{"taxonomy":"product_cat","embeddable":true,"href":"https:\/\/suatuyetvoi.com\/muasam\/wp-json\/wp\/v2\/product_cat?post=6212"},{"taxonomy":"product_tag","embeddable":true,"href":"https:\/\/suatuyetvoi.com\/muasam\/wp-json\/wp\/v2\/product_tag?post=6212"}],"curies":[{"name":"wp","href":"https:\/\/api.w.org\/{rel}","templated":true}]}}