{"id":5861,"date":"2023-03-21T18:23:20","date_gmt":"2023-03-21T11:23:20","guid":{"rendered":"https:\/\/suatuyetvoi.com\/muasam\/?post_type=product&#038;p=5861"},"modified":"2023-03-21T18:32:20","modified_gmt":"2023-03-21T11:32:20","slug":"sua-similac-5g-so-4-17kg-2-6-tuoi","status":"publish","type":"product","link":"https:\/\/suatuyetvoi.com\/muasam\/san-pham\/sua-similac-5g-so-4-17kg-2-6-tuoi\/","title":{"rendered":"S\u1eefa Similac 5G s\u1ed1 4 1,7kg (2-6 tu\u1ed5i)"},"content":{"rendered":"<h3>Th\u00f4ng tin chi ti\u1ebft<\/h3>\n<table class=\"table table-bordered table-striped p_bottom_0\">\n<tbody>\n<tr>\n<td>T\u00ean s\u1ea3n ph\u1ea9m<\/td>\n<td>S\u1eefa Similac 5G s\u1ed1 4 1,7kg (2-6 tu\u1ed5i)<\/td>\n<\/tr>\n<tr>\n<td>Th\u01b0\u01a1ng hi\u1ec7u<\/td>\n<td>Abbott<\/td>\n<\/tr>\n<tr>\n<td>Xu\u1ea5t x\u1ee9 th\u01b0\u01a1ng hi\u1ec7u<\/td>\n<td>Hoa K\u1ef3<\/td>\n<\/tr>\n<tr>\n<td>S\u1ea3n xu\u1ea5t t\u1ea1i<\/td>\n<td>Ireland<\/td>\n<\/tr>\n<tr>\n<td>Tr\u1ecdng l\u01b0\u1ee3ng s\u1ea3n ph\u1ea9m<\/td>\n<td>1.7<\/td>\n<\/tr>\n<tr>\n<td>H\u01b0\u1edbng d\u1eabn s\u1eed d\u1ee5ng<\/td>\n<td>. S\u1eed d\u1ee5ng theo h\u01b0\u1edbng d\u1eabn c\u1ee7a nh\u00e2n vi\u00ean y t\u1ebf.<br \/>\n. Khi pha c\u1ea7n v\u1ec7 sinh s\u1ea1ch s\u1ebd, pha v\u00e0 b\u1ea3o qu\u1ea3n \u0111\u00fang c\u00e1ch.<br \/>\n. Kh\u00f4ng tu\u00e2n th\u1ee7 c\u00e1c h\u01b0\u1edbng d\u1eabn n\u00e0y c\u00f3 th\u1ec3 s\u1ebd g\u00e2y \u1ea3nh h\u01b0\u1edfng kh\u00f4ng t\u1ed1t cho s\u1ee9c kh\u1ecfe c\u1ee7a b\u00e9.<br \/>\n. C\u00e1c lo\u1ea1i s\u1ea3n ph\u1ea9m dinh d\u01b0\u1ee1ng c\u00f4ng th\u1ee9c \u0111\u1ec1u kh\u00f4ng tuy\u1ec7t \u0111\u1ed1i v\u00f4 tr\u00f9ng, do \u0111\u00f3 khi d\u00f9ng cho tr\u1ebb sinh non ho\u1eb7c tr\u1ebb c\u00f3 v\u1ea5n \u0111\u1ec1 v\u1ec1 mi\u1ec5n d\u1ecbch c\u1ea7n ph\u1ea3i theo s\u1ef1 h\u01b0\u1edbng d\u1eabn v\u00e0 theo d\u00f5i c\u1ee7a b\u00e1c s\u0129.<br \/>\n. N\u01b0\u1edbc d\u00f9ng \u0111\u1ec3 pha ph\u1ea3i \u0111\u01b0\u1ee3c \u0111un s\u00f4i 5 ph\u00fat, \u0111\u1ec3 ngu\u1ed9i v\u00e0 pha c\u1ea9n th\u1eadn theo h\u01b0\u1edbng d\u1eabn k\u00e8m theo.<br \/>\n. Ch\u1ec9 d\u00f9ng mu\u1ed7ng c\u00f3 s\u1eb5n trong h\u1ed9p \u0111\u1ec3 l\u01b0\u1eddng.<br \/>\n. N\u1ebfu pha h\u01a1n 1 l\u1ea7n d\u00f9ng th\u00ec l\u01b0\u1ee3ng pha d\u01b0 ph\u1ea3i gi\u1eef l\u1ea1nh \u1edf nhi\u1ec7t \u0111\u1ed9 2-4 \u0111\u1ed9 C v\u00e0 d\u00f9ng trong 24h.<br \/>\n. Ch\u1ec9 cho b\u00e9 d\u00f9ng t\u1ed1i \u0111a trong v\u00f2ng 1h, sau \u0111\u00f3 ph\u1ea3i \u0111\u1ed5 b\u1ecf ph\u1ea7n c\u00f2n th\u1eeba.<\/td>\n<\/tr>\n<tr>\n<td>H\u01b0\u1edbng d\u1eabn b\u1ea3o qu\u1ea3n<\/td>\n<td>. B\u1ea3o qu\u1ea3n h\u1ed9p ch\u01b0a m\u1edf n\u1eafp \u1edf nhi\u1ec7t \u0111\u1ed9 ph\u00f2ng.<br \/>\n. H\u1ed9p \u0111\u00e3 m\u1edf n\u1eafp n\u00ean s\u1eed d\u1ee5ng trong v\u00f2ng 3 tu\u1ea7n.<br \/>\n. \u0110\u1eady n\u1eafp k\u00edn v\u00e0 b\u1ea3o qu\u1ea3n n\u01a1i kh\u00f4 m\u00e1t (kh\u00f4ng \u0111\u1ec3 trong t\u1ee7 l\u1ea1nh).<\/td>\n<\/tr>\n<\/tbody>\n<\/table>\n<div class=\"block font-16 font-italic mb-2\"><em>S\u1eefa m\u1eb9 l\u00e0 th\u1ee9c \u0103n t\u1ed1t nh\u1ea5t cho s\u1ee9c kh\u1ecfe v\u00e0 s\u1ef1 ph\u00e1t tri\u1ec3n to\u00e0n di\u1ec7n c\u1ee7a tr\u1ebb nh\u1ecf<\/em><\/div>\n<div id=\"product-description\" class=\"product-description has-more-content less-content table-responsive full-screen content-format \">\n<div class=\"addclassfont16\">\n<p dir=\"ltr\"><b><\/b><b>S\u1eefa Similac 5G s\u1ed1 4\u00a0<\/b>l\u00e0 s\u1ea3n ph\u1ea9m dinh d\u01b0\u1ee1ng d\u00e0nh cho b\u00e9 t\u1eeb 2-6 tu\u1ed5i. S\u1edf h\u1eefu h\u1ec7 d\u01b0\u1ee1ng ch\u1ea5t Prodi-GTM v\u00e0 dinh d\u01b0\u1ee1ng 5G \u0111\u1ed9t ph\u00e1, s\u1ea3n ph\u1ea9m gi\u00fap b\u00e9\u00a0ph\u00e1t tri\u1ec3n t\u1ed1t n\u00e3o b\u1ed9, t\u0103ng c\u01b0\u1eddng s\u1ee9c \u0111\u1ec1 kh\u00e1ng v\u00e0 h\u1ec7 ti\u00eau h\u00f3a kh\u1ecfe m\u1ea1nh.<\/p>\n<\/div>\n<\/div>\n<p><img loading=\"lazy\" decoding=\"async\" class=\"alignnone wp-image-5862 size-full\" src=\"https:\/\/suatuyetvoi.com\/muasam\/wp-content\/uploads\/2023\/03\/1666004133-thumb-con-cung-sml-4-1-7kg.jpg\" alt=\"\" width=\"1000\" height=\"1000\" srcset=\"https:\/\/suatuyetvoi.com\/muasam\/wp-content\/uploads\/2023\/03\/1666004133-thumb-con-cung-sml-4-1-7kg.jpg 1000w, https:\/\/suatuyetvoi.com\/muasam\/wp-content\/uploads\/2023\/03\/1666004133-thumb-con-cung-sml-4-1-7kg-400x400.jpg 400w, https:\/\/suatuyetvoi.com\/muasam\/wp-content\/uploads\/2023\/03\/1666004133-thumb-con-cung-sml-4-1-7kg-800x800.jpg 800w, https:\/\/suatuyetvoi.com\/muasam\/wp-content\/uploads\/2023\/03\/1666004133-thumb-con-cung-sml-4-1-7kg-280x280.jpg 280w, https:\/\/suatuyetvoi.com\/muasam\/wp-content\/uploads\/2023\/03\/1666004133-thumb-con-cung-sml-4-1-7kg-768x768.jpg 768w, https:\/\/suatuyetvoi.com\/muasam\/wp-content\/uploads\/2023\/03\/1666004133-thumb-con-cung-sml-4-1-7kg-300x300.jpg 300w, https:\/\/suatuyetvoi.com\/muasam\/wp-content\/uploads\/2023\/03\/1666004133-thumb-con-cung-sml-4-1-7kg-600x600.jpg 600w, https:\/\/suatuyetvoi.com\/muasam\/wp-content\/uploads\/2023\/03\/1666004133-thumb-con-cung-sml-4-1-7kg-100x100.jpg 100w\" sizes=\"auto, (max-width: 1000px) 100vw, 1000px\" \/><\/p>\n<h3>\u0110\u1eb7c \u0111i\u1ec3m n\u1ed5i b\u1eadt c\u1ee7a s\u1ea3n ph\u1ea9m<\/h3>\n<p dir=\"ltr\"><b><i>Gi\u00fap b\u00e9 ph\u00e1t tri\u1ec3n n\u00e3o b\u1ed9<\/i><\/b><\/p>\n<p dir=\"ltr\">. B\u1ed5 sung Gangliosides: l\u00e0 m\u1ed9t th\u00e0nh ph\u1ea7n ch\u1ea5t b\u00e9o quan tr\u1ecdng c\u1ee7a m\u00e0ng t\u1ebf b\u00e0o th\u1ea7n kinh trong n\u00e3o b\u1ed9 gi\u00fap h\u1ed7 tr\u1ee3 ph\u00e1t tri\u1ec3n nh\u1eadn th\u1ee9c \u1edf tr\u1ebb;<\/p>\n<p dir=\"ltr\">. B\u1ed9 3 d\u01b0\u1ee1ng ch\u1ea5t v\u00e0ng lutein, vitamin E t\u1ef1 nhi\u00ean, DHA, c\u00f9ng v\u1edbi AA, omega 3, omega 6, taurin v\u00e0 cholin: gi\u00fap tr\u1ebb ph\u00e1t tri\u1ec3n t\u1ed1t n\u00e3o b\u1ed9;<\/p>\n<p dir=\"ltr\">. H\u1ec7 ch\u1ea5t b\u00e9o \u0111\u1eb7c bi\u1ec7t kh\u00f4ng ch\u1ee9a d\u1ea7u c\u1ecd: gi\u00fap t\u0103ng c\u01b0\u1eddng h\u1ea5p thu c\u00e1c d\u01b0\u1ee1ng ch\u1ea5t quan tr\u1ecdng cho n\u00e3o b\u1ed9 (DHA v\u00e0 AA).<\/p>\n<p dir=\"ltr\"><b><i>Gi\u00fap t\u0103ng c\u01b0\u1eddng s\u1ee9c \u0111\u1ec1 kh\u00e1ng\u00a0<\/i><\/b><\/p>\n<p dir=\"ltr\">. B\u1ed5 sung HMOs (Oligosaccharides c\u1ee7a s\u1eefa m\u1eb9): gi\u00fap t\u0103ng c\u01b0\u1eddng s\u1ee9c \u0111\u1ec1 kh\u00e1ng, gi\u00fap gi\u1ea3m nguy c\u01a1 nhi\u1ec5m khu\u1ea9n \u1edf tr\u1ebb nh\u1ecf;<\/p>\n<p dir=\"ltr\">. Ph\u1ed1i h\u1ee3p \u0111\u1eb7c bi\u1ec7t nucleotides v\u00e0 probiotics (l\u1ee3i khu\u1ea9n BB-12\u00ae) gi\u00fap tr\u1ebb t\u0103ng c\u01b0\u1eddng s\u1ee9c \u0111\u1ec1 kh\u00e1ng.<\/p>\n<p dir=\"ltr\"><b><i>Gi\u00fap ti\u00eau ho\u00e1 t\u1ed1t\u00a0<\/i><\/b><\/p>\n<p dir=\"ltr\">. Ph\u1ed1i h\u1ee3p khoa h\u1ecdc Probiotics (Bifidobacterium lactis BB-12, l\u00e0 c\u00e1c vi khu\u1ea9n c\u00f3 l\u1ee3i trong \u0111\u01b0\u1eddng ti\u00eau h\u00f3a) v\u00e0 HMOs: gi\u00fap h\u1ec7 ti\u00eau h\u00f3a kh\u1ecfe m\u1ea1nh, h\u1ed7 tr\u1ee3 ti\u00eau h\u00f3a t\u1ed1t;<\/p>\n<p dir=\"ltr\">. H\u1ec7 ch\u1ea5t b\u00e9o \u0111\u1eb7c bi\u1ec7t kh\u00f4ng ch\u1ee9a d\u1ea7u c\u1ecd: gi\u00fap tr\u1ebb h\u1ea5p thu canxi t\u1ed1t h\u01a1n, \u00edt r\u1ed1i lo\u1ea1n ti\u00eau h\u00f3a.<\/p>\n<p><img loading=\"lazy\" decoding=\"async\" class=\"alignnone wp-image-5848 size-full\" src=\"https:\/\/suatuyetvoi.com\/muasam\/wp-content\/uploads\/2023\/03\/1635503647-s4-inforgraphic-2-03-scaled.jpg\" alt=\"\" width=\"1828\" height=\"2560\" srcset=\"https:\/\/suatuyetvoi.com\/muasam\/wp-content\/uploads\/2023\/03\/1635503647-s4-inforgraphic-2-03-scaled.jpg 1828w, https:\/\/suatuyetvoi.com\/muasam\/wp-content\/uploads\/2023\/03\/1635503647-s4-inforgraphic-2-03-286x400.jpg 286w, https:\/\/suatuyetvoi.com\/muasam\/wp-content\/uploads\/2023\/03\/1635503647-s4-inforgraphic-2-03-571x800.jpg 571w, https:\/\/suatuyetvoi.com\/muasam\/wp-content\/uploads\/2023\/03\/1635503647-s4-inforgraphic-2-03-768x1076.jpg 768w, https:\/\/suatuyetvoi.com\/muasam\/wp-content\/uploads\/2023\/03\/1635503647-s4-inforgraphic-2-03-1097x1536.jpg 1097w, https:\/\/suatuyetvoi.com\/muasam\/wp-content\/uploads\/2023\/03\/1635503647-s4-inforgraphic-2-03-1462x2048.jpg 1462w, https:\/\/suatuyetvoi.com\/muasam\/wp-content\/uploads\/2023\/03\/1635503647-s4-inforgraphic-2-03-600x840.jpg 600w\" sizes=\"auto, (max-width: 1828px) 100vw, 1828px\" \/><\/p>\n<p dir=\"ltr\"><b>T\u1ef7 l\u1ec7 pha g\u1ee3i \u00fd<\/b><\/p>\n<p dir=\"ltr\"><img loading=\"lazy\" decoding=\"async\" class=\"alignnone wp-image-5849 size-full\" src=\"https:\/\/suatuyetvoi.com\/muasam\/wp-content\/uploads\/2023\/03\/Screen-Shot-2021-10-28-at-10.51.40.png\" alt=\"\" width=\"1314\" height=\"678\" srcset=\"https:\/\/suatuyetvoi.com\/muasam\/wp-content\/uploads\/2023\/03\/Screen-Shot-2021-10-28-at-10.51.40.png 1314w, https:\/\/suatuyetvoi.com\/muasam\/wp-content\/uploads\/2023\/03\/Screen-Shot-2021-10-28-at-10.51.40-775x400.png 775w, https:\/\/suatuyetvoi.com\/muasam\/wp-content\/uploads\/2023\/03\/Screen-Shot-2021-10-28-at-10.51.40-768x396.png 768w, https:\/\/suatuyetvoi.com\/muasam\/wp-content\/uploads\/2023\/03\/Screen-Shot-2021-10-28-at-10.51.40-600x310.png 600w\" sizes=\"auto, (max-width: 1314px) 100vw, 1314px\" \/><\/p>\n<p dir=\"ltr\"><b>Th\u00e0nh ph\u1ea7n\u00a0<\/b><\/p>\n<p dir=\"ltr\">S\u1eefa kh\u00f4ng b\u00e9o, lactose, d\u1ea7u th\u1ef1c v\u1eadt ( ch\u1ee9a: d\u1ea7u h\u01b0\u1edbng d\u01b0\u01a1ng gi\u00e0u oleic, d\u1ea7u \u0111\u1eadu n\u00e0nh, d\u1ea7u d\u1eeba), b\u1ed9t b\u01a1 s\u1eefa, kho\u00e1ng ch\u1ea5t (canxi carbonat, tricanxi phosphat, kali citrat, magi\u00ea clorid, natri clorid, kali hydroxid, s\u1eaft sulfat, k\u1ebdm sulfat, mangan sulfat, canxi clorid, \u0111\u1ed3ng sulfat, natri selenat, kali iodid), 5 HMOs\u00a0 (2\u2019-fucosyllactose, lacto-N-tetraose, 3-fucosyllactose, 6\u2019-sialyllactose, 3\u2019-sialyllactose), Vitamin (acid ascorbic, niacinamid, RRR-\u03b1-tocopheryl acetat\u25ca, canxi d-pantothenat, retinyl palmitat, thiamin hydroclorid, pyridoxin hydroclorid, riboflavin, acid folic, phylloquinon, d-biotin, cholecalciferol, cyanocobalamin), ch\u1ea5t nh\u0169 h\u00f3a lecithin \u0111\u1eadu n\u00e0nh, myo-inositol, acid docosahexaenoic (DHA), h\u01b0\u01a1ng vani t\u1ed5ng h\u1ee3p, cholin clorid, taurin, acid arachidonic (AA), cholin bitartrat, Bifidobacterium lactis BB-12*, ascorbyl palmitat, NUCLEOTIDES (cytidin 5&#8242;-monophosphat, dinatri uridin 5&#8242;-monophosphat, adenosin 5&#8242;-monophosphat, dinatri guanosin 5&#8242;-monophosphat), h\u1ed7n h\u1ee3p tocopherol, CAROTENOID (lutein, \u03b2-caroten).<\/p>\n<p dir=\"ltr\">*Vitamin E t\u1ef1 nhi\u00ean.<\/p>\n<p dir=\"ltr\">*BB-12: th\u01b0\u01a1ng hi\u1ec7u c\u1ee7a Chr. Hansen.<\/p>\n","protected":false},"excerpt":{"rendered":"<p>H\u1ec7 d\u01b0\u1ee1ng ch\u1ea5t IQ Plus ph\u00e1t tri\u1ec3n n\u00e3o b\u1ed9<br \/>\nT\u0103ng c\u01b0\u1eddng \u0111\u1ec1 kh\u00e1ng v\u00e0 ti\u00eau h\u00f3a kh\u1ecfe m\u1ea1nh<br \/>\nGi\u00fap h\u1ea5p thu Canxi t\u1ed1t<\/p>\n","protected":false},"featured_media":5863,"comment_status":"open","ping_status":"closed","template":"","meta":[],"product_cat":[231],"product_tag":[573,574,578,542,556,529,563,535],"class_list":["post-5861","product","type-product","status-publish","has-post-thumbnail","hentry","product_cat-sua-bot","product_tag-ho-tro-giup-phat-trien-nao-bo","product_tag-ho-tro-tang-suc-de-khang","product_tag-ho-tro-tieu-hoa","product_tag-phat-trien-tri-nao","product_tag-tang-cuong-he-mien-dich","product_tag-tang-cuong-mien-dich","product_tag-tri-nao","product_tag-tu-3-6-tuoi","berocket_brand-abbott"],"yoast_head":"<!-- This site is optimized with the Yoast SEO plugin v27.6 - https:\/\/yoast.com\/product\/yoast-seo-wordpress\/ -->\n<title>S\u1eefa Similac 5G s\u1ed1 4 1,7kg (2-6 tu\u1ed5i) - \u0110ang Khuy\u1ebfn m\u00e3i<\/title>\n<meta name=\"description\" content=\"S\u1eefa Similac 5G s\u1ed1 4\u00a0l\u00e0 s\u1ea3n ph\u1ea9m dinh d\u01b0\u1ee1ng d\u00e0nh cho b\u00e9 t\u1eeb 2-6 tu\u1ed5i. S\u1edf h\u1eefu h\u1ec7 d\u01b0\u1ee1ng ch\u1ea5t Prodi-GTM v\u00e0 dinh d\u01b0\u1ee1ng 5G \u0111\u1ed9t ph\u00e1, s\u1ea3n ph\u1ea9m gi\u00fap b\u00e9\u00a0ph\u00e1t tri\u1ec3n t\u1ed1t n\u00e3o b\u1ed9, t\u0103ng c\u01b0\u1eddng s\u1ee9c \u0111\u1ec1 kh\u00e1ng v\u00e0 h\u1ec7 ti\u00eau h\u00f3a kh\u1ecfe m\u1ea1nh.\u00a0\" \/>\n<meta name=\"robots\" content=\"index, follow, max-snippet:-1, max-image-preview:large, max-video-preview:-1\" \/>\n<link rel=\"canonical\" href=\"https:\/\/suatuyetvoi.com\/muasam\/san-pham\/sua-similac-5g-so-4-17kg-2-6-tuoi\/\" \/>\n<meta property=\"og:locale\" content=\"vi_VN\" \/>\n<meta property=\"og:type\" content=\"article\" \/>\n<meta property=\"og:title\" content=\"S\u1eefa Similac 5G s\u1ed1 4 1,7kg (2-6 tu\u1ed5i) - \u0110ang Khuy\u1ebfn m\u00e3i\" \/>\n<meta property=\"og:description\" content=\"S\u1eefa Similac 5G s\u1ed1 4\u00a0l\u00e0 s\u1ea3n ph\u1ea9m dinh d\u01b0\u1ee1ng d\u00e0nh cho b\u00e9 t\u1eeb 2-6 tu\u1ed5i. S\u1edf h\u1eefu h\u1ec7 d\u01b0\u1ee1ng ch\u1ea5t Prodi-GTM v\u00e0 dinh d\u01b0\u1ee1ng 5G \u0111\u1ed9t ph\u00e1, s\u1ea3n ph\u1ea9m gi\u00fap b\u00e9\u00a0ph\u00e1t tri\u1ec3n t\u1ed1t n\u00e3o b\u1ed9, t\u0103ng c\u01b0\u1eddng s\u1ee9c \u0111\u1ec1 kh\u00e1ng v\u00e0 h\u1ec7 ti\u00eau h\u00f3a kh\u1ecfe m\u1ea1nh.\u00a0\" \/>\n<meta property=\"og:url\" content=\"https:\/\/suatuyetvoi.com\/muasam\/san-pham\/sua-similac-5g-so-4-17kg-2-6-tuoi\/\" \/>\n<meta property=\"og:site_name\" content=\"S\u1eefa Tuy\u1ec7t V\u1eddi\" \/>\n<meta property=\"article:modified_time\" content=\"2023-03-21T11:32:20+00:00\" \/>\n<meta property=\"og:image\" content=\"https:\/\/suatuyetvoi.com\/muasam\/wp-content\/uploads\/2023\/03\/abbott-2-1.png\" \/>\n\t<meta property=\"og:image:width\" content=\"1080\" \/>\n\t<meta property=\"og:image:height\" content=\"1080\" \/>\n\t<meta property=\"og:image:type\" content=\"image\/png\" \/>\n<meta name=\"twitter:card\" content=\"summary_large_image\" \/>\n<meta name=\"twitter:title\" content=\"S\u1eefa Similac 5G s\u1ed1 4 1,7kg (2-6 tu\u1ed5i) - \u0110ang Khuy\u1ebfn m\u00e3i\" \/>\n<meta name=\"twitter:description\" content=\"S\u1eefa Similac 5G s\u1ed1 4\u00a0l\u00e0 s\u1ea3n ph\u1ea9m dinh d\u01b0\u1ee1ng d\u00e0nh cho b\u00e9 t\u1eeb 2-6 tu\u1ed5i. S\u1edf h\u1eefu h\u1ec7 d\u01b0\u1ee1ng ch\u1ea5t Prodi-GTM v\u00e0 dinh d\u01b0\u1ee1ng 5G \u0111\u1ed9t ph\u00e1, s\u1ea3n ph\u1ea9m gi\u00fap b\u00e9\u00a0ph\u00e1t tri\u1ec3n t\u1ed1t n\u00e3o b\u1ed9, t\u0103ng c\u01b0\u1eddng s\u1ee9c \u0111\u1ec1 kh\u00e1ng v\u00e0 h\u1ec7 ti\u00eau h\u00f3a kh\u1ecfe m\u1ea1nh.\u00a0\" \/>\n<meta name=\"twitter:label1\" content=\"\u01af\u1edbc t\u00ednh th\u1eddi gian \u0111\u1ecdc\" \/>\n\t<meta name=\"twitter:data1\" content=\"5 ph\u00fat\" \/>\n<script type=\"application\/ld+json\" class=\"yoast-schema-graph\">{\"@context\":\"https:\\\/\\\/schema.org\",\"@graph\":[{\"@type\":\"WebPage\",\"@id\":\"https:\\\/\\\/suatuyetvoi.com\\\/muasam\\\/san-pham\\\/sua-similac-5g-so-4-17kg-2-6-tuoi\\\/\",\"url\":\"https:\\\/\\\/suatuyetvoi.com\\\/muasam\\\/san-pham\\\/sua-similac-5g-so-4-17kg-2-6-tuoi\\\/\",\"name\":\"S\u1eefa Similac 5G s\u1ed1 4 1,7kg (2-6 tu\u1ed5i) - \u0110ang Khuy\u1ebfn m\u00e3i\",\"isPartOf\":{\"@id\":\"https:\\\/\\\/suatuyetvoi.com\\\/muasam\\\/#website\"},\"primaryImageOfPage\":{\"@id\":\"https:\\\/\\\/suatuyetvoi.com\\\/muasam\\\/san-pham\\\/sua-similac-5g-so-4-17kg-2-6-tuoi\\\/#primaryimage\"},\"image\":{\"@id\":\"https:\\\/\\\/suatuyetvoi.com\\\/muasam\\\/san-pham\\\/sua-similac-5g-so-4-17kg-2-6-tuoi\\\/#primaryimage\"},\"thumbnailUrl\":\"https:\\\/\\\/suatuyetvoi.com\\\/muasam\\\/wp-content\\\/uploads\\\/2023\\\/03\\\/abbott-2-1.png\",\"datePublished\":\"2023-03-21T11:23:20+00:00\",\"dateModified\":\"2023-03-21T11:32:20+00:00\",\"description\":\"S\u1eefa Similac 5G s\u1ed1 4\u00a0l\u00e0 s\u1ea3n ph\u1ea9m dinh d\u01b0\u1ee1ng d\u00e0nh cho b\u00e9 t\u1eeb 2-6 tu\u1ed5i. S\u1edf h\u1eefu h\u1ec7 d\u01b0\u1ee1ng ch\u1ea5t Prodi-GTM v\u00e0 dinh d\u01b0\u1ee1ng 5G \u0111\u1ed9t ph\u00e1, s\u1ea3n ph\u1ea9m gi\u00fap b\u00e9\u00a0ph\u00e1t tri\u1ec3n t\u1ed1t n\u00e3o b\u1ed9, t\u0103ng c\u01b0\u1eddng s\u1ee9c \u0111\u1ec1 kh\u00e1ng v\u00e0 h\u1ec7 ti\u00eau h\u00f3a kh\u1ecfe m\u1ea1nh.\u00a0\",\"breadcrumb\":{\"@id\":\"https:\\\/\\\/suatuyetvoi.com\\\/muasam\\\/san-pham\\\/sua-similac-5g-so-4-17kg-2-6-tuoi\\\/#breadcrumb\"},\"inLanguage\":\"vi\",\"potentialAction\":[{\"@type\":\"ReadAction\",\"target\":[\"https:\\\/\\\/suatuyetvoi.com\\\/muasam\\\/san-pham\\\/sua-similac-5g-so-4-17kg-2-6-tuoi\\\/\"]}]},{\"@type\":\"ImageObject\",\"inLanguage\":\"vi\",\"@id\":\"https:\\\/\\\/suatuyetvoi.com\\\/muasam\\\/san-pham\\\/sua-similac-5g-so-4-17kg-2-6-tuoi\\\/#primaryimage\",\"url\":\"https:\\\/\\\/suatuyetvoi.com\\\/muasam\\\/wp-content\\\/uploads\\\/2023\\\/03\\\/abbott-2-1.png\",\"contentUrl\":\"https:\\\/\\\/suatuyetvoi.com\\\/muasam\\\/wp-content\\\/uploads\\\/2023\\\/03\\\/abbott-2-1.png\",\"width\":1080,\"height\":1080},{\"@type\":\"BreadcrumbList\",\"@id\":\"https:\\\/\\\/suatuyetvoi.com\\\/muasam\\\/san-pham\\\/sua-similac-5g-so-4-17kg-2-6-tuoi\\\/#breadcrumb\",\"itemListElement\":[{\"@type\":\"ListItem\",\"position\":1,\"name\":\"Home\",\"item\":\"https:\\\/\\\/suatuyetvoi.com\\\/muasam\\\/\"},{\"@type\":\"ListItem\",\"position\":2,\"name\":\"Shop\",\"item\":\"https:\\\/\\\/suatuyetvoi.com\\\/muasam\\\/shop\\\/\"},{\"@type\":\"ListItem\",\"position\":3,\"name\":\"S\u1eefa Similac 5G s\u1ed1 4 1,7kg (2-6 tu\u1ed5i)\"}]},{\"@type\":\"WebSite\",\"@id\":\"https:\\\/\\\/suatuyetvoi.com\\\/muasam\\\/#website\",\"url\":\"https:\\\/\\\/suatuyetvoi.com\\\/muasam\\\/\",\"name\":\"S\u1eefa Tuy\u1ec7t V\u1eddi\",\"description\":\"S\u1eefa Tuy\u1ec7t V\u1eddi Vi\u1ec7t Nam\",\"potentialAction\":[{\"@type\":\"SearchAction\",\"target\":{\"@type\":\"EntryPoint\",\"urlTemplate\":\"https:\\\/\\\/suatuyetvoi.com\\\/muasam\\\/?s={search_term_string}\"},\"query-input\":{\"@type\":\"PropertyValueSpecification\",\"valueRequired\":true,\"valueName\":\"search_term_string\"}}],\"inLanguage\":\"vi\"}]}<\/script>\n<!-- \/ Yoast SEO plugin. -->","yoast_head_json":{"title":"S\u1eefa Similac 5G s\u1ed1 4 1,7kg (2-6 tu\u1ed5i) - \u0110ang Khuy\u1ebfn m\u00e3i","description":"S\u1eefa Similac 5G s\u1ed1 4\u00a0l\u00e0 s\u1ea3n ph\u1ea9m dinh d\u01b0\u1ee1ng d\u00e0nh cho b\u00e9 t\u1eeb 2-6 tu\u1ed5i. S\u1edf h\u1eefu h\u1ec7 d\u01b0\u1ee1ng ch\u1ea5t Prodi-GTM v\u00e0 dinh d\u01b0\u1ee1ng 5G \u0111\u1ed9t ph\u00e1, s\u1ea3n ph\u1ea9m gi\u00fap b\u00e9\u00a0ph\u00e1t tri\u1ec3n t\u1ed1t n\u00e3o b\u1ed9, t\u0103ng c\u01b0\u1eddng s\u1ee9c \u0111\u1ec1 kh\u00e1ng v\u00e0 h\u1ec7 ti\u00eau h\u00f3a kh\u1ecfe m\u1ea1nh.\u00a0","robots":{"index":"index","follow":"follow","max-snippet":"max-snippet:-1","max-image-preview":"max-image-preview:large","max-video-preview":"max-video-preview:-1"},"canonical":"https:\/\/suatuyetvoi.com\/muasam\/san-pham\/sua-similac-5g-so-4-17kg-2-6-tuoi\/","og_locale":"vi_VN","og_type":"article","og_title":"S\u1eefa Similac 5G s\u1ed1 4 1,7kg (2-6 tu\u1ed5i) - \u0110ang Khuy\u1ebfn m\u00e3i","og_description":"S\u1eefa Similac 5G s\u1ed1 4\u00a0l\u00e0 s\u1ea3n ph\u1ea9m dinh d\u01b0\u1ee1ng d\u00e0nh cho b\u00e9 t\u1eeb 2-6 tu\u1ed5i. S\u1edf h\u1eefu h\u1ec7 d\u01b0\u1ee1ng ch\u1ea5t Prodi-GTM v\u00e0 dinh d\u01b0\u1ee1ng 5G \u0111\u1ed9t ph\u00e1, s\u1ea3n ph\u1ea9m gi\u00fap b\u00e9\u00a0ph\u00e1t tri\u1ec3n t\u1ed1t n\u00e3o b\u1ed9, t\u0103ng c\u01b0\u1eddng s\u1ee9c \u0111\u1ec1 kh\u00e1ng v\u00e0 h\u1ec7 ti\u00eau h\u00f3a kh\u1ecfe m\u1ea1nh.\u00a0","og_url":"https:\/\/suatuyetvoi.com\/muasam\/san-pham\/sua-similac-5g-so-4-17kg-2-6-tuoi\/","og_site_name":"S\u1eefa Tuy\u1ec7t V\u1eddi","article_modified_time":"2023-03-21T11:32:20+00:00","og_image":[{"width":1080,"height":1080,"url":"https:\/\/suatuyetvoi.com\/muasam\/wp-content\/uploads\/2023\/03\/abbott-2-1.png","type":"image\/png"}],"twitter_card":"summary_large_image","twitter_title":"S\u1eefa Similac 5G s\u1ed1 4 1,7kg (2-6 tu\u1ed5i) - \u0110ang Khuy\u1ebfn m\u00e3i","twitter_description":"S\u1eefa Similac 5G s\u1ed1 4\u00a0l\u00e0 s\u1ea3n ph\u1ea9m dinh d\u01b0\u1ee1ng d\u00e0nh cho b\u00e9 t\u1eeb 2-6 tu\u1ed5i. S\u1edf h\u1eefu h\u1ec7 d\u01b0\u1ee1ng ch\u1ea5t Prodi-GTM v\u00e0 dinh d\u01b0\u1ee1ng 5G \u0111\u1ed9t ph\u00e1, s\u1ea3n ph\u1ea9m gi\u00fap b\u00e9\u00a0ph\u00e1t tri\u1ec3n t\u1ed1t n\u00e3o b\u1ed9, t\u0103ng c\u01b0\u1eddng s\u1ee9c \u0111\u1ec1 kh\u00e1ng v\u00e0 h\u1ec7 ti\u00eau h\u00f3a kh\u1ecfe m\u1ea1nh.\u00a0","twitter_misc":{"\u01af\u1edbc t\u00ednh th\u1eddi gian \u0111\u1ecdc":"5 ph\u00fat"},"schema":{"@context":"https:\/\/schema.org","@graph":[{"@type":"WebPage","@id":"https:\/\/suatuyetvoi.com\/muasam\/san-pham\/sua-similac-5g-so-4-17kg-2-6-tuoi\/","url":"https:\/\/suatuyetvoi.com\/muasam\/san-pham\/sua-similac-5g-so-4-17kg-2-6-tuoi\/","name":"S\u1eefa Similac 5G s\u1ed1 4 1,7kg (2-6 tu\u1ed5i) - \u0110ang Khuy\u1ebfn m\u00e3i","isPartOf":{"@id":"https:\/\/suatuyetvoi.com\/muasam\/#website"},"primaryImageOfPage":{"@id":"https:\/\/suatuyetvoi.com\/muasam\/san-pham\/sua-similac-5g-so-4-17kg-2-6-tuoi\/#primaryimage"},"image":{"@id":"https:\/\/suatuyetvoi.com\/muasam\/san-pham\/sua-similac-5g-so-4-17kg-2-6-tuoi\/#primaryimage"},"thumbnailUrl":"https:\/\/suatuyetvoi.com\/muasam\/wp-content\/uploads\/2023\/03\/abbott-2-1.png","datePublished":"2023-03-21T11:23:20+00:00","dateModified":"2023-03-21T11:32:20+00:00","description":"S\u1eefa Similac 5G s\u1ed1 4\u00a0l\u00e0 s\u1ea3n ph\u1ea9m dinh d\u01b0\u1ee1ng d\u00e0nh cho b\u00e9 t\u1eeb 2-6 tu\u1ed5i. S\u1edf h\u1eefu h\u1ec7 d\u01b0\u1ee1ng ch\u1ea5t Prodi-GTM v\u00e0 dinh d\u01b0\u1ee1ng 5G \u0111\u1ed9t ph\u00e1, s\u1ea3n ph\u1ea9m gi\u00fap b\u00e9\u00a0ph\u00e1t tri\u1ec3n t\u1ed1t n\u00e3o b\u1ed9, t\u0103ng c\u01b0\u1eddng s\u1ee9c \u0111\u1ec1 kh\u00e1ng v\u00e0 h\u1ec7 ti\u00eau h\u00f3a kh\u1ecfe m\u1ea1nh.\u00a0","breadcrumb":{"@id":"https:\/\/suatuyetvoi.com\/muasam\/san-pham\/sua-similac-5g-so-4-17kg-2-6-tuoi\/#breadcrumb"},"inLanguage":"vi","potentialAction":[{"@type":"ReadAction","target":["https:\/\/suatuyetvoi.com\/muasam\/san-pham\/sua-similac-5g-so-4-17kg-2-6-tuoi\/"]}]},{"@type":"ImageObject","inLanguage":"vi","@id":"https:\/\/suatuyetvoi.com\/muasam\/san-pham\/sua-similac-5g-so-4-17kg-2-6-tuoi\/#primaryimage","url":"https:\/\/suatuyetvoi.com\/muasam\/wp-content\/uploads\/2023\/03\/abbott-2-1.png","contentUrl":"https:\/\/suatuyetvoi.com\/muasam\/wp-content\/uploads\/2023\/03\/abbott-2-1.png","width":1080,"height":1080},{"@type":"BreadcrumbList","@id":"https:\/\/suatuyetvoi.com\/muasam\/san-pham\/sua-similac-5g-so-4-17kg-2-6-tuoi\/#breadcrumb","itemListElement":[{"@type":"ListItem","position":1,"name":"Home","item":"https:\/\/suatuyetvoi.com\/muasam\/"},{"@type":"ListItem","position":2,"name":"Shop","item":"https:\/\/suatuyetvoi.com\/muasam\/shop\/"},{"@type":"ListItem","position":3,"name":"S\u1eefa Similac 5G s\u1ed1 4 1,7kg (2-6 tu\u1ed5i)"}]},{"@type":"WebSite","@id":"https:\/\/suatuyetvoi.com\/muasam\/#website","url":"https:\/\/suatuyetvoi.com\/muasam\/","name":"S\u1eefa Tuy\u1ec7t V\u1eddi","description":"S\u1eefa Tuy\u1ec7t V\u1eddi Vi\u1ec7t Nam","potentialAction":[{"@type":"SearchAction","target":{"@type":"EntryPoint","urlTemplate":"https:\/\/suatuyetvoi.com\/muasam\/?s={search_term_string}"},"query-input":{"@type":"PropertyValueSpecification","valueRequired":true,"valueName":"search_term_string"}}],"inLanguage":"vi"}]}},"_links":{"self":[{"href":"https:\/\/suatuyetvoi.com\/muasam\/wp-json\/wp\/v2\/product\/5861","targetHints":{"allow":["GET"]}}],"collection":[{"href":"https:\/\/suatuyetvoi.com\/muasam\/wp-json\/wp\/v2\/product"}],"about":[{"href":"https:\/\/suatuyetvoi.com\/muasam\/wp-json\/wp\/v2\/types\/product"}],"replies":[{"embeddable":true,"href":"https:\/\/suatuyetvoi.com\/muasam\/wp-json\/wp\/v2\/comments?post=5861"}],"wp:featuredmedia":[{"embeddable":true,"href":"https:\/\/suatuyetvoi.com\/muasam\/wp-json\/wp\/v2\/media\/5863"}],"wp:attachment":[{"href":"https:\/\/suatuyetvoi.com\/muasam\/wp-json\/wp\/v2\/media?parent=5861"}],"wp:term":[{"taxonomy":"product_cat","embeddable":true,"href":"https:\/\/suatuyetvoi.com\/muasam\/wp-json\/wp\/v2\/product_cat?post=5861"},{"taxonomy":"product_tag","embeddable":true,"href":"https:\/\/suatuyetvoi.com\/muasam\/wp-json\/wp\/v2\/product_tag?post=5861"}],"curies":[{"name":"wp","href":"https:\/\/api.w.org\/{rel}","templated":true}]}}