{"id":5787,"date":"2023-03-17T16:29:26","date_gmt":"2023-03-17T09:29:26","guid":{"rendered":"https:\/\/suatuyetvoi.com\/muasam\/?post_type=product&#038;p=5787"},"modified":"2023-03-17T17:41:07","modified_gmt":"2023-03-17T10:41:07","slug":"sua-bot-neocare-bio-kids-900g-6-36-thang","status":"publish","type":"product","link":"https:\/\/suatuyetvoi.com\/muasam\/san-pham\/sua-bot-neocare-bio-kids-900g-6-36-thang\/","title":{"rendered":"S\u1eefa b\u1ed9t NeoCare bio kids 900g (6-36 th\u00e1ng)"},"content":{"rendered":"<h1>Chi ti\u1ebft s\u1ea3n ph\u1ea9m<\/h1>\n<div dir=\"auto\">&#8211; Giai \u0111o\u1ea1n t\u1eeb 6 \u0111\u1ebfn 36 th\u00e1ng tu\u1ed5i, l\u00e0 giai \u0111o\u1ea1n m\u00e0 b\u00e9 b\u1eaft \u0111\u1ea7u l\u00e0m quen v\u1edbi \u0103n d\u1eb7m v\u00e0 c\u00f3 hi\u1ec7n t\u01b0\u1ee3ng m\u1ecdc r\u0103ng n\u00ean th\u01b0\u1eddng xuy\u00ean qu\u1ea5y kh\u00f3c, s\u1ed1t, ti\u00eau ch\u1ea3y, b\u1ecf b\u00fa,\u2026 Nhu c\u1ea7u v\u1eadn \u0111\u1ed9ng c\u1ee7a b\u00e9 c\u0169ng t\u0103ng d\u1ea7n, b\u00e9 y\u00eau nh\u00e0 b\u1ea1n s\u1ebd n\u0103ng ho\u1ea1t \u0111\u1ed9ng h\u01a1n, kh\u00e1m ph\u00e1 th\u1ebf gi\u1edbi xung quanh n\u00ean nhu c\u1ea7u dinh d\u01b0\u1ee1ng c\u00f3 r\u1ea5t nhi\u1ec1u s\u1ef1 thay \u0111\u1ed5i, \u0111\u00f2i h\u1ecfi s\u1ef1 \u0111\u00e1p \u1ee9ng cao h\u01a1n.<\/div>\n<div dir=\"auto\">&#8211; Do \u0111\u00f3 S\u1eefa NEOCARE BIOKIS s\u1ebd tr\u1ee3 gi\u00fap b\u00e9 ph\u00e1t tri\u1ec3n t\u1ed1t trong giai \u0111o\u1ea1n n\u00e0y v\u1edbi s\u1ef1 c\u1ea3i ti\u1ebfn trong c\u00f4ng th\u1ee9c \u0111\u1ec3 ph\u00f9 h\u1ee3p v\u1edbi s\u1ef1 ph\u00e1t tri\u1ec3n c\u1ee7a tr\u1ebb trong giai \u0111o\u1ea1n t\u1eeb 6 \u0111\u1ebfn 36 th\u00e1ng:<\/div>\n<div dir=\"auto\"><img loading=\"lazy\" decoding=\"async\" class=\"alignnone size-full wp-image-5790\" src=\"https:\/\/suatuyetvoi.com\/muasam\/wp-content\/uploads\/2023\/03\/neocare-bio-2-510x181-1.jpg\" alt=\"\" width=\"510\" height=\"181\" \/><\/div>\n<div dir=\"auto\"><span class=\"fxk3tzhb b2rh1bv3 gh55jysx m8h3af8h ewco64xe kjdc1dyq ms56khn7 bq6c9xl4 eohcrkr5 akh3l2rg\">&#8211; <\/span>H\u00ecnh th\u00e0nh \u201cl\u00e1 ch\u1eafn k\u00e9p\u201c HMO 2\u2019FL c\u00f9ng Lactoferrin ng\u0103n ch\u1eb7m vi khu\u1ea9n, virus x\u00e2m nh\u1eadp g\u00e2y nhi\u1ec5m khu\u1ea9n h\u1ec7 h\u00f4 h\u1ea5p, ti\u00eau h\u00f3a \u1edf tr\u1ebb.<\/div>\n<div dir=\"auto\"><img loading=\"lazy\" decoding=\"async\" class=\"alignnone wp-image-5788 size-medium\" src=\"https:\/\/suatuyetvoi.com\/muasam\/wp-content\/uploads\/2023\/03\/neocare-bio-400x400.jpg\" alt=\"\" width=\"400\" height=\"400\" srcset=\"https:\/\/suatuyetvoi.com\/muasam\/wp-content\/uploads\/2023\/03\/neocare-bio-400x400.jpg 400w, https:\/\/suatuyetvoi.com\/muasam\/wp-content\/uploads\/2023\/03\/neocare-bio-280x280.jpg 280w, https:\/\/suatuyetvoi.com\/muasam\/wp-content\/uploads\/2023\/03\/neocare-bio-300x300.jpg 300w, https:\/\/suatuyetvoi.com\/muasam\/wp-content\/uploads\/2023\/03\/neocare-bio-600x600.jpg 600w, https:\/\/suatuyetvoi.com\/muasam\/wp-content\/uploads\/2023\/03\/neocare-bio-100x100.jpg 100w, https:\/\/suatuyetvoi.com\/muasam\/wp-content\/uploads\/2023\/03\/neocare-bio.jpg 720w\" sizes=\"auto, (max-width: 400px) 100vw, 400px\" \/><\/div>\n<div dir=\"auto\">\u00a0#neocare V\u1edbi h\u00e0m l\u01b0\u1ee3ng s\u1eefa non Colostrum cao v\u01b0\u1ee3t tr\u1ed9i, l\u01b0\u1ee3ng kh\u00e1ng th\u1ec3 IgG gi\u00fap tr\u1ebb t\u0103ng c\u01b0\u1eddng mi\u1ec5n d\u1ecbch t\u1ef1 nhi\u00ean hi\u1ec7u qu\u1ea3<\/div>\n<div dir=\"auto\">&#8211; S\u1eefa NEOCARE BIOKIS kh\u00f4ng ch\u1ec9 t\u0103ng c\u01b0\u1eddng mi\u1ec5n d\u1ecbch m\u00e0 c\u00f2n ch\u1ee9a h\u00e0m l\u01b0\u1ee3ng ch\u1ea5t x\u01a1 h\u00f2a tan FOS\/Inuli gi\u00fap t\u0103ng c\u01b0\u1eddng h\u1ec7 men vi sinh \u0111\u01b0\u1eddng ru\u1ed9t v\u00e0 h\u1ed7 tr\u1ee3 tr\u1ebb h\u1ea5p thu t\u1ed1t h\u01a1n. C\u00f9ng c\u00e1c d\u01b0\u1ee1ng ch\u1ea5t nh\u01b0 L-Lysine HCl, Taurine, K\u1ebdm, vitamin nh\u00f3m B v\u00e0 kho\u00e1ng ch\u1ea5t thi\u1ebft y\u1ebfu c\u00f3 vai tr\u00f2 quan tr\u1ecdng gi\u00fap duy tr\u00ec h\u1ec7 mi\u1ec5n d\u1ecbch. Ph\u00e1t tri\u1ec3n men ti\u00eau h\u00f3a, gi\u00fap tr\u1ebb \u0103n ngon mi\u1ec7ng, gia t\u0103ng chuy\u1ec3n h\u00f3a. H\u1ea5p thu t\u1ed1i \u0111a dinh d\u01b0\u1ee1ng, t\u0103ng c\u00e2n n\u1eb7ng, ph\u00e1t tri\u1ec3n tr\u00ed n\u00e3o v\u00e0 th\u1ec3 ch\u1ea5t to\u00e0n di\u1ec7n c\u1ee7a tr\u1ebb.<\/div>\n<div dir=\"auto\"><\/div>\n<div dir=\"auto\">&#8211; Ngo\u00e0i ra trong th\u00e0nh ph\u1ea7n S\u1eefa NEOCARE BIOKIS c\u00f2n ch\u1ee9a Canxi AquaminF 1 lo\u1ea1i canxi h\u1eefu c\u01a1 h\u1ea5p thu canxi g\u1ea5p 10 l\u1ea7n so v\u1edbi canxi th\u00f4ng th\u01b0\u1eddng an to\u00e0n v\u00e0 kh\u00f4ng g\u00e2y l\u1eafng \u0111\u1ecdng c\u1eb7n th\u1eadn gi\u00fap cho b\u1ed9 x\u01b0\u01a1ng tr\u1ebb ph\u00e1t tri\u1ec3n v\u1eefng ch\u1eafc .<\/div>\n<div dir=\"auto\">S\u1eefa NEOCARE BIOKIS dinh d\u01b0\u1ee1ng kh\u1edfi \u0111\u1ea7u ti\u00eau h\u00f3a _h\u1ea5p thu cho tr\u1ebb t\u1eeb 6_36 th\u00e1ng<\/div>\n","protected":false},"excerpt":{"rendered":"<p>H\u1ec7 d\u01b0\u1ee1ng ch\u1ea5t IQ Plus ph\u00e1t tri\u1ec3n n\u00e3o b\u1ed9<br \/>\nT\u0103ng c\u01b0\u1eddng \u0111\u1ec1 kh\u00e1ng v\u00e0 ti\u00eau h\u00f3a kh\u1ecfe m\u1ea1nh<br \/>\nGi\u00fap h\u1ea5p thu Canxi t\u1ed1t<\/p>\n","protected":false},"featured_media":5791,"comment_status":"open","ping_status":"closed","template":"","meta":[],"product_cat":[231],"product_tag":[578,528,518,529,563],"class_list":["post-5787","product","type-product","status-publish","has-post-thumbnail","hentry","product_cat-sua-bot","product_tag-ho-tro-tieu-hoa","product_tag-tang-can","product_tag-tang-chieu-cao","product_tag-tang-cuong-mien-dich","product_tag-tri-nao","berocket_brand-neocare"],"yoast_head":"<!-- This site is optimized with the Yoast SEO plugin v27.6 - https:\/\/yoast.com\/product\/yoast-seo-wordpress\/ -->\n<title>S\u1eefa b\u1ed9t NeoCare bio kids 900g (6-36 th\u00e1ng) - \u0110ang Khuy\u1ebfn m\u00e3i<\/title>\n<meta name=\"description\" content=\"6 \u0111\u1ebfn 36 th\u00e1ng tu\u1ed5i Ho\u00e0n thi\u1ec7n N\u00e3o b\u1ed9 v\u00e0 th\u1ecb gi\u00e1c T\u1ed1i \u01b0u h\u1ec7 ti\u00eau h\u00f3a T\u0103ng c\u01b0\u1eddng h\u1ec7 mi\u1ec5n d\u1ecbch H\u1ea5p th\u1ee5 d\u01b0\u1ee1ng ch\u1ea5t.\" \/>\n<meta name=\"robots\" content=\"index, follow, max-snippet:-1, max-image-preview:large, max-video-preview:-1\" \/>\n<link rel=\"canonical\" href=\"https:\/\/suatuyetvoi.com\/muasam\/san-pham\/sua-bot-neocare-bio-kids-900g-6-36-thang\/\" \/>\n<meta property=\"og:locale\" content=\"vi_VN\" \/>\n<meta property=\"og:type\" content=\"article\" \/>\n<meta property=\"og:title\" content=\"S\u1eefa Similac Total Protection 3 900g (1 - 2 tu\u1ed5i) - \u0110ang Khuy\u1ebfn m\u00e3i\" \/>\n<meta property=\"og:description\" content=\"S\u1eefa Similac\u00ae Total Protection 3 l\u00e0 s\u1ea3n ph\u1ea9m b\u1ed5 sung dinh d\u01b0\u1ee1ng cho ch\u1ebf \u0111\u1ed9 \u0103n h\u00e0ng ng\u00e0y c\u1ee7a tr\u1ebb 1\u20132 tu\u1ed5i. Thu\u1ed9c th\u01b0\u01a1ng hi\u1ec7u uy t\u00edn h\u00e0ng \u0111\u1ea7u th\u1ebf gi\u1edbi - Abbott, s\u1ea3n ph\u1ea9m kh\u00f4ng ch\u1ec9 an to\u00e0n, m\u00e0 c\u00f2n cung c\u1ea5p \u0111\u1ea7y \u0111\u1ee7 d\u01b0\u1ee1ng ch\u1ea5t thi\u1ebft y\u1ebfu cho s\u1ef1 ph\u00e1t tri\u1ec3n c\u1ee7a con.\" \/>\n<meta property=\"og:url\" content=\"https:\/\/suatuyetvoi.com\/muasam\/san-pham\/sua-bot-neocare-bio-kids-900g-6-36-thang\/\" \/>\n<meta property=\"og:site_name\" content=\"S\u1eefa Tuy\u1ec7t V\u1eddi\" \/>\n<meta property=\"article:modified_time\" content=\"2023-03-17T10:41:07+00:00\" \/>\n<meta property=\"og:image\" content=\"https:\/\/suatuyetvoi.com\/muasam\/wp-content\/uploads\/2023\/03\/neocare-bio-1-removebg-preview.png\" \/>\n\t<meta property=\"og:image:width\" content=\"500\" \/>\n\t<meta property=\"og:image:height\" content=\"499\" \/>\n\t<meta property=\"og:image:type\" content=\"image\/png\" \/>\n<meta name=\"twitter:card\" content=\"summary_large_image\" \/>\n<meta name=\"twitter:title\" content=\"S\u1eefa Similac Total Protection 3 900g (1 - 2 tu\u1ed5i) - \u0110ang Khuy\u1ebfn m\u00e3i\" \/>\n<meta name=\"twitter:description\" content=\"S\u1eefa Similac\u00ae Total Protection 3 l\u00e0 s\u1ea3n ph\u1ea9m b\u1ed5 sung dinh d\u01b0\u1ee1ng cho ch\u1ebf \u0111\u1ed9 \u0103n h\u00e0ng ng\u00e0y c\u1ee7a tr\u1ebb 1\u20132 tu\u1ed5i. Thu\u1ed9c th\u01b0\u01a1ng hi\u1ec7u uy t\u00edn h\u00e0ng \u0111\u1ea7u th\u1ebf gi\u1edbi - Abbott, s\u1ea3n ph\u1ea9m kh\u00f4ng ch\u1ec9 an to\u00e0n, m\u00e0 c\u00f2n cung c\u1ea5p \u0111\u1ea7y \u0111\u1ee7 d\u01b0\u1ee1ng ch\u1ea5t thi\u1ebft y\u1ebfu cho s\u1ef1 ph\u00e1t tri\u1ec3n c\u1ee7a con.\" \/>\n<meta name=\"twitter:label1\" content=\"\u01af\u1edbc t\u00ednh th\u1eddi gian \u0111\u1ecdc\" \/>\n\t<meta name=\"twitter:data1\" content=\"3 ph\u00fat\" \/>\n<script type=\"application\/ld+json\" class=\"yoast-schema-graph\">{\"@context\":\"https:\\\/\\\/schema.org\",\"@graph\":[{\"@type\":\"WebPage\",\"@id\":\"https:\\\/\\\/suatuyetvoi.com\\\/muasam\\\/san-pham\\\/sua-bot-neocare-bio-kids-900g-6-36-thang\\\/\",\"url\":\"https:\\\/\\\/suatuyetvoi.com\\\/muasam\\\/san-pham\\\/sua-bot-neocare-bio-kids-900g-6-36-thang\\\/\",\"name\":\"S\u1eefa b\u1ed9t NeoCare bio kids 900g (6-36 th\u00e1ng) - \u0110ang Khuy\u1ebfn m\u00e3i\",\"isPartOf\":{\"@id\":\"https:\\\/\\\/suatuyetvoi.com\\\/muasam\\\/#website\"},\"primaryImageOfPage\":{\"@id\":\"https:\\\/\\\/suatuyetvoi.com\\\/muasam\\\/san-pham\\\/sua-bot-neocare-bio-kids-900g-6-36-thang\\\/#primaryimage\"},\"image\":{\"@id\":\"https:\\\/\\\/suatuyetvoi.com\\\/muasam\\\/san-pham\\\/sua-bot-neocare-bio-kids-900g-6-36-thang\\\/#primaryimage\"},\"thumbnailUrl\":\"https:\\\/\\\/suatuyetvoi.com\\\/muasam\\\/wp-content\\\/uploads\\\/2023\\\/03\\\/neocare-bio-1-removebg-preview.png\",\"datePublished\":\"2023-03-17T09:29:26+00:00\",\"dateModified\":\"2023-03-17T10:41:07+00:00\",\"description\":\"6 \u0111\u1ebfn 36 th\u00e1ng tu\u1ed5i Ho\u00e0n thi\u1ec7n N\u00e3o b\u1ed9 v\u00e0 th\u1ecb gi\u00e1c T\u1ed1i \u01b0u h\u1ec7 ti\u00eau h\u00f3a T\u0103ng c\u01b0\u1eddng h\u1ec7 mi\u1ec5n d\u1ecbch H\u1ea5p th\u1ee5 d\u01b0\u1ee1ng ch\u1ea5t.\",\"breadcrumb\":{\"@id\":\"https:\\\/\\\/suatuyetvoi.com\\\/muasam\\\/san-pham\\\/sua-bot-neocare-bio-kids-900g-6-36-thang\\\/#breadcrumb\"},\"inLanguage\":\"vi\",\"potentialAction\":[{\"@type\":\"ReadAction\",\"target\":[\"https:\\\/\\\/suatuyetvoi.com\\\/muasam\\\/san-pham\\\/sua-bot-neocare-bio-kids-900g-6-36-thang\\\/\"]}]},{\"@type\":\"ImageObject\",\"inLanguage\":\"vi\",\"@id\":\"https:\\\/\\\/suatuyetvoi.com\\\/muasam\\\/san-pham\\\/sua-bot-neocare-bio-kids-900g-6-36-thang\\\/#primaryimage\",\"url\":\"https:\\\/\\\/suatuyetvoi.com\\\/muasam\\\/wp-content\\\/uploads\\\/2023\\\/03\\\/neocare-bio-1-removebg-preview.png\",\"contentUrl\":\"https:\\\/\\\/suatuyetvoi.com\\\/muasam\\\/wp-content\\\/uploads\\\/2023\\\/03\\\/neocare-bio-1-removebg-preview.png\",\"width\":500,\"height\":499},{\"@type\":\"BreadcrumbList\",\"@id\":\"https:\\\/\\\/suatuyetvoi.com\\\/muasam\\\/san-pham\\\/sua-bot-neocare-bio-kids-900g-6-36-thang\\\/#breadcrumb\",\"itemListElement\":[{\"@type\":\"ListItem\",\"position\":1,\"name\":\"Home\",\"item\":\"https:\\\/\\\/suatuyetvoi.com\\\/muasam\\\/\"},{\"@type\":\"ListItem\",\"position\":2,\"name\":\"Shop\",\"item\":\"https:\\\/\\\/suatuyetvoi.com\\\/muasam\\\/shop\\\/\"},{\"@type\":\"ListItem\",\"position\":3,\"name\":\"S\u1eefa b\u1ed9t NeoCare bio kids 900g (6-36 th\u00e1ng)\"}]},{\"@type\":\"WebSite\",\"@id\":\"https:\\\/\\\/suatuyetvoi.com\\\/muasam\\\/#website\",\"url\":\"https:\\\/\\\/suatuyetvoi.com\\\/muasam\\\/\",\"name\":\"S\u1eefa Tuy\u1ec7t V\u1eddi\",\"description\":\"S\u1eefa Tuy\u1ec7t V\u1eddi Vi\u1ec7t Nam\",\"potentialAction\":[{\"@type\":\"SearchAction\",\"target\":{\"@type\":\"EntryPoint\",\"urlTemplate\":\"https:\\\/\\\/suatuyetvoi.com\\\/muasam\\\/?s={search_term_string}\"},\"query-input\":{\"@type\":\"PropertyValueSpecification\",\"valueRequired\":true,\"valueName\":\"search_term_string\"}}],\"inLanguage\":\"vi\"}]}<\/script>\n<!-- \/ Yoast SEO plugin. -->","yoast_head_json":{"title":"S\u1eefa b\u1ed9t NeoCare bio kids 900g (6-36 th\u00e1ng) - \u0110ang Khuy\u1ebfn m\u00e3i","description":"6 \u0111\u1ebfn 36 th\u00e1ng tu\u1ed5i Ho\u00e0n thi\u1ec7n N\u00e3o b\u1ed9 v\u00e0 th\u1ecb gi\u00e1c T\u1ed1i \u01b0u h\u1ec7 ti\u00eau h\u00f3a T\u0103ng c\u01b0\u1eddng h\u1ec7 mi\u1ec5n d\u1ecbch H\u1ea5p th\u1ee5 d\u01b0\u1ee1ng ch\u1ea5t.","robots":{"index":"index","follow":"follow","max-snippet":"max-snippet:-1","max-image-preview":"max-image-preview:large","max-video-preview":"max-video-preview:-1"},"canonical":"https:\/\/suatuyetvoi.com\/muasam\/san-pham\/sua-bot-neocare-bio-kids-900g-6-36-thang\/","og_locale":"vi_VN","og_type":"article","og_title":"S\u1eefa Similac Total Protection 3 900g (1 - 2 tu\u1ed5i) - \u0110ang Khuy\u1ebfn m\u00e3i","og_description":"S\u1eefa Similac\u00ae Total Protection 3 l\u00e0 s\u1ea3n ph\u1ea9m b\u1ed5 sung dinh d\u01b0\u1ee1ng cho ch\u1ebf \u0111\u1ed9 \u0103n h\u00e0ng ng\u00e0y c\u1ee7a tr\u1ebb 1\u20132 tu\u1ed5i. Thu\u1ed9c th\u01b0\u01a1ng hi\u1ec7u uy t\u00edn h\u00e0ng \u0111\u1ea7u th\u1ebf gi\u1edbi - Abbott, s\u1ea3n ph\u1ea9m kh\u00f4ng ch\u1ec9 an to\u00e0n, m\u00e0 c\u00f2n cung c\u1ea5p \u0111\u1ea7y \u0111\u1ee7 d\u01b0\u1ee1ng ch\u1ea5t thi\u1ebft y\u1ebfu cho s\u1ef1 ph\u00e1t tri\u1ec3n c\u1ee7a con.","og_url":"https:\/\/suatuyetvoi.com\/muasam\/san-pham\/sua-bot-neocare-bio-kids-900g-6-36-thang\/","og_site_name":"S\u1eefa Tuy\u1ec7t V\u1eddi","article_modified_time":"2023-03-17T10:41:07+00:00","og_image":[{"width":500,"height":499,"url":"https:\/\/suatuyetvoi.com\/muasam\/wp-content\/uploads\/2023\/03\/neocare-bio-1-removebg-preview.png","type":"image\/png"}],"twitter_card":"summary_large_image","twitter_title":"S\u1eefa Similac Total Protection 3 900g (1 - 2 tu\u1ed5i) - \u0110ang Khuy\u1ebfn m\u00e3i","twitter_description":"S\u1eefa Similac\u00ae Total Protection 3 l\u00e0 s\u1ea3n ph\u1ea9m b\u1ed5 sung dinh d\u01b0\u1ee1ng cho ch\u1ebf \u0111\u1ed9 \u0103n h\u00e0ng ng\u00e0y c\u1ee7a tr\u1ebb 1\u20132 tu\u1ed5i. Thu\u1ed9c th\u01b0\u01a1ng hi\u1ec7u uy t\u00edn h\u00e0ng \u0111\u1ea7u th\u1ebf gi\u1edbi - Abbott, s\u1ea3n ph\u1ea9m kh\u00f4ng ch\u1ec9 an to\u00e0n, m\u00e0 c\u00f2n cung c\u1ea5p \u0111\u1ea7y \u0111\u1ee7 d\u01b0\u1ee1ng ch\u1ea5t thi\u1ebft y\u1ebfu cho s\u1ef1 ph\u00e1t tri\u1ec3n c\u1ee7a con.","twitter_misc":{"\u01af\u1edbc t\u00ednh th\u1eddi gian \u0111\u1ecdc":"3 ph\u00fat"},"schema":{"@context":"https:\/\/schema.org","@graph":[{"@type":"WebPage","@id":"https:\/\/suatuyetvoi.com\/muasam\/san-pham\/sua-bot-neocare-bio-kids-900g-6-36-thang\/","url":"https:\/\/suatuyetvoi.com\/muasam\/san-pham\/sua-bot-neocare-bio-kids-900g-6-36-thang\/","name":"S\u1eefa b\u1ed9t NeoCare bio kids 900g (6-36 th\u00e1ng) - \u0110ang Khuy\u1ebfn m\u00e3i","isPartOf":{"@id":"https:\/\/suatuyetvoi.com\/muasam\/#website"},"primaryImageOfPage":{"@id":"https:\/\/suatuyetvoi.com\/muasam\/san-pham\/sua-bot-neocare-bio-kids-900g-6-36-thang\/#primaryimage"},"image":{"@id":"https:\/\/suatuyetvoi.com\/muasam\/san-pham\/sua-bot-neocare-bio-kids-900g-6-36-thang\/#primaryimage"},"thumbnailUrl":"https:\/\/suatuyetvoi.com\/muasam\/wp-content\/uploads\/2023\/03\/neocare-bio-1-removebg-preview.png","datePublished":"2023-03-17T09:29:26+00:00","dateModified":"2023-03-17T10:41:07+00:00","description":"6 \u0111\u1ebfn 36 th\u00e1ng tu\u1ed5i Ho\u00e0n thi\u1ec7n N\u00e3o b\u1ed9 v\u00e0 th\u1ecb gi\u00e1c T\u1ed1i \u01b0u h\u1ec7 ti\u00eau h\u00f3a T\u0103ng c\u01b0\u1eddng h\u1ec7 mi\u1ec5n d\u1ecbch H\u1ea5p th\u1ee5 d\u01b0\u1ee1ng ch\u1ea5t.","breadcrumb":{"@id":"https:\/\/suatuyetvoi.com\/muasam\/san-pham\/sua-bot-neocare-bio-kids-900g-6-36-thang\/#breadcrumb"},"inLanguage":"vi","potentialAction":[{"@type":"ReadAction","target":["https:\/\/suatuyetvoi.com\/muasam\/san-pham\/sua-bot-neocare-bio-kids-900g-6-36-thang\/"]}]},{"@type":"ImageObject","inLanguage":"vi","@id":"https:\/\/suatuyetvoi.com\/muasam\/san-pham\/sua-bot-neocare-bio-kids-900g-6-36-thang\/#primaryimage","url":"https:\/\/suatuyetvoi.com\/muasam\/wp-content\/uploads\/2023\/03\/neocare-bio-1-removebg-preview.png","contentUrl":"https:\/\/suatuyetvoi.com\/muasam\/wp-content\/uploads\/2023\/03\/neocare-bio-1-removebg-preview.png","width":500,"height":499},{"@type":"BreadcrumbList","@id":"https:\/\/suatuyetvoi.com\/muasam\/san-pham\/sua-bot-neocare-bio-kids-900g-6-36-thang\/#breadcrumb","itemListElement":[{"@type":"ListItem","position":1,"name":"Home","item":"https:\/\/suatuyetvoi.com\/muasam\/"},{"@type":"ListItem","position":2,"name":"Shop","item":"https:\/\/suatuyetvoi.com\/muasam\/shop\/"},{"@type":"ListItem","position":3,"name":"S\u1eefa b\u1ed9t NeoCare bio kids 900g (6-36 th\u00e1ng)"}]},{"@type":"WebSite","@id":"https:\/\/suatuyetvoi.com\/muasam\/#website","url":"https:\/\/suatuyetvoi.com\/muasam\/","name":"S\u1eefa Tuy\u1ec7t V\u1eddi","description":"S\u1eefa Tuy\u1ec7t V\u1eddi Vi\u1ec7t Nam","potentialAction":[{"@type":"SearchAction","target":{"@type":"EntryPoint","urlTemplate":"https:\/\/suatuyetvoi.com\/muasam\/?s={search_term_string}"},"query-input":{"@type":"PropertyValueSpecification","valueRequired":true,"valueName":"search_term_string"}}],"inLanguage":"vi"}]}},"_links":{"self":[{"href":"https:\/\/suatuyetvoi.com\/muasam\/wp-json\/wp\/v2\/product\/5787","targetHints":{"allow":["GET"]}}],"collection":[{"href":"https:\/\/suatuyetvoi.com\/muasam\/wp-json\/wp\/v2\/product"}],"about":[{"href":"https:\/\/suatuyetvoi.com\/muasam\/wp-json\/wp\/v2\/types\/product"}],"replies":[{"embeddable":true,"href":"https:\/\/suatuyetvoi.com\/muasam\/wp-json\/wp\/v2\/comments?post=5787"}],"wp:featuredmedia":[{"embeddable":true,"href":"https:\/\/suatuyetvoi.com\/muasam\/wp-json\/wp\/v2\/media\/5791"}],"wp:attachment":[{"href":"https:\/\/suatuyetvoi.com\/muasam\/wp-json\/wp\/v2\/media?parent=5787"}],"wp:term":[{"taxonomy":"product_cat","embeddable":true,"href":"https:\/\/suatuyetvoi.com\/muasam\/wp-json\/wp\/v2\/product_cat?post=5787"},{"taxonomy":"product_tag","embeddable":true,"href":"https:\/\/suatuyetvoi.com\/muasam\/wp-json\/wp\/v2\/product_tag?post=5787"}],"curies":[{"name":"wp","href":"https:\/\/api.w.org\/{rel}","templated":true}]}}