{"id":5695,"date":"2023-03-08T18:18:05","date_gmt":"2023-03-08T11:18:05","guid":{"rendered":"https:\/\/suatuyetvoi.com\/muasam\/?post_type=product&#038;p=5695"},"modified":"2023-03-08T18:18:06","modified_gmt":"2023-03-08T11:18:06","slug":"sua-nan-optipro-4-900g-hmo-2-6-tuoi","status":"publish","type":"product","link":"https:\/\/suatuyetvoi.com\/muasam\/san-pham\/sua-nan-optipro-4-900g-hmo-2-6-tuoi\/","title":{"rendered":"S\u1eefa Nan Optipro 4 900g, HMO (2-6 tu\u1ed5i)"},"content":{"rendered":"<div class=\"table-responsive full-screen\">\n<table class=\"table table-bordered table-striped p_bottom_0\">\n<tbody>\n<tr>\n<td>T\u00ean s\u1ea3n ph\u1ea9m<\/td>\n<td>S\u1eefa Nestl\u00e9 NAN OPTIPRO 4<\/td>\n<\/tr>\n<tr>\n<td>Th\u01b0\u01a1ng hi\u1ec7u<\/td>\n<td>Nestle NAN<\/td>\n<\/tr>\n<tr>\n<td>S\u1ea3n xu\u1ea5t t\u1ea1i<\/td>\n<td>Wyeth Nutrition (Singapore)<\/td>\n<\/tr>\n<tr>\n<td>Tr\u1ecdng l\u01b0\u1ee3ng s\u1ea3n ph\u1ea9m<\/td>\n<td>900g<\/td>\n<\/tr>\n<tr>\n<td>C\u1ea3nh b\u00e1o<\/td>\n<td>. Kh\u00f4ng s\u1eed d\u1ee5ng cho tr\u1ebb b\u1ecb d\u1ecb \u1ee9ng v\u1edbi c\u00e1c th\u00e0nh ph\u1ea7n c\u1ee7a s\u1ea3n ph\u1ea9m.<br \/>\n. N\u00ean c\u00f3 s\u1ef1 h\u01b0\u1edbng d\u1eabn c\u1ee7a b\u00e1c s\u0129 tr\u01b0\u1edbc khi d\u00f9ng \u0111\u1ed1i v\u1edbi tr\u1ebb kh\u00f4ng dung n\u1ea1p \u0111\u01b0\u1eddng lactose.<\/td>\n<\/tr>\n<tr>\n<td>H\u01b0\u1edbng d\u1eabn s\u1eed d\u1ee5ng<\/td>\n<td>. R\u1eeda s\u1ea1ch tay tr\u01b0\u1edbc khi pha s\u1eefa cho tr\u1ebb.<br \/>\n. R\u1eeda c\u1ed1c v\u00e0 n\u1eafp \u0111\u1eady th\u1eadt s\u1ea1ch.<br \/>\n. \u0110un s\u00f4i n\u01b0\u1edbc v\u00e0 \u0111\u1ec3 ngu\u1ed9i b\u1edbt.<br \/>\n. Tham kh\u1ea3o b\u1ea3ng h\u01b0\u1edbng d\u1eabn c\u00e1ch pha s\u1eefa. Sau \u0111\u00f3, \u0111\u1ed5 n\u01b0\u1edbc \u1ea5m v\u00e0o c\u1ed1c v\u00e0 th\u00eam ch\u00ednh x\u00e1c s\u1ed1 mu\u1ed7ng l\u01b0\u1eddng \u0111\u00e3 g\u1ea1t ngang.<br \/>\n. \u0110\u1eady n\u1eafp v\u00e0 l\u1eafc ho\u1eb7c khu\u1ea5y \u0111\u1ec1u cho \u0111\u1ebfn khi b\u1ed9t \u0111\u01b0\u1ee3c h\u00f2a tan ho\u00e0n to\u00e0n.<br \/>\n. Ki\u1ec3m tra nhi\u1ec7t \u0111\u1ed9 tr\u01b0\u1edbc khi cho tr\u1ebb u\u1ed1ng.<\/td>\n<\/tr>\n<tr>\n<td>H\u01b0\u1edbng d\u1eabn b\u1ea3o qu\u1ea3n<\/td>\n<td>. B\u1ea3o qu\u1ea3n n\u01a1i kh\u00f4 r\u00e1o, tho\u00e1ng m\u00e1t.<br \/>\n. Tr\u00e1nh \u00e1nh n\u1eafng tr\u1ef1c ti\u1ebfp.<br \/>\n. N\u00ean s\u1eed d\u1ee5ng trong v\u00f2ng 3 tu\u1ea7n sau khi m\u1edf h\u1ed9p.<\/td>\n<\/tr>\n<\/tbody>\n<\/table>\n<\/div>\n<div class=\"content-product\">\n<div id=\"product-description\" class=\"product-description less-content table-responsive full-screen content-format\">\n<div class=\"addclassfont16\">\n<p><b>S\u1eefa NAN OPTIPRO 4\u00a0<\/b>l\u00e0 s\u1ea3n ph\u1ea9m dinh d\u01b0\u1ee1ng c\u00f4ng th\u1ee9c ph\u00f9 h\u1ee3p v\u1edbi b\u00e9 2-6 tu\u1ed5i t\u1eeb Th\u1ee5y S\u0129. S\u1ea3n ph\u1ea9m b\u1ed5 sung c\u00e1c d\u01b0\u1ee1ng ch\u1ea5t thi\u1ebft y\u1ebfu gi\u00fap h\u1ed7 tr\u1ee3 ti\u00eau h\u00f3a, t\u0103ng c\u01b0\u1eddng s\u1ee9c \u0111\u1ec1 kh\u00e1ng c\u1ee7a tr\u1ebb, t\u1eeb \u0111\u00f3 gi\u00fap con ph\u00e1t tri\u1ec3n to\u00e0n di\u1ec7n v\u1ec1 th\u1ec3 ch\u1ea5t v\u00e0 tr\u00ed n\u00e3o.<\/p>\n<p>&nbsp;<\/p>\n<p><img loading=\"lazy\" decoding=\"async\" class=\"alignnone size-full wp-image-5697\" src=\"https:\/\/suatuyetvoi.com\/muasam\/wp-content\/uploads\/2023\/03\/sua-nan-optipro-so-4-900g-126730-1.webp\" alt=\"\" width=\"1170\" height=\"1170\" srcset=\"https:\/\/suatuyetvoi.com\/muasam\/wp-content\/uploads\/2023\/03\/sua-nan-optipro-so-4-900g-126730-1.webp 1170w, https:\/\/suatuyetvoi.com\/muasam\/wp-content\/uploads\/2023\/03\/sua-nan-optipro-so-4-900g-126730-1-400x400.webp 400w, https:\/\/suatuyetvoi.com\/muasam\/wp-content\/uploads\/2023\/03\/sua-nan-optipro-so-4-900g-126730-1-800x800.webp 800w, https:\/\/suatuyetvoi.com\/muasam\/wp-content\/uploads\/2023\/03\/sua-nan-optipro-so-4-900g-126730-1-280x280.webp 280w, https:\/\/suatuyetvoi.com\/muasam\/wp-content\/uploads\/2023\/03\/sua-nan-optipro-so-4-900g-126730-1-768x768.webp 768w, https:\/\/suatuyetvoi.com\/muasam\/wp-content\/uploads\/2023\/03\/sua-nan-optipro-so-4-900g-126730-1-300x300.webp 300w, https:\/\/suatuyetvoi.com\/muasam\/wp-content\/uploads\/2023\/03\/sua-nan-optipro-so-4-900g-126730-1-600x600.webp 600w, https:\/\/suatuyetvoi.com\/muasam\/wp-content\/uploads\/2023\/03\/sua-nan-optipro-so-4-900g-126730-1-100x100.webp 100w\" sizes=\"auto, (max-width: 1170px) 100vw, 1170px\" \/><\/p>\n<p><b>\u01afu \u0111i\u1ec3m n\u1ed5i b\u1eadt\u00a0<\/b><\/p>\n<p>C\u00f4ng th\u1ee9c dinh d\u01b0\u1ee1ng c\u1ee7a s\u1eefa NAN Optipro 4 t\u1eeb Th\u1ee5y S\u0129 ch\u1ee9a:<\/p>\n<p>. \u0110\u1ea1m ch\u1ea5t l\u01b0\u1ee3ng Optipro v\u1edbi t\u1ef7 l\u1ec7 \u0111\u1ea1m whey v\u01b0\u1ee3t tr\u1ed9i: gi\u00fap b\u00e9 d\u1ec5 ti\u00eau ho\u00e1, d\u1ec5 h\u1ea5p thu, l\u00e0m gi\u1ea3m th\u1eddi gian tr\u1ed1ng d\u1ea1 d\u00e0y;<\/p>\n<p>. Nestle HM-O 2&#8217;FL: b\u1ed5 sung h\u00e0m l\u01b0\u1ee3ng 0.35G\/L 2&#8217;FL HM-O gi\u00fap t\u0103ng c\u01b0\u1eddng s\u1ee9c \u0111\u1ec1 kh\u00e1ng, gi\u1ea3m t\u1ef7 l\u1ec7 b\u1ec7nh v\u1eb7t, gi\u1ea3m s\u1ed1 l\u01b0\u1ee3ng h\u1ea1i khu\u1ea9n \u0111\u01b0\u1eddng ru\u1ed9t;<\/p>\n<p>. L\u1ee3i khu\u1ea9n BIFIDUS BL: gi\u00fap h\u1ed7 t\u0103ng s\u1ee9c \u0111\u1ec1 kh\u00e1ng, h\u1ed7 tr\u1ee3 ti\u00eau h\u00f3a;<\/p>\n<p>. DHA v\u00e0 ARA, Omega 3, Omega 6: c\u00e1c axit b\u00e9o \u0111\u1eb7c bi\u1ec7t quan tr\u1ecdng, gi\u00fap h\u1ed7 tr\u1ee3 ph\u00e1t tri\u1ec3n tr\u00ed n\u00e3o v\u00e0 th\u1ecb l\u1ef1c;<\/p>\n<p>. Canxi v\u00e0 Vitamin D: gi\u00fap b\u00e9 ph\u00e1t tri\u1ec3n th\u1ec3 ch\u1ea5t t\u1ed1t, t\u0103ng chi\u1ec1u cao hi\u1ec7u qu\u1ea3.<\/p>\n<p>S\u1ea3n ph\u1ea9m c\u0169ng \u0111\u00e3 \u0111\u01b0\u1ee3c ch\u1ee9ng nh\u1eadn an to\u00e0n cho tr\u1ebb b\u1edfi FDA (C\u1ee5c Qu\u1ea3n l\u00fd D\u01b0\u1ee3c ph\u1ea9m &amp; Th\u1ef1c ph\u1ea9m Hoa K\u1ef3) v\u00e0 EFSA (\u1ee6y ban ATTP Ch\u00e2u \u00c2u).<\/p>\n<p><b>T\u1ef7 l\u1ec7 pha g\u1ee3i \u00fd\u00a0<\/b><\/p>\n<p>. Pha 7 mu\u1ed7ng l\u01b0\u1eddng c\u00f3 trong h\u1ed9p v\u1edbi 210ml n\u01b0\u1edbc s\u00f4i \u0111\u1ec3 ngu\u1ed9i.<\/p>\n<p>. N\u00ean cho b\u00e9 u\u1ed1ng 2 l\u1ea7n m\u1ed7i ng\u00e0y.<\/p>\n<p><b>Th\u00e0nh ph\u1ea7n\u00a0<\/b><\/p>\n<p>S\u1eefa b\u1ed9t t\u00e1ch kem (skimmed MILK), LACTOSE (t\u1eeb S\u1eeeA), \u0110\u1ea0M ch\u1ea5t l\u01b0\u1ee3ng OPTIPRO (\u0110\u1ea0M WHEY-WHEY PROTEIN t\u1eeb S\u1eeeA), D\u1ea7u h\u01b0\u1edbng d\u01b0\u01a1ng gi\u00e0u Oleic, D\u1ea7u \u0110\u1eacU N\u00c0NH (SOYA bean oil), D\u1ea7u d\u1eeba, Canxi Citrate, Natri Citrate, Ch\u1ea5t nh\u0169 h\u00f3a Lecithin \u0110\u1eacU N\u00c0NH (SOYA lecithin), Glucose Syrup, Ch\u1ea5t nh\u0169 h\u00f3a monoglycerides, Kali Phosphate, 2&#8242;-O-Fucosyllactose (2&#8242;- FL), D\u1ea7u C\u00c1 gi\u00e0u DHA (FISH oil high DHA), C\u00e1c Vitamin (C,Nicotinamide, E, B5, A, B1, B6, B2, Axit Folic, K1, Biotin, D3, B12), Maltodextrin, Natri clorid, D\u1ea7u n\u1ea5m gi\u00e0u ARA, C\u00e1c kho\u00e1ng ch\u1ea5t (S\u1eaft Sulfate, K\u1ebdm sulfate, \u0110\u1ed3ng sulfate, Kali Iodide, Mangan Sulfate, Natri Selenate), H\u01b0\u01a1ng vanilin t\u1ed5ng h\u1ee3p, Ch\u1ea5t \u0111i\u1ec1u ch\u1ec9nh \u0111\u1ed9 axit axit Citric, Bifidobacterium lactis (Bifidus BL), Ch\u1ea5t ch\u1ed1ng oxy h\u00f3a Ascorbyl Palmitate, Ch\u1ea5t ch\u1ed1ng oxy h\u00f3a Tocopherol h\u1ed7n h\u1ee3p.<\/p>\n<\/div>\n<\/div>\n<\/div>\n","protected":false},"excerpt":{"rendered":"<ul>\n<li>\u0110\u1ea1m ch\u1ea5t l\u01b0\u1ee3ng Optipro<\/li>\n<li>H\u1ec7 vi sinh l\u1ee3i khu\u1ea9n Bifidus BL<\/li>\n<li>DHA h\u1ed7 tr\u1ee3 n\u00e3o b\u1ed9 ph\u00e1t tri\u1ec3n<\/li>\n<\/ul>\n","protected":false},"featured_media":5698,"comment_status":"open","ping_status":"closed","template":"","meta":[],"product_cat":[231],"product_tag":[573,566],"class_list":["post-5695","product","type-product","status-publish","has-post-thumbnail","hentry","product_cat-sua-bot","product_tag-ho-tro-giup-phat-trien-nao-bo","product_tag-tang-cuong-suc-de-khang","berocket_brand-nestle"],"yoast_head":"<!-- This site is optimized with the Yoast SEO plugin v27.6 - https:\/\/yoast.com\/product\/yoast-seo-wordpress\/ -->\n<title>S\u1eefa Nan Optipro 4 900g, HMO (2-6 tu\u1ed5i) - \u0110ANG KHUY\u1ebeN M\u00c3I<\/title>\n<meta name=\"description\" content=\"S\u1eefa NAN OPTIPRO 4\u00a0l\u00e0 s\u1ea3n ph\u1ea9m dinh d\u01b0\u1ee1ng c\u00f4ng th\u1ee9c ph\u00f9 h\u1ee3p v\u1edbi b\u00e9 2-6 tu\u1ed5i t\u1eeb Th\u1ee5y S\u0129. S\u1ea3n ph\u1ea9m b\u1ed5 sung c\u00e1c d\u01b0\u1ee1ng ch\u1ea5t thi\u1ebft y\u1ebfu gi\u00fap h\u1ed7 tr\u1ee3 ti\u00eau h\u00f3a\" \/>\n<meta name=\"robots\" content=\"index, follow, max-snippet:-1, max-image-preview:large, max-video-preview:-1\" \/>\n<link rel=\"canonical\" href=\"https:\/\/suatuyetvoi.com\/muasam\/san-pham\/sua-nan-optipro-4-900g-hmo-2-6-tuoi\/\" \/>\n<meta property=\"og:locale\" content=\"vi_VN\" \/>\n<meta property=\"og:type\" content=\"article\" \/>\n<meta property=\"og:title\" content=\"S\u1eefa Nan Optipro 4 900g, HMO (2-6 tu\u1ed5i) - \u0110ANG KHUY\u1ebeN M\u00c3I\" \/>\n<meta property=\"og:description\" content=\"S\u1eefa NAN OPTIPRO 4\u00a0l\u00e0 s\u1ea3n ph\u1ea9m dinh d\u01b0\u1ee1ng c\u00f4ng th\u1ee9c ph\u00f9 h\u1ee3p v\u1edbi b\u00e9 2-6 tu\u1ed5i t\u1eeb Th\u1ee5y S\u0129. S\u1ea3n ph\u1ea9m b\u1ed5 sung c\u00e1c d\u01b0\u1ee1ng ch\u1ea5t thi\u1ebft y\u1ebfu gi\u00fap h\u1ed7 tr\u1ee3 ti\u00eau h\u00f3a\" \/>\n<meta property=\"og:url\" content=\"https:\/\/suatuyetvoi.com\/muasam\/san-pham\/sua-nan-optipro-4-900g-hmo-2-6-tuoi\/\" \/>\n<meta property=\"og:site_name\" content=\"S\u1eefa Tuy\u1ec7t V\u1eddi\" \/>\n<meta property=\"article:modified_time\" content=\"2023-03-08T11:18:06+00:00\" \/>\n<meta property=\"og:image\" content=\"https:\/\/suatuyetvoi.com\/muasam\/wp-content\/uploads\/2023\/03\/sua-nan-optipro-so-4-900g-126730-1-Edited.png\" \/>\n\t<meta property=\"og:image:width\" content=\"1170\" \/>\n\t<meta property=\"og:image:height\" content=\"1170\" \/>\n\t<meta property=\"og:image:type\" content=\"image\/png\" \/>\n<meta name=\"twitter:card\" content=\"summary_large_image\" \/>\n<meta name=\"twitter:title\" content=\"S\u1eefa Nan Optipro 4 900g, HMO (2-6 tu\u1ed5i) - \u0110ANG KHUY\u1ebeN M\u00c3I\" \/>\n<meta name=\"twitter:description\" content=\"S\u1eefa NAN OPTIPRO 4\u00a0l\u00e0 s\u1ea3n ph\u1ea9m dinh d\u01b0\u1ee1ng c\u00f4ng th\u1ee9c ph\u00f9 h\u1ee3p v\u1edbi b\u00e9 2-6 tu\u1ed5i t\u1eeb Th\u1ee5y S\u0129. S\u1ea3n ph\u1ea9m b\u1ed5 sung c\u00e1c d\u01b0\u1ee1ng ch\u1ea5t thi\u1ebft y\u1ebfu gi\u00fap h\u1ed7 tr\u1ee3 ti\u00eau h\u00f3a\" \/>\n<meta name=\"twitter:label1\" content=\"\u01af\u1edbc t\u00ednh th\u1eddi gian \u0111\u1ecdc\" \/>\n\t<meta name=\"twitter:data1\" content=\"4 ph\u00fat\" \/>\n<script type=\"application\/ld+json\" class=\"yoast-schema-graph\">{\"@context\":\"https:\\\/\\\/schema.org\",\"@graph\":[{\"@type\":\"WebPage\",\"@id\":\"https:\\\/\\\/suatuyetvoi.com\\\/muasam\\\/san-pham\\\/sua-nan-optipro-4-900g-hmo-2-6-tuoi\\\/\",\"url\":\"https:\\\/\\\/suatuyetvoi.com\\\/muasam\\\/san-pham\\\/sua-nan-optipro-4-900g-hmo-2-6-tuoi\\\/\",\"name\":\"S\u1eefa Nan Optipro 4 900g, HMO (2-6 tu\u1ed5i) - \u0110ANG KHUY\u1ebeN M\u00c3I\",\"isPartOf\":{\"@id\":\"https:\\\/\\\/suatuyetvoi.com\\\/muasam\\\/#website\"},\"primaryImageOfPage\":{\"@id\":\"https:\\\/\\\/suatuyetvoi.com\\\/muasam\\\/san-pham\\\/sua-nan-optipro-4-900g-hmo-2-6-tuoi\\\/#primaryimage\"},\"image\":{\"@id\":\"https:\\\/\\\/suatuyetvoi.com\\\/muasam\\\/san-pham\\\/sua-nan-optipro-4-900g-hmo-2-6-tuoi\\\/#primaryimage\"},\"thumbnailUrl\":\"https:\\\/\\\/suatuyetvoi.com\\\/muasam\\\/wp-content\\\/uploads\\\/2023\\\/03\\\/sua-nan-optipro-so-4-900g-126730-1-Edited.png\",\"datePublished\":\"2023-03-08T11:18:05+00:00\",\"dateModified\":\"2023-03-08T11:18:06+00:00\",\"description\":\"S\u1eefa NAN OPTIPRO 4\u00a0l\u00e0 s\u1ea3n ph\u1ea9m dinh d\u01b0\u1ee1ng c\u00f4ng th\u1ee9c ph\u00f9 h\u1ee3p v\u1edbi b\u00e9 2-6 tu\u1ed5i t\u1eeb Th\u1ee5y S\u0129. S\u1ea3n ph\u1ea9m b\u1ed5 sung c\u00e1c d\u01b0\u1ee1ng ch\u1ea5t thi\u1ebft y\u1ebfu gi\u00fap h\u1ed7 tr\u1ee3 ti\u00eau h\u00f3a\",\"breadcrumb\":{\"@id\":\"https:\\\/\\\/suatuyetvoi.com\\\/muasam\\\/san-pham\\\/sua-nan-optipro-4-900g-hmo-2-6-tuoi\\\/#breadcrumb\"},\"inLanguage\":\"vi\",\"potentialAction\":[{\"@type\":\"ReadAction\",\"target\":[\"https:\\\/\\\/suatuyetvoi.com\\\/muasam\\\/san-pham\\\/sua-nan-optipro-4-900g-hmo-2-6-tuoi\\\/\"]}]},{\"@type\":\"ImageObject\",\"inLanguage\":\"vi\",\"@id\":\"https:\\\/\\\/suatuyetvoi.com\\\/muasam\\\/san-pham\\\/sua-nan-optipro-4-900g-hmo-2-6-tuoi\\\/#primaryimage\",\"url\":\"https:\\\/\\\/suatuyetvoi.com\\\/muasam\\\/wp-content\\\/uploads\\\/2023\\\/03\\\/sua-nan-optipro-so-4-900g-126730-1-Edited.png\",\"contentUrl\":\"https:\\\/\\\/suatuyetvoi.com\\\/muasam\\\/wp-content\\\/uploads\\\/2023\\\/03\\\/sua-nan-optipro-so-4-900g-126730-1-Edited.png\",\"width\":1170,\"height\":1170},{\"@type\":\"BreadcrumbList\",\"@id\":\"https:\\\/\\\/suatuyetvoi.com\\\/muasam\\\/san-pham\\\/sua-nan-optipro-4-900g-hmo-2-6-tuoi\\\/#breadcrumb\",\"itemListElement\":[{\"@type\":\"ListItem\",\"position\":1,\"name\":\"Home\",\"item\":\"https:\\\/\\\/suatuyetvoi.com\\\/muasam\\\/\"},{\"@type\":\"ListItem\",\"position\":2,\"name\":\"Shop\",\"item\":\"https:\\\/\\\/suatuyetvoi.com\\\/muasam\\\/shop\\\/\"},{\"@type\":\"ListItem\",\"position\":3,\"name\":\"S\u1eefa Nan Optipro 4 900g, HMO (2-6 tu\u1ed5i)\"}]},{\"@type\":\"WebSite\",\"@id\":\"https:\\\/\\\/suatuyetvoi.com\\\/muasam\\\/#website\",\"url\":\"https:\\\/\\\/suatuyetvoi.com\\\/muasam\\\/\",\"name\":\"S\u1eefa Tuy\u1ec7t V\u1eddi\",\"description\":\"S\u1eefa Tuy\u1ec7t V\u1eddi Vi\u1ec7t Nam\",\"potentialAction\":[{\"@type\":\"SearchAction\",\"target\":{\"@type\":\"EntryPoint\",\"urlTemplate\":\"https:\\\/\\\/suatuyetvoi.com\\\/muasam\\\/?s={search_term_string}\"},\"query-input\":{\"@type\":\"PropertyValueSpecification\",\"valueRequired\":true,\"valueName\":\"search_term_string\"}}],\"inLanguage\":\"vi\"}]}<\/script>\n<!-- \/ Yoast SEO plugin. -->","yoast_head_json":{"title":"S\u1eefa Nan Optipro 4 900g, HMO (2-6 tu\u1ed5i) - \u0110ANG KHUY\u1ebeN M\u00c3I","description":"S\u1eefa NAN OPTIPRO 4\u00a0l\u00e0 s\u1ea3n ph\u1ea9m dinh d\u01b0\u1ee1ng c\u00f4ng th\u1ee9c ph\u00f9 h\u1ee3p v\u1edbi b\u00e9 2-6 tu\u1ed5i t\u1eeb Th\u1ee5y S\u0129. S\u1ea3n ph\u1ea9m b\u1ed5 sung c\u00e1c d\u01b0\u1ee1ng ch\u1ea5t thi\u1ebft y\u1ebfu gi\u00fap h\u1ed7 tr\u1ee3 ti\u00eau h\u00f3a","robots":{"index":"index","follow":"follow","max-snippet":"max-snippet:-1","max-image-preview":"max-image-preview:large","max-video-preview":"max-video-preview:-1"},"canonical":"https:\/\/suatuyetvoi.com\/muasam\/san-pham\/sua-nan-optipro-4-900g-hmo-2-6-tuoi\/","og_locale":"vi_VN","og_type":"article","og_title":"S\u1eefa Nan Optipro 4 900g, HMO (2-6 tu\u1ed5i) - \u0110ANG KHUY\u1ebeN M\u00c3I","og_description":"S\u1eefa NAN OPTIPRO 4\u00a0l\u00e0 s\u1ea3n ph\u1ea9m dinh d\u01b0\u1ee1ng c\u00f4ng th\u1ee9c ph\u00f9 h\u1ee3p v\u1edbi b\u00e9 2-6 tu\u1ed5i t\u1eeb Th\u1ee5y S\u0129. S\u1ea3n ph\u1ea9m b\u1ed5 sung c\u00e1c d\u01b0\u1ee1ng ch\u1ea5t thi\u1ebft y\u1ebfu gi\u00fap h\u1ed7 tr\u1ee3 ti\u00eau h\u00f3a","og_url":"https:\/\/suatuyetvoi.com\/muasam\/san-pham\/sua-nan-optipro-4-900g-hmo-2-6-tuoi\/","og_site_name":"S\u1eefa Tuy\u1ec7t V\u1eddi","article_modified_time":"2023-03-08T11:18:06+00:00","og_image":[{"width":1170,"height":1170,"url":"https:\/\/suatuyetvoi.com\/muasam\/wp-content\/uploads\/2023\/03\/sua-nan-optipro-so-4-900g-126730-1-Edited.png","type":"image\/png"}],"twitter_card":"summary_large_image","twitter_title":"S\u1eefa Nan Optipro 4 900g, HMO (2-6 tu\u1ed5i) - \u0110ANG KHUY\u1ebeN M\u00c3I","twitter_description":"S\u1eefa NAN OPTIPRO 4\u00a0l\u00e0 s\u1ea3n ph\u1ea9m dinh d\u01b0\u1ee1ng c\u00f4ng th\u1ee9c ph\u00f9 h\u1ee3p v\u1edbi b\u00e9 2-6 tu\u1ed5i t\u1eeb Th\u1ee5y S\u0129. S\u1ea3n ph\u1ea9m b\u1ed5 sung c\u00e1c d\u01b0\u1ee1ng ch\u1ea5t thi\u1ebft y\u1ebfu gi\u00fap h\u1ed7 tr\u1ee3 ti\u00eau h\u00f3a","twitter_misc":{"\u01af\u1edbc t\u00ednh th\u1eddi gian \u0111\u1ecdc":"4 ph\u00fat"},"schema":{"@context":"https:\/\/schema.org","@graph":[{"@type":"WebPage","@id":"https:\/\/suatuyetvoi.com\/muasam\/san-pham\/sua-nan-optipro-4-900g-hmo-2-6-tuoi\/","url":"https:\/\/suatuyetvoi.com\/muasam\/san-pham\/sua-nan-optipro-4-900g-hmo-2-6-tuoi\/","name":"S\u1eefa Nan Optipro 4 900g, HMO (2-6 tu\u1ed5i) - \u0110ANG KHUY\u1ebeN M\u00c3I","isPartOf":{"@id":"https:\/\/suatuyetvoi.com\/muasam\/#website"},"primaryImageOfPage":{"@id":"https:\/\/suatuyetvoi.com\/muasam\/san-pham\/sua-nan-optipro-4-900g-hmo-2-6-tuoi\/#primaryimage"},"image":{"@id":"https:\/\/suatuyetvoi.com\/muasam\/san-pham\/sua-nan-optipro-4-900g-hmo-2-6-tuoi\/#primaryimage"},"thumbnailUrl":"https:\/\/suatuyetvoi.com\/muasam\/wp-content\/uploads\/2023\/03\/sua-nan-optipro-so-4-900g-126730-1-Edited.png","datePublished":"2023-03-08T11:18:05+00:00","dateModified":"2023-03-08T11:18:06+00:00","description":"S\u1eefa NAN OPTIPRO 4\u00a0l\u00e0 s\u1ea3n ph\u1ea9m dinh d\u01b0\u1ee1ng c\u00f4ng th\u1ee9c ph\u00f9 h\u1ee3p v\u1edbi b\u00e9 2-6 tu\u1ed5i t\u1eeb Th\u1ee5y S\u0129. S\u1ea3n ph\u1ea9m b\u1ed5 sung c\u00e1c d\u01b0\u1ee1ng ch\u1ea5t thi\u1ebft y\u1ebfu gi\u00fap h\u1ed7 tr\u1ee3 ti\u00eau h\u00f3a","breadcrumb":{"@id":"https:\/\/suatuyetvoi.com\/muasam\/san-pham\/sua-nan-optipro-4-900g-hmo-2-6-tuoi\/#breadcrumb"},"inLanguage":"vi","potentialAction":[{"@type":"ReadAction","target":["https:\/\/suatuyetvoi.com\/muasam\/san-pham\/sua-nan-optipro-4-900g-hmo-2-6-tuoi\/"]}]},{"@type":"ImageObject","inLanguage":"vi","@id":"https:\/\/suatuyetvoi.com\/muasam\/san-pham\/sua-nan-optipro-4-900g-hmo-2-6-tuoi\/#primaryimage","url":"https:\/\/suatuyetvoi.com\/muasam\/wp-content\/uploads\/2023\/03\/sua-nan-optipro-so-4-900g-126730-1-Edited.png","contentUrl":"https:\/\/suatuyetvoi.com\/muasam\/wp-content\/uploads\/2023\/03\/sua-nan-optipro-so-4-900g-126730-1-Edited.png","width":1170,"height":1170},{"@type":"BreadcrumbList","@id":"https:\/\/suatuyetvoi.com\/muasam\/san-pham\/sua-nan-optipro-4-900g-hmo-2-6-tuoi\/#breadcrumb","itemListElement":[{"@type":"ListItem","position":1,"name":"Home","item":"https:\/\/suatuyetvoi.com\/muasam\/"},{"@type":"ListItem","position":2,"name":"Shop","item":"https:\/\/suatuyetvoi.com\/muasam\/shop\/"},{"@type":"ListItem","position":3,"name":"S\u1eefa Nan Optipro 4 900g, HMO (2-6 tu\u1ed5i)"}]},{"@type":"WebSite","@id":"https:\/\/suatuyetvoi.com\/muasam\/#website","url":"https:\/\/suatuyetvoi.com\/muasam\/","name":"S\u1eefa Tuy\u1ec7t V\u1eddi","description":"S\u1eefa Tuy\u1ec7t V\u1eddi Vi\u1ec7t Nam","potentialAction":[{"@type":"SearchAction","target":{"@type":"EntryPoint","urlTemplate":"https:\/\/suatuyetvoi.com\/muasam\/?s={search_term_string}"},"query-input":{"@type":"PropertyValueSpecification","valueRequired":true,"valueName":"search_term_string"}}],"inLanguage":"vi"}]}},"_links":{"self":[{"href":"https:\/\/suatuyetvoi.com\/muasam\/wp-json\/wp\/v2\/product\/5695","targetHints":{"allow":["GET"]}}],"collection":[{"href":"https:\/\/suatuyetvoi.com\/muasam\/wp-json\/wp\/v2\/product"}],"about":[{"href":"https:\/\/suatuyetvoi.com\/muasam\/wp-json\/wp\/v2\/types\/product"}],"replies":[{"embeddable":true,"href":"https:\/\/suatuyetvoi.com\/muasam\/wp-json\/wp\/v2\/comments?post=5695"}],"wp:featuredmedia":[{"embeddable":true,"href":"https:\/\/suatuyetvoi.com\/muasam\/wp-json\/wp\/v2\/media\/5698"}],"wp:attachment":[{"href":"https:\/\/suatuyetvoi.com\/muasam\/wp-json\/wp\/v2\/media?parent=5695"}],"wp:term":[{"taxonomy":"product_cat","embeddable":true,"href":"https:\/\/suatuyetvoi.com\/muasam\/wp-json\/wp\/v2\/product_cat?post=5695"},{"taxonomy":"product_tag","embeddable":true,"href":"https:\/\/suatuyetvoi.com\/muasam\/wp-json\/wp\/v2\/product_tag?post=5695"}],"curies":[{"name":"wp","href":"https:\/\/api.w.org\/{rel}","templated":true}]}}