{"id":5680,"date":"2023-03-08T01:03:18","date_gmt":"2023-03-07T18:03:18","guid":{"rendered":"https:\/\/suatuyetvoi.com\/muasam\/?post_type=product&#038;p=5680"},"modified":"2023-03-08T01:09:36","modified_gmt":"2023-03-07T18:09:36","slug":"sua-similac-neosure-so-1-370g-0-12-thang","status":"publish","type":"product","link":"https:\/\/suatuyetvoi.com\/muasam\/san-pham\/sua-similac-neosure-so-1-370g-0-12-thang\/","title":{"rendered":"S\u1eefa Similac Neosure 370g (0-12 th\u00e1ng)"},"content":{"rendered":"<h3>Th\u00f4ng tin chi ti\u1ebft<\/h3>\n<table class=\"table table-bordered table-striped p_bottom_0\">\n<tbody>\n<tr>\n<td>T\u00ean s\u1ea3n ph\u1ea9m<\/td>\n<td>S\u1ea3n ph\u1ea9m dinh d\u01b0\u1ee1ng \u0111\u1eb7t bi\u1ec7t cho tr\u1ebb sinh non, nh\u1eb9 c\u00e2n 0-12 th\u00e1ng tu\u1ed5i: Similac Neosure 370g<\/td>\n<\/tr>\n<tr>\n<td>Th\u01b0\u01a1ng hi\u1ec7u<\/td>\n<td>Similac<\/td>\n<\/tr>\n<tr>\n<td>Xu\u1ea5t x\u1ee9 th\u01b0\u01a1ng hi\u1ec7u<\/td>\n<td>Hoa K\u1ef3<\/td>\n<\/tr>\n<tr>\n<td>S\u1ea3n xu\u1ea5t t\u1ea1i<\/td>\n<td>T\u00e2y Ban Nha<\/td>\n<\/tr>\n<tr>\n<td>Tr\u1ecdng l\u01b0\u1ee3ng s\u1ea3n ph\u1ea9m<\/td>\n<td>370g<\/td>\n<\/tr>\n<tr>\n<td>\u0110\u1ed9 tu\u1ed5i ph\u00f9 h\u1ee3p<\/td>\n<td>Tr\u1ebb sinh non, nh\u1eb9 c\u00e2n t\u1eeb 0-12 th\u00e1ng<\/td>\n<\/tr>\n<tr>\n<td>H\u01b0\u1edbng d\u1eabn s\u1eed d\u1ee5ng<\/td>\n<td>. D\u00f9ng n\u01b0\u1edbc \u0111\u00e3 \u0111\u01b0\u1ee3c \u0111un s\u00f4i trong v\u00f2ng 5 ph\u00fat v\u00e0 \u0111\u1ec3 ngu\u1ed9i (37\u00baC) \u0111\u1ec3 pha ch\u1ebf theo h\u01b0\u1edbng d\u1eabn.<br \/>\n. Ch\u1ec9 d\u00f9ng mu\u1ed7ng c\u00f3 s\u1eb5n trong h\u1ed9p \u0111\u1ec3 l\u01b0\u1eddng Similac Neosure IQ.<br \/>\n. L\u01b0\u1ee3ng pha d\u01b0 h\u01a1n 1 l\u1ea7n u\u1ed1ng ph\u1ea3i b\u1ea3o qu\u1ea3n trong t\u1ee7 l\u1ea1nh \u1edf 2 &#8211; 4\u00baC kh\u00f4ng qu\u00e1 24 gi\u1edd.<br \/>\n. C\u00e1ch pha chu\u1ea9n: m\u1ed9t mu\u1ed7ng g\u1ea1t ngang Similac NeoSure IQ pha v\u1edbi 60ml n\u01b0\u1edbc, ho\u1eb7c 145g b\u1ed9t trong m\u1ed7i l\u00edt n\u01b0\u1edbc, 30ml s\u1eefa cung c\u1ea5p 22kcal.<\/td>\n<\/tr>\n<tr>\n<td>H\u01b0\u1edbng d\u1eabn b\u1ea3o qu\u1ea3n<\/td>\n<td>. B\u1ea3o qu\u1ea3n h\u1ed9p ch\u01b0a m\u1edf \u1edf nhi\u1ec7t \u0111\u1ed9 ph\u00f2ng.<br \/>\n. Khi h\u1ed9p \u0111\u00e3 m\u1edf, n\u00ean s\u1eed d\u1ee5ng trong v\u00f2ng 3 tu\u1ea7n.<br \/>\n. \u0110\u1eady n\u1eafp v\u00e0 b\u1ea3o qu\u1ea3n n\u01a1i kh\u00f4 m\u00e1t (kh\u00f4ng \u0111\u1ec3 trong t\u1ee7 l\u1ea1nh).<br \/>\n. Kh\u00f4ng d\u00f9ng l\u00f2 vi s\u00f3ng \u0111\u1ec3 pha hay h\u00e2m n\u00f3ng v\u00ec c\u00f3 th\u1ec3 g\u00e2y b\u1ecfng n\u1eb7ng.<\/td>\n<\/tr>\n<\/tbody>\n<\/table>\n<p><b><\/b><b>S\u1eefa Similac Neosure s\u1ed1 1<\/b>\u00a0l\u00e0 s\u1eefa cho tr\u1ebb s\u01a1 sinh\u00a0nh\u1eb9 c\u00e2n sinh non t\u1eeb 0 &#8211; 12 th\u00e1ng tu\u1ed5i \u0111\u1ebfn t\u1eeb th\u01b0\u01a1ng hi\u1ec7u uy t\u00edn h\u00e0ng \u0111\u1ea7u th\u1ebf gi\u1edbi &#8211; Abbott.\u00a0\u0110\u01b0\u1ee3c s\u1ea3n xu\u1ea5t theo c\u00f4ng ngh\u1ec7 hi\u1ec7n \u0111\u1ea1i c\u1ee7a Abbott v\u00e0 \u0111\u01b0\u1ee3c ch\u1ee9ng minh l\u00e2m s\u00e0ng v\u1ec1 t\u00ednh hi\u1ec7u qu\u1ea3 v\u00e0 an to\u00e0n, s\u1ea3n ph\u1ea9m s\u1ebd l\u00e0 s\u1ef1 l\u1ef1a ch\u1ecdn r\u1ea5t t\u1ed1t ba m\u1eb9 n\u00ean d\u00e0nh cho tr\u1ebb sinh non, nh\u1eb9 c\u00e2n.<\/p>\n<p><img loading=\"lazy\" decoding=\"async\" class=\"alignnone wp-image-5681 size-full\" src=\"https:\/\/suatuyetvoi.com\/muasam\/wp-content\/uploads\/2023\/03\/2.png\" alt=\"\" width=\"1000\" height=\"1000\" srcset=\"https:\/\/suatuyetvoi.com\/muasam\/wp-content\/uploads\/2023\/03\/2.png 1000w, https:\/\/suatuyetvoi.com\/muasam\/wp-content\/uploads\/2023\/03\/2-400x400.png 400w, https:\/\/suatuyetvoi.com\/muasam\/wp-content\/uploads\/2023\/03\/2-800x800.png 800w, https:\/\/suatuyetvoi.com\/muasam\/wp-content\/uploads\/2023\/03\/2-280x280.png 280w, https:\/\/suatuyetvoi.com\/muasam\/wp-content\/uploads\/2023\/03\/2-768x768.png 768w, https:\/\/suatuyetvoi.com\/muasam\/wp-content\/uploads\/2023\/03\/2-300x300.png 300w, https:\/\/suatuyetvoi.com\/muasam\/wp-content\/uploads\/2023\/03\/2-600x600.png 600w, https:\/\/suatuyetvoi.com\/muasam\/wp-content\/uploads\/2023\/03\/2-100x100.png 100w\" sizes=\"auto, (max-width: 1000px) 100vw, 1000px\" \/><\/p>\n<h3>\u0110\u1eb7c \u0111i\u1ec3m n\u1ed5i b\u1eadt c\u1ee7a s\u1ea3n ph\u1ea9m<\/h3>\n<p><b>\u01afu \u0111i\u1ec3m n\u1ed5i b\u1eadt\u00a0<\/b><\/p>\n<p>. S\u1eefa Similac\u00a0Neosure s\u1ed1 1 ch\u1ee9a h\u1ec7 d\u01b0\u1ee1ng ch\u1ea5t IQ, m\u1ed9t h\u1ed7n h\u1ee3p d\u01b0\u1ee1ng ch\u1ea5t \u0111\u1eb7c bi\u1ec7t, bao g\u1ed3m LCPUFA (AA &amp; DHA), Omega 3 v\u00e0 6, Taurin, Cholin v\u00e0 s\u1eaft.<\/p>\n<p>. H\u1ec7 d\u01b0\u1ee1ng ch\u1ea5t Immutify Ingredient trong s\u1eefa Similac Neosure s\u1ed1 1 l\u00e0 m\u1ed9t h\u1ed7n h\u1ee3p c\u00e1c d\u01b0\u1ee1ng ch\u1ea5t t\u01b0\u01a1ng t\u1ef1 v\u1edbi c\u00e1c d\u01b0\u1ee1ng ch\u1ea5t t\u00ecm th\u1ea5y trong s\u1eefa m\u1eb9 bao g\u1ed3m TPAN (nucleotic 72mg\/l).<\/p>\n<p>. S\u1ea3n ph\u1ea9m b\u1ed5 sung n\u0103ng l\u01b0\u1ee3ng cao, c\u0169ng nh\u01b0 \u0111\u1ea7y \u0111\u1ee7 vitamin v\u00e0 kho\u00e1ng ch\u1ea5t thi\u1ebft y\u1ebfu cho tr\u1ebb.<\/p>\n<p><b>T\u1ef7 l\u1ec7 pha g\u1ee3i \u00fd<\/b><\/p>\n<p>Ba m\u1eb9 tham kh\u1ea3o chi ti\u1ebft trong b\u1ea3ng d\u01b0\u1edbi \u0111\u00e2y:<\/p>\n<p><img loading=\"lazy\" decoding=\"async\" class=\"alignnone wp-image-5682 size-full\" src=\"https:\/\/suatuyetvoi.com\/muasam\/wp-content\/uploads\/2023\/03\/similac-neosure-370g-2.png\" alt=\"\" width=\"600\" height=\"600\" srcset=\"https:\/\/suatuyetvoi.com\/muasam\/wp-content\/uploads\/2023\/03\/similac-neosure-370g-2.png 600w, https:\/\/suatuyetvoi.com\/muasam\/wp-content\/uploads\/2023\/03\/similac-neosure-370g-2-400x400.png 400w, https:\/\/suatuyetvoi.com\/muasam\/wp-content\/uploads\/2023\/03\/similac-neosure-370g-2-280x280.png 280w, https:\/\/suatuyetvoi.com\/muasam\/wp-content\/uploads\/2023\/03\/similac-neosure-370g-2-300x300.png 300w, https:\/\/suatuyetvoi.com\/muasam\/wp-content\/uploads\/2023\/03\/similac-neosure-370g-2-100x100.png 100w\" sizes=\"auto, (max-width: 600px) 100vw, 600px\" \/><\/p>\n<p><b>Th\u00e0nh ph\u1ea7n<\/b><\/p>\n<p><span style=\"font-family: Helvetica\">Maltodextrin, D\u1ea7u th\u1ef1c v\u1eadt (ch\u1ee9a: d\u1ea7u \u0111\u1eadu n\u00e0nh, d\u1ea7u h\u01b0\u1edbng d\u01b0\u01a1ng gi\u00e0u oleic, d\u1ea7u MCT (triglycerid chu\u1ed7i trung b\u00ecnh), d\u1ea7u d\u1eeba), s\u1eefa kh\u00f4ng b\u00e9o, lactose, \u0111\u1ea1m whey c\u00f4 \u0111\u1eb7c, Kho\u00e1ng ch\u1ea5t (canxi carbonat, kali phosphat, kali hydroxid, tricanxi phosphat, natri clorid, magi\u00ea clorid, s\u1eaft sulfat, k\u1ebdm sulfat, \u0111\u1ed3ng sulfat, mangan sulfat, kali iodid, natri selenat), acid arachidonic (AA), Vitamin (natri ascorbat, acid ascorbic, ascorbyl palmitat, niacinamid, d-alpha tocopheryl acetat\u25ca, canxi d-pantothenat, vitamin A palmitat, thiamin hydroclorid, riboflavin, pyridoxin hydroclorid, acid folic, phylloquinon, d-biotin, cholecalciferol, cyanocobalamin), 2&#8242;-fucosyllactose (2&#8242;-FL HMO) (oligosaccharid), ch\u1ea5t nh\u0169 h\u00f3a lecithin, acid docosahexaenoic (DHA), Nucleotid (cytidin 5\u2019-monophosphat, dinatri uridin 5\u2019-monophosphat, dinatri guanosin 5\u2019-monophosphat, adenosin 5\u2019-monophosphat), cholin clorid, taurin, L-carnitin, myo-Inositol, h\u1ed7n h\u1ee3p tocopherol, Carotenoid (beta caroten).<\/span><\/p>\n<p><span style=\"font-family: Helvetica\">\u25ca Vitamin E t\u1ef1 nhi\u00ean.<\/span><\/p>\n","protected":false},"excerpt":{"rendered":"<p>H\u1ec7 d\u01b0\u1ee1ng ch\u1ea5t IQ Plus ph\u00e1t tri\u1ec3n n\u00e3o b\u1ed9<br \/>\nT\u0103ng c\u01b0\u1eddng \u0111\u1ec1 kh\u00e1ng v\u00e0 ti\u00eau h\u00f3a kh\u1ecfe m\u1ea1nh<br \/>\nGi\u00fap h\u1ea5p thu Canxi t\u1ed1t<\/p>\n","protected":false},"featured_media":5684,"comment_status":"open","ping_status":"closed","template":"","meta":[],"product_cat":[231],"product_tag":[558,573,574],"class_list":["post-5680","product","type-product","status-publish","has-post-thumbnail","hentry","product_cat-sua-bot","product_tag-0-12-thang","product_tag-ho-tro-giup-phat-trien-nao-bo","product_tag-ho-tro-tang-suc-de-khang","berocket_brand-abbott"],"yoast_head":"<!-- This site is optimized with the Yoast SEO plugin v27.6 - https:\/\/yoast.com\/product\/yoast-seo-wordpress\/ -->\n<title>S\u1eefa Similac Neosure 370g (0-12 th\u00e1ng) - \u0110ang Khuy\u1ebfn m\u00e3i<\/title>\n<meta name=\"description\" content=\"S\u1eefa Similac Neosure s\u1ed1 1 l\u00e0 s\u1eefa cho tr\u1ebb s\u01a1 sinh nh\u1eb9 c\u00e2n sinh non t\u1eeb 0 - 12 th\u00e1ng tu\u1ed5i \u0111\u1ebfn t\u1eeb th\u01b0\u01a1ng hi\u1ec7u uy t\u00edn h\u00e0ng \u0111\u1ea7u th\u1ebf gi\u1edbi - Abbott.\" \/>\n<meta name=\"robots\" content=\"index, follow, max-snippet:-1, max-image-preview:large, max-video-preview:-1\" \/>\n<link rel=\"canonical\" href=\"https:\/\/suatuyetvoi.com\/muasam\/san-pham\/sua-similac-neosure-so-1-370g-0-12-thang\/\" \/>\n<meta property=\"og:locale\" content=\"vi_VN\" \/>\n<meta property=\"og:type\" content=\"article\" \/>\n<meta property=\"og:title\" content=\"S\u1eefa Similac Neosure 370g (0-12 th\u00e1ng) - \u0110ang Khuy\u1ebfn m\u00e3i\" \/>\n<meta property=\"og:description\" content=\"S\u1eefa Similac Neosure s\u1ed1 1 l\u00e0 s\u1eefa cho tr\u1ebb s\u01a1 sinh nh\u1eb9 c\u00e2n sinh non t\u1eeb 0 - 12 th\u00e1ng tu\u1ed5i \u0111\u1ebfn t\u1eeb th\u01b0\u01a1ng hi\u1ec7u uy t\u00edn h\u00e0ng \u0111\u1ea7u th\u1ebf gi\u1edbi - Abbott.\" \/>\n<meta property=\"og:url\" content=\"https:\/\/suatuyetvoi.com\/muasam\/san-pham\/sua-similac-neosure-so-1-370g-0-12-thang\/\" \/>\n<meta property=\"og:site_name\" content=\"S\u1eefa Tuy\u1ec7t V\u1eddi\" \/>\n<meta property=\"article:modified_time\" content=\"2023-03-07T18:09:36+00:00\" \/>\n<meta property=\"og:image\" content=\"https:\/\/suatuyetvoi.com\/muasam\/wp-content\/uploads\/2023\/03\/similac-neosure-370g-removebg-preview.png\" \/>\n\t<meta property=\"og:image:width\" content=\"500\" \/>\n\t<meta property=\"og:image:height\" content=\"500\" \/>\n\t<meta property=\"og:image:type\" content=\"image\/png\" \/>\n<meta name=\"twitter:card\" content=\"summary_large_image\" \/>\n<meta name=\"twitter:title\" content=\"S\u1eefa Similac Neosure 370g (0-12 th\u00e1ng) - \u0110ang Khuy\u1ebfn m\u00e3i\" \/>\n<meta name=\"twitter:description\" content=\"S\u1eefa Similac Neosure s\u1ed1 1 l\u00e0 s\u1eefa cho tr\u1ebb s\u01a1 sinh nh\u1eb9 c\u00e2n sinh non t\u1eeb 0 - 12 th\u00e1ng tu\u1ed5i \u0111\u1ebfn t\u1eeb th\u01b0\u01a1ng hi\u1ec7u uy t\u00edn h\u00e0ng \u0111\u1ea7u th\u1ebf gi\u1edbi - Abbott.\" \/>\n<meta name=\"twitter:image\" content=\"https:\/\/suatuyetvoi.com\/muasam\/wp-content\/uploads\/2023\/03\/similac-neosure-370g-removebg-preview.png\" \/>\n<meta name=\"twitter:label1\" content=\"\u01af\u1edbc t\u00ednh th\u1eddi gian \u0111\u1ecdc\" \/>\n\t<meta name=\"twitter:data1\" content=\"4 ph\u00fat\" \/>\n<script type=\"application\/ld+json\" class=\"yoast-schema-graph\">{\"@context\":\"https:\\\/\\\/schema.org\",\"@graph\":[{\"@type\":\"WebPage\",\"@id\":\"https:\\\/\\\/suatuyetvoi.com\\\/muasam\\\/san-pham\\\/sua-similac-neosure-so-1-370g-0-12-thang\\\/\",\"url\":\"https:\\\/\\\/suatuyetvoi.com\\\/muasam\\\/san-pham\\\/sua-similac-neosure-so-1-370g-0-12-thang\\\/\",\"name\":\"S\u1eefa Similac Neosure 370g (0-12 th\u00e1ng) - \u0110ang Khuy\u1ebfn m\u00e3i\",\"isPartOf\":{\"@id\":\"https:\\\/\\\/suatuyetvoi.com\\\/muasam\\\/#website\"},\"primaryImageOfPage\":{\"@id\":\"https:\\\/\\\/suatuyetvoi.com\\\/muasam\\\/san-pham\\\/sua-similac-neosure-so-1-370g-0-12-thang\\\/#primaryimage\"},\"image\":{\"@id\":\"https:\\\/\\\/suatuyetvoi.com\\\/muasam\\\/san-pham\\\/sua-similac-neosure-so-1-370g-0-12-thang\\\/#primaryimage\"},\"thumbnailUrl\":\"https:\\\/\\\/suatuyetvoi.com\\\/muasam\\\/wp-content\\\/uploads\\\/2023\\\/03\\\/similac-neosure-370g-removebg-preview.png\",\"datePublished\":\"2023-03-07T18:03:18+00:00\",\"dateModified\":\"2023-03-07T18:09:36+00:00\",\"description\":\"S\u1eefa Similac Neosure s\u1ed1 1 l\u00e0 s\u1eefa cho tr\u1ebb s\u01a1 sinh nh\u1eb9 c\u00e2n sinh non t\u1eeb 0 - 12 th\u00e1ng tu\u1ed5i \u0111\u1ebfn t\u1eeb th\u01b0\u01a1ng hi\u1ec7u uy t\u00edn h\u00e0ng \u0111\u1ea7u th\u1ebf gi\u1edbi - Abbott.\",\"breadcrumb\":{\"@id\":\"https:\\\/\\\/suatuyetvoi.com\\\/muasam\\\/san-pham\\\/sua-similac-neosure-so-1-370g-0-12-thang\\\/#breadcrumb\"},\"inLanguage\":\"vi\",\"potentialAction\":[{\"@type\":\"ReadAction\",\"target\":[\"https:\\\/\\\/suatuyetvoi.com\\\/muasam\\\/san-pham\\\/sua-similac-neosure-so-1-370g-0-12-thang\\\/\"]}]},{\"@type\":\"ImageObject\",\"inLanguage\":\"vi\",\"@id\":\"https:\\\/\\\/suatuyetvoi.com\\\/muasam\\\/san-pham\\\/sua-similac-neosure-so-1-370g-0-12-thang\\\/#primaryimage\",\"url\":\"https:\\\/\\\/suatuyetvoi.com\\\/muasam\\\/wp-content\\\/uploads\\\/2023\\\/03\\\/similac-neosure-370g-removebg-preview.png\",\"contentUrl\":\"https:\\\/\\\/suatuyetvoi.com\\\/muasam\\\/wp-content\\\/uploads\\\/2023\\\/03\\\/similac-neosure-370g-removebg-preview.png\",\"width\":500,\"height\":500},{\"@type\":\"BreadcrumbList\",\"@id\":\"https:\\\/\\\/suatuyetvoi.com\\\/muasam\\\/san-pham\\\/sua-similac-neosure-so-1-370g-0-12-thang\\\/#breadcrumb\",\"itemListElement\":[{\"@type\":\"ListItem\",\"position\":1,\"name\":\"Home\",\"item\":\"https:\\\/\\\/suatuyetvoi.com\\\/muasam\\\/\"},{\"@type\":\"ListItem\",\"position\":2,\"name\":\"Shop\",\"item\":\"https:\\\/\\\/suatuyetvoi.com\\\/muasam\\\/shop\\\/\"},{\"@type\":\"ListItem\",\"position\":3,\"name\":\"S\u1eefa Similac Neosure 370g (0-12 th\u00e1ng)\"}]},{\"@type\":\"WebSite\",\"@id\":\"https:\\\/\\\/suatuyetvoi.com\\\/muasam\\\/#website\",\"url\":\"https:\\\/\\\/suatuyetvoi.com\\\/muasam\\\/\",\"name\":\"S\u1eefa Tuy\u1ec7t V\u1eddi\",\"description\":\"S\u1eefa Tuy\u1ec7t V\u1eddi Vi\u1ec7t Nam\",\"potentialAction\":[{\"@type\":\"SearchAction\",\"target\":{\"@type\":\"EntryPoint\",\"urlTemplate\":\"https:\\\/\\\/suatuyetvoi.com\\\/muasam\\\/?s={search_term_string}\"},\"query-input\":{\"@type\":\"PropertyValueSpecification\",\"valueRequired\":true,\"valueName\":\"search_term_string\"}}],\"inLanguage\":\"vi\"}]}<\/script>\n<!-- \/ Yoast SEO plugin. -->","yoast_head_json":{"title":"S\u1eefa Similac Neosure 370g (0-12 th\u00e1ng) - \u0110ang Khuy\u1ebfn m\u00e3i","description":"S\u1eefa Similac Neosure s\u1ed1 1 l\u00e0 s\u1eefa cho tr\u1ebb s\u01a1 sinh nh\u1eb9 c\u00e2n sinh non t\u1eeb 0 - 12 th\u00e1ng tu\u1ed5i \u0111\u1ebfn t\u1eeb th\u01b0\u01a1ng hi\u1ec7u uy t\u00edn h\u00e0ng \u0111\u1ea7u th\u1ebf gi\u1edbi - Abbott.","robots":{"index":"index","follow":"follow","max-snippet":"max-snippet:-1","max-image-preview":"max-image-preview:large","max-video-preview":"max-video-preview:-1"},"canonical":"https:\/\/suatuyetvoi.com\/muasam\/san-pham\/sua-similac-neosure-so-1-370g-0-12-thang\/","og_locale":"vi_VN","og_type":"article","og_title":"S\u1eefa Similac Neosure 370g (0-12 th\u00e1ng) - \u0110ang Khuy\u1ebfn m\u00e3i","og_description":"S\u1eefa Similac Neosure s\u1ed1 1 l\u00e0 s\u1eefa cho tr\u1ebb s\u01a1 sinh nh\u1eb9 c\u00e2n sinh non t\u1eeb 0 - 12 th\u00e1ng tu\u1ed5i \u0111\u1ebfn t\u1eeb th\u01b0\u01a1ng hi\u1ec7u uy t\u00edn h\u00e0ng \u0111\u1ea7u th\u1ebf gi\u1edbi - Abbott.","og_url":"https:\/\/suatuyetvoi.com\/muasam\/san-pham\/sua-similac-neosure-so-1-370g-0-12-thang\/","og_site_name":"S\u1eefa Tuy\u1ec7t V\u1eddi","article_modified_time":"2023-03-07T18:09:36+00:00","og_image":[{"width":500,"height":500,"url":"https:\/\/suatuyetvoi.com\/muasam\/wp-content\/uploads\/2023\/03\/similac-neosure-370g-removebg-preview.png","type":"image\/png"}],"twitter_card":"summary_large_image","twitter_title":"S\u1eefa Similac Neosure 370g (0-12 th\u00e1ng) - \u0110ang Khuy\u1ebfn m\u00e3i","twitter_description":"S\u1eefa Similac Neosure s\u1ed1 1 l\u00e0 s\u1eefa cho tr\u1ebb s\u01a1 sinh nh\u1eb9 c\u00e2n sinh non t\u1eeb 0 - 12 th\u00e1ng tu\u1ed5i \u0111\u1ebfn t\u1eeb th\u01b0\u01a1ng hi\u1ec7u uy t\u00edn h\u00e0ng \u0111\u1ea7u th\u1ebf gi\u1edbi - Abbott.","twitter_image":"https:\/\/suatuyetvoi.com\/muasam\/wp-content\/uploads\/2023\/03\/similac-neosure-370g-removebg-preview.png","twitter_misc":{"\u01af\u1edbc t\u00ednh th\u1eddi gian \u0111\u1ecdc":"4 ph\u00fat"},"schema":{"@context":"https:\/\/schema.org","@graph":[{"@type":"WebPage","@id":"https:\/\/suatuyetvoi.com\/muasam\/san-pham\/sua-similac-neosure-so-1-370g-0-12-thang\/","url":"https:\/\/suatuyetvoi.com\/muasam\/san-pham\/sua-similac-neosure-so-1-370g-0-12-thang\/","name":"S\u1eefa Similac Neosure 370g (0-12 th\u00e1ng) - \u0110ang Khuy\u1ebfn m\u00e3i","isPartOf":{"@id":"https:\/\/suatuyetvoi.com\/muasam\/#website"},"primaryImageOfPage":{"@id":"https:\/\/suatuyetvoi.com\/muasam\/san-pham\/sua-similac-neosure-so-1-370g-0-12-thang\/#primaryimage"},"image":{"@id":"https:\/\/suatuyetvoi.com\/muasam\/san-pham\/sua-similac-neosure-so-1-370g-0-12-thang\/#primaryimage"},"thumbnailUrl":"https:\/\/suatuyetvoi.com\/muasam\/wp-content\/uploads\/2023\/03\/similac-neosure-370g-removebg-preview.png","datePublished":"2023-03-07T18:03:18+00:00","dateModified":"2023-03-07T18:09:36+00:00","description":"S\u1eefa Similac Neosure s\u1ed1 1 l\u00e0 s\u1eefa cho tr\u1ebb s\u01a1 sinh nh\u1eb9 c\u00e2n sinh non t\u1eeb 0 - 12 th\u00e1ng tu\u1ed5i \u0111\u1ebfn t\u1eeb th\u01b0\u01a1ng hi\u1ec7u uy t\u00edn h\u00e0ng \u0111\u1ea7u th\u1ebf gi\u1edbi - Abbott.","breadcrumb":{"@id":"https:\/\/suatuyetvoi.com\/muasam\/san-pham\/sua-similac-neosure-so-1-370g-0-12-thang\/#breadcrumb"},"inLanguage":"vi","potentialAction":[{"@type":"ReadAction","target":["https:\/\/suatuyetvoi.com\/muasam\/san-pham\/sua-similac-neosure-so-1-370g-0-12-thang\/"]}]},{"@type":"ImageObject","inLanguage":"vi","@id":"https:\/\/suatuyetvoi.com\/muasam\/san-pham\/sua-similac-neosure-so-1-370g-0-12-thang\/#primaryimage","url":"https:\/\/suatuyetvoi.com\/muasam\/wp-content\/uploads\/2023\/03\/similac-neosure-370g-removebg-preview.png","contentUrl":"https:\/\/suatuyetvoi.com\/muasam\/wp-content\/uploads\/2023\/03\/similac-neosure-370g-removebg-preview.png","width":500,"height":500},{"@type":"BreadcrumbList","@id":"https:\/\/suatuyetvoi.com\/muasam\/san-pham\/sua-similac-neosure-so-1-370g-0-12-thang\/#breadcrumb","itemListElement":[{"@type":"ListItem","position":1,"name":"Home","item":"https:\/\/suatuyetvoi.com\/muasam\/"},{"@type":"ListItem","position":2,"name":"Shop","item":"https:\/\/suatuyetvoi.com\/muasam\/shop\/"},{"@type":"ListItem","position":3,"name":"S\u1eefa Similac Neosure 370g (0-12 th\u00e1ng)"}]},{"@type":"WebSite","@id":"https:\/\/suatuyetvoi.com\/muasam\/#website","url":"https:\/\/suatuyetvoi.com\/muasam\/","name":"S\u1eefa Tuy\u1ec7t V\u1eddi","description":"S\u1eefa Tuy\u1ec7t V\u1eddi Vi\u1ec7t Nam","potentialAction":[{"@type":"SearchAction","target":{"@type":"EntryPoint","urlTemplate":"https:\/\/suatuyetvoi.com\/muasam\/?s={search_term_string}"},"query-input":{"@type":"PropertyValueSpecification","valueRequired":true,"valueName":"search_term_string"}}],"inLanguage":"vi"}]}},"_links":{"self":[{"href":"https:\/\/suatuyetvoi.com\/muasam\/wp-json\/wp\/v2\/product\/5680","targetHints":{"allow":["GET"]}}],"collection":[{"href":"https:\/\/suatuyetvoi.com\/muasam\/wp-json\/wp\/v2\/product"}],"about":[{"href":"https:\/\/suatuyetvoi.com\/muasam\/wp-json\/wp\/v2\/types\/product"}],"replies":[{"embeddable":true,"href":"https:\/\/suatuyetvoi.com\/muasam\/wp-json\/wp\/v2\/comments?post=5680"}],"wp:featuredmedia":[{"embeddable":true,"href":"https:\/\/suatuyetvoi.com\/muasam\/wp-json\/wp\/v2\/media\/5684"}],"wp:attachment":[{"href":"https:\/\/suatuyetvoi.com\/muasam\/wp-json\/wp\/v2\/media?parent=5680"}],"wp:term":[{"taxonomy":"product_cat","embeddable":true,"href":"https:\/\/suatuyetvoi.com\/muasam\/wp-json\/wp\/v2\/product_cat?post=5680"},{"taxonomy":"product_tag","embeddable":true,"href":"https:\/\/suatuyetvoi.com\/muasam\/wp-json\/wp\/v2\/product_tag?post=5680"}],"curies":[{"name":"wp","href":"https:\/\/api.w.org\/{rel}","templated":true}]}}