{"id":5604,"date":"2023-03-07T15:32:33","date_gmt":"2023-03-07T08:32:33","guid":{"rendered":"https:\/\/suatuyetvoi.com\/muasam\/?post_type=product&#038;p=5604"},"modified":"2023-03-07T15:32:33","modified_gmt":"2023-03-07T08:32:33","slug":"sua-nan-optipro-2-900g-hmo-6-12-thang","status":"publish","type":"product","link":"https:\/\/suatuyetvoi.com\/muasam\/san-pham\/sua-nan-optipro-2-900g-hmo-6-12-thang\/","title":{"rendered":"S\u1eefa Nan Optipro 2 900g, HMO (6-12 th\u00e1ng)"},"content":{"rendered":"<table>\n<tbody>\n<tr>\n<td>T\u00ean s\u1ea3n ph\u1ea9m<\/td>\n<td>S\u1eefa Nestl\u00e9 NAN OPTIPRO 2<\/td>\n<\/tr>\n<tr>\n<td>Th\u01b0\u01a1ng hi\u1ec7u<\/td>\n<td>Nestle NAN<\/td>\n<\/tr>\n<tr>\n<td>Xu\u1ea5t x\u1ee9 th\u01b0\u01a1ng hi\u1ec7u<\/td>\n<td>Th\u1ee5y S\u1ef9<\/td>\n<\/tr>\n<tr>\n<td>S\u1ea3n xu\u1ea5t t\u1ea1i<\/td>\n<td>Wyeth Nutrition (Singapore)<\/td>\n<\/tr>\n<tr>\n<td>Tr\u1ecdng l\u01b0\u1ee3ng s\u1ea3n ph\u1ea9m<\/td>\n<td>0.9<\/td>\n<\/tr>\n<tr>\n<td>C\u1ea3nh b\u00e1o<\/td>\n<td>. Kh\u00f4ng s\u1eed d\u1ee5ng cho tr\u1ebb b\u1ecb d\u1ecb \u1ee9ng v\u1edbi c\u00e1c th\u00e0nh ph\u1ea7n c\u1ee7a s\u1ea3n ph\u1ea9m.<br \/>\n. N\u00ean c\u00f3 s\u1ef1 h\u01b0\u1edbng d\u1eabn c\u1ee7a b\u00e1c s\u0129 tr\u01b0\u1edbc khi d\u00f9ng \u0111\u1ed1i v\u1edbi tr\u1ebb kh\u00f4ng dung n\u1ea1p \u0111\u01b0\u1eddng lactose.<\/td>\n<\/tr>\n<tr>\n<td>H\u01b0\u1edbng d\u1eabn s\u1eed d\u1ee5ng<\/td>\n<td>. R\u1eeda tay v\u00e0 ti\u1ec7t tr\u00f9ng d\u1ee5ng c\u1ee5 pha ch\u1ebf th\u1eadt s\u1ea1ch tr\u01b0\u1edbc khi pha.<br \/>\n. \u0110un n\u01b0\u1edbc s\u00f4i v\u00e0 \u0111\u1ec3 ngu\u1ed9i \u0111\u1ebfn nhi\u1ec7t \u0111\u1ed9 th\u00edch h\u1ee3p.<br \/>\n. \u0110\u1ed5 n\u01b0\u1edbc \u0111un s\u00f4i \u0111\u00e3 \u0111\u1ec3 ngu\u1ed9i v\u00e0o c\u1ed1c\/b\u00ecnh v\u1edbi l\u01b0\u1ee3ng n\u01b0\u1edbc ch\u00ednh x\u00e1c.<br \/>\n. L\u1ea5y ch\u00ednh x\u00e1c l\u01b0\u1ee3ng s\u1eefa c\u1ea7n pha b\u1eb1ng th\u00eca chuy\u00ean d\u1ee5ng \u0111i k\u00e8m trong h\u1ed9p.<br \/>\n. L\u1eafc nh\u1eb9 ho\u1eb7c khu\u1ea5y \u0111\u1ec1u \u0111\u1ebfn khi tan ho\u00e0n to\u00e0n.<br \/>\n. Ki\u1ec3m tra nhi\u1ec7t \u0111\u1ed9 tr\u01b0\u1edbc khi b\u00e9 s\u1eed d\u1ee5ng b\u1eb1ng c\u00e1ch nh\u1ecf m\u1ed9t gi\u1ecdt l\u00ean tay.<br \/>\n. D\u00f9ng ngay ho\u1eb7c t\u1ed1i \u0111a 1 gi\u1edd sau khi pha.<br \/>\n. Cho tr\u1ebb \u0103n b\u1eb1ng c\u1ed1c, th\u00eca h\u1ee3p v\u1ec7 sinh.<br \/>\n. Kh\u00f4ng cho b\u00e9 u\u1ed1ng ho\u1eb7c \u0103n l\u1ea1i ph\u1ea7n th\u1eeba.<\/td>\n<\/tr>\n<tr>\n<td>H\u01b0\u1edbng d\u1eabn b\u1ea3o qu\u1ea3n<\/td>\n<td>. B\u1ea3o qu\u1ea3n n\u01a1i kh\u00f4 r\u00e1o, tho\u00e1ng m\u00e1t. Tr\u00e1nh \u00e1nh n\u1eafng tr\u1ef1c ti\u1ebfp. . N\u00ean s\u1eed d\u1ee5ng trong v\u00f2ng 3 tu\u1ea7n sau khi m\u1edf h\u1ed9p.<\/td>\n<\/tr>\n<\/tbody>\n<\/table>\n<p>S\u1eefa m\u1eb9 l\u00e0 th\u1ee9c \u0103n t\u1ed1t nh\u1ea5t cho s\u1ee9c kh\u1ecfe v\u00e0 s\u1ef1 ph\u00e1t tri\u1ec3n to\u00e0n di\u1ec7n c\u1ee7a tr\u1ebb nh\u1ecf<\/p>\n<p><b>Nestle NAN Optipro s\u1ed1 2<\/b>\u00a0l\u00e0 s\u1eefa b\u1ed9t c\u00f4ng th\u1ee9c d\u00e0nh ri\u00eang cho tr\u1ebb 6-12 th\u00e1ng tu\u1ed5i. \u0110\u01b0\u1ee3c s\u1ea3n xu\u1ea5t theo c\u00f4ng ngh\u1ec7 hi\u1ec7n \u0111\u1ea1i c\u1ee7a Nestle v\u00e0 \u0111\u01b0\u1ee3c ch\u1ee9ng minh l\u00e2m s\u00e0ng v\u1ec1 t\u00ednh hi\u1ec7u qu\u1ea3 v\u00e0 an to\u00e0n, s\u1eefa NAN Optipro s\u1ebd l\u00e0 s\u1ef1 l\u1ef1a ch\u1ecdn r\u1ea5t t\u1ed1t ba m\u1eb9 n\u00ean d\u00e0nh cho tr\u1ebb trong giai \u0111o\u1ea1n n\u00e0y.<\/p>\n<p><img loading=\"lazy\" decoding=\"async\" class=\"alignnone size-full wp-image-5605\" src=\"https:\/\/suatuyetvoi.com\/muasam\/wp-content\/uploads\/2023\/03\/sua-nan-optipro-so-2-900g-126727-1-Edited.png\" alt=\"\" width=\"1170\" height=\"1170\" srcset=\"https:\/\/suatuyetvoi.com\/muasam\/wp-content\/uploads\/2023\/03\/sua-nan-optipro-so-2-900g-126727-1-Edited.png 1170w, https:\/\/suatuyetvoi.com\/muasam\/wp-content\/uploads\/2023\/03\/sua-nan-optipro-so-2-900g-126727-1-Edited-400x400.png 400w, https:\/\/suatuyetvoi.com\/muasam\/wp-content\/uploads\/2023\/03\/sua-nan-optipro-so-2-900g-126727-1-Edited-800x800.png 800w, https:\/\/suatuyetvoi.com\/muasam\/wp-content\/uploads\/2023\/03\/sua-nan-optipro-so-2-900g-126727-1-Edited-280x280.png 280w, https:\/\/suatuyetvoi.com\/muasam\/wp-content\/uploads\/2023\/03\/sua-nan-optipro-so-2-900g-126727-1-Edited-768x768.png 768w, https:\/\/suatuyetvoi.com\/muasam\/wp-content\/uploads\/2023\/03\/sua-nan-optipro-so-2-900g-126727-1-Edited-300x300.png 300w, https:\/\/suatuyetvoi.com\/muasam\/wp-content\/uploads\/2023\/03\/sua-nan-optipro-so-2-900g-126727-1-Edited-600x600.png 600w, https:\/\/suatuyetvoi.com\/muasam\/wp-content\/uploads\/2023\/03\/sua-nan-optipro-so-2-900g-126727-1-Edited-100x100.png 100w\" sizes=\"auto, (max-width: 1170px) 100vw, 1170px\" \/><\/p>\n<p><b>\u01afu \u0111i\u1ec3m n\u1ed5i b\u1eadt\u00a0<\/b><\/p>\n<p>C\u00f4ng th\u1ee9c dinh d\u01b0\u1ee1ng c\u1ee7a s\u1eefa NAN Optipro s\u1ed1 2 t\u1eeb Th\u1ee5y S\u0129 ch\u1ee9a nh\u1eefng d\u01b0\u1ee1ng ch\u1ea5t thi\u1ebft y\u1ebfu nh\u01b0:<\/p>\n<p>. \u0110\u1ea1m ch\u1ea5t l\u01b0\u1ee3ng Optipro v\u1edbi t\u1ef7 l\u1ec7 \u0111\u1ea1m whey v\u01b0\u1ee3t tr\u1ed9i;<\/p>\n<p>. Nestle HM-O 2&#8217;FL: b\u1ed5 sung h\u00e0m l\u01b0\u1ee3ng 0.25G\/L 2&#8217;FL HM-O;<\/p>\n<p>. L\u1ee3i khu\u1ea9n BIFIDUS BL;<\/p>\n<p>. DHA v\u00e0 ARA, Omega 3, Omega 6;<\/p>\n<p>. Canxi v\u00e0 Vitamin D.<\/p>\n<p>S\u1ea3n ph\u1ea9m c\u0169ng \u0111\u00e3 \u0111\u01b0\u1ee3c ch\u1ee9ng nh\u1eadn an to\u00e0n cho tr\u1ebb b\u1edfi FDA (C\u1ee5c Qu\u1ea3n l\u00fd D\u01b0\u1ee3c ph\u1ea9m &amp; Th\u1ef1c ph\u1ea9m Hoa K\u1ef3) v\u00e0 EFSA (\u1ee6y ban ATTP Ch\u00e2u \u00c2u).<\/p>\n<p><b><strong>Th\u00e0nh ph\u1ea7n <\/strong><\/b><\/p>\n<p>S\u1eefa b\u1ed9t t\u00e1ch kem (skimmed MILK), \u0110\u1ea0M ch\u1ea5t l\u01b0\u1ee3ng OPTIPRO (\u0110\u1ea0M WHEY-WHEY PROTEIN t\u1eeb S\u1eeeA), LACTOSE (t\u1eeb S\u1eeeA), D\u1ea7u h\u01b0\u1edbng d\u01b0\u01a1ng gi\u00e0u Oleic, D\u1ea7u d\u1eeba, D\u1ea7u \u0110\u1eacU N\u00c0NH (SOYA bean oil), Canxi Citrate, Ch\u1ea5t nh\u0169 h\u00f3a Lecithin \u0110\u1eacU N\u00c0NH (SOYA lecithin), C\u00e1c kho\u00e1ng ch\u1ea5t (Natri Citrate, S\u1eaft Sulfate, K\u1ebdm sulfate, \u0110\u1ed3ng sulfate, Mangan Sulfate, Kali Iodide, Natri Selenite, Mangan Sulfate, Kali Iodide, Natri Selenite, Kali Phosphate), C\u00e1c vitamin (A, D3, E, K1, C, B1, B2, Nicotinamide, B6, Axit Folic, B5, B12, Biotin), Ch\u1ea5t nh\u0169 h\u00f3a monoglycerides, 2&#8242;-O-Fucosyllactose (2&#8242;- FL), D\u1ea7u C\u00c1 gi\u00e0u DHA (FISH oil high DHA), Bifidobacterium lactis (Bifidus BL), Magi\u00ea Clorid, D\u1ea7u n\u1ea5m gi\u00e0u ARA, Mu\u1ed1i, Ch\u1ea5t ch\u1ed1ng oxy h\u00f3a h\u1ed7n h\u1ee3p Tocopherol, Ch\u1ea5t ch\u1ed1ng oxy h\u00f3a ascorbyl palmitat.<\/p>\n","protected":false},"excerpt":{"rendered":"<ul>\n<li>\u0110\u1ea1m ch\u1ea5t l\u01b0\u1ee3ng Optipro gi\u00fap d\u1ec5 ti\u00eau h\u00f3a v\u00e0 h\u1ea5p thu<\/li>\n<li>Nestl\u00e9 HM-O 2&#8217;FL v\u00e0 Bifidus BL t\u0103ng c\u01b0\u1eddng s\u1ee9c \u0111\u1ec1 kh\u00e1ng<\/li>\n<li>DHA v\u00e0 ARA, Omega 3,6 ph\u00e1t tri\u1ec3n tr\u00ed n\u00e3o v\u00e0 th\u1ecb l\u1ef1c<\/li>\n<\/ul>\n","protected":false},"featured_media":5605,"comment_status":"open","ping_status":"closed","template":"","meta":[],"product_cat":[231],"product_tag":[574,542],"class_list":["post-5604","product","type-product","status-publish","has-post-thumbnail","hentry","product_cat-sua-bot","product_tag-ho-tro-tang-suc-de-khang","product_tag-phat-trien-tri-nao","berocket_brand-nestle"],"yoast_head":"<!-- This site is optimized with the Yoast SEO plugin v27.6 - https:\/\/yoast.com\/product\/yoast-seo-wordpress\/ -->\n<title>S\u1eefa Nan Optipro 2 900g, HMO (6-12 th\u00e1ng) - \u0110ANG KHUY\u1ebeN M\u00c3I<\/title>\n<meta name=\"description\" content=\"Nestle NAN Optipro s\u1ed1 2\u00a0l\u00e0 s\u1eefa b\u1ed9t c\u00f4ng th\u1ee9c d\u00e0nh ri\u00eang cho tr\u1ebb 6-12 th\u00e1ng tu\u1ed5i. \u0110\u01b0\u1ee3c s\u1ea3n xu\u1ea5t theo c\u00f4ng ngh\u1ec7 hi\u1ec7n \u0111\u1ea1i c\u1ee7a Nestle.\" \/>\n<meta name=\"robots\" content=\"index, follow, max-snippet:-1, max-image-preview:large, max-video-preview:-1\" \/>\n<link rel=\"canonical\" href=\"https:\/\/suatuyetvoi.com\/muasam\/san-pham\/sua-nan-optipro-2-900g-hmo-6-12-thang\/\" \/>\n<meta property=\"og:locale\" content=\"vi_VN\" \/>\n<meta property=\"og:type\" content=\"article\" \/>\n<meta property=\"og:title\" content=\"S\u1eefa Nan Optipro 2 900g, HMO (6-12 th\u00e1ng) - \u0110ANG KHUY\u1ebeN M\u00c3I\" \/>\n<meta property=\"og:description\" content=\"Nestle NAN Optipro s\u1ed1 2\u00a0l\u00e0 s\u1eefa b\u1ed9t c\u00f4ng th\u1ee9c d\u00e0nh ri\u00eang cho tr\u1ebb 6-12 th\u00e1ng tu\u1ed5i. \u0110\u01b0\u1ee3c s\u1ea3n xu\u1ea5t theo c\u00f4ng ngh\u1ec7 hi\u1ec7n \u0111\u1ea1i c\u1ee7a Nestle.\" \/>\n<meta property=\"og:url\" content=\"https:\/\/suatuyetvoi.com\/muasam\/san-pham\/sua-nan-optipro-2-900g-hmo-6-12-thang\/\" \/>\n<meta property=\"og:site_name\" content=\"S\u1eefa Tuy\u1ec7t V\u1eddi\" \/>\n<meta property=\"og:image\" content=\"https:\/\/suatuyetvoi.com\/muasam\/wp-content\/uploads\/2023\/03\/sua-nan-optipro-so-2-900g-126727-1-Edited.png\" \/>\n\t<meta property=\"og:image:width\" content=\"1170\" \/>\n\t<meta property=\"og:image:height\" content=\"1170\" \/>\n\t<meta property=\"og:image:type\" content=\"image\/png\" \/>\n<meta name=\"twitter:card\" content=\"summary_large_image\" \/>\n<meta name=\"twitter:title\" content=\"S\u1eefa Nan Optipro 2 900g, HMO (6-12 th\u00e1ng) - \u0110ANG KHUY\u1ebeN M\u00c3I\" \/>\n<meta name=\"twitter:description\" content=\"Nestle NAN Optipro s\u1ed1 2\u00a0l\u00e0 s\u1eefa b\u1ed9t c\u00f4ng th\u1ee9c d\u00e0nh ri\u00eang cho tr\u1ebb 6-12 th\u00e1ng tu\u1ed5i. \u0110\u01b0\u1ee3c s\u1ea3n xu\u1ea5t theo c\u00f4ng ngh\u1ec7 hi\u1ec7n \u0111\u1ea1i c\u1ee7a Nestle.\" \/>\n<meta name=\"twitter:label1\" content=\"\u01af\u1edbc t\u00ednh th\u1eddi gian \u0111\u1ecdc\" \/>\n\t<meta name=\"twitter:data1\" content=\"3 ph\u00fat\" \/>\n<script type=\"application\/ld+json\" class=\"yoast-schema-graph\">{\"@context\":\"https:\\\/\\\/schema.org\",\"@graph\":[{\"@type\":\"WebPage\",\"@id\":\"https:\\\/\\\/suatuyetvoi.com\\\/muasam\\\/san-pham\\\/sua-nan-optipro-2-900g-hmo-6-12-thang\\\/\",\"url\":\"https:\\\/\\\/suatuyetvoi.com\\\/muasam\\\/san-pham\\\/sua-nan-optipro-2-900g-hmo-6-12-thang\\\/\",\"name\":\"S\u1eefa Nan Optipro 2 900g, HMO (6-12 th\u00e1ng) - \u0110ANG KHUY\u1ebeN M\u00c3I\",\"isPartOf\":{\"@id\":\"https:\\\/\\\/suatuyetvoi.com\\\/muasam\\\/#website\"},\"primaryImageOfPage\":{\"@id\":\"https:\\\/\\\/suatuyetvoi.com\\\/muasam\\\/san-pham\\\/sua-nan-optipro-2-900g-hmo-6-12-thang\\\/#primaryimage\"},\"image\":{\"@id\":\"https:\\\/\\\/suatuyetvoi.com\\\/muasam\\\/san-pham\\\/sua-nan-optipro-2-900g-hmo-6-12-thang\\\/#primaryimage\"},\"thumbnailUrl\":\"https:\\\/\\\/suatuyetvoi.com\\\/muasam\\\/wp-content\\\/uploads\\\/2023\\\/03\\\/sua-nan-optipro-so-2-900g-126727-1-Edited.png\",\"datePublished\":\"2023-03-07T08:32:33+00:00\",\"description\":\"Nestle NAN Optipro s\u1ed1 2\u00a0l\u00e0 s\u1eefa b\u1ed9t c\u00f4ng th\u1ee9c d\u00e0nh ri\u00eang cho tr\u1ebb 6-12 th\u00e1ng tu\u1ed5i. \u0110\u01b0\u1ee3c s\u1ea3n xu\u1ea5t theo c\u00f4ng ngh\u1ec7 hi\u1ec7n \u0111\u1ea1i c\u1ee7a Nestle.\",\"breadcrumb\":{\"@id\":\"https:\\\/\\\/suatuyetvoi.com\\\/muasam\\\/san-pham\\\/sua-nan-optipro-2-900g-hmo-6-12-thang\\\/#breadcrumb\"},\"inLanguage\":\"vi\",\"potentialAction\":[{\"@type\":\"ReadAction\",\"target\":[\"https:\\\/\\\/suatuyetvoi.com\\\/muasam\\\/san-pham\\\/sua-nan-optipro-2-900g-hmo-6-12-thang\\\/\"]}]},{\"@type\":\"ImageObject\",\"inLanguage\":\"vi\",\"@id\":\"https:\\\/\\\/suatuyetvoi.com\\\/muasam\\\/san-pham\\\/sua-nan-optipro-2-900g-hmo-6-12-thang\\\/#primaryimage\",\"url\":\"https:\\\/\\\/suatuyetvoi.com\\\/muasam\\\/wp-content\\\/uploads\\\/2023\\\/03\\\/sua-nan-optipro-so-2-900g-126727-1-Edited.png\",\"contentUrl\":\"https:\\\/\\\/suatuyetvoi.com\\\/muasam\\\/wp-content\\\/uploads\\\/2023\\\/03\\\/sua-nan-optipro-so-2-900g-126727-1-Edited.png\",\"width\":1170,\"height\":1170},{\"@type\":\"BreadcrumbList\",\"@id\":\"https:\\\/\\\/suatuyetvoi.com\\\/muasam\\\/san-pham\\\/sua-nan-optipro-2-900g-hmo-6-12-thang\\\/#breadcrumb\",\"itemListElement\":[{\"@type\":\"ListItem\",\"position\":1,\"name\":\"Home\",\"item\":\"https:\\\/\\\/suatuyetvoi.com\\\/muasam\\\/\"},{\"@type\":\"ListItem\",\"position\":2,\"name\":\"Shop\",\"item\":\"https:\\\/\\\/suatuyetvoi.com\\\/muasam\\\/shop\\\/\"},{\"@type\":\"ListItem\",\"position\":3,\"name\":\"S\u1eefa Nan Optipro 2 900g, HMO (6-12 th\u00e1ng)\"}]},{\"@type\":\"WebSite\",\"@id\":\"https:\\\/\\\/suatuyetvoi.com\\\/muasam\\\/#website\",\"url\":\"https:\\\/\\\/suatuyetvoi.com\\\/muasam\\\/\",\"name\":\"S\u1eefa Tuy\u1ec7t V\u1eddi\",\"description\":\"S\u1eefa Tuy\u1ec7t V\u1eddi Vi\u1ec7t Nam\",\"potentialAction\":[{\"@type\":\"SearchAction\",\"target\":{\"@type\":\"EntryPoint\",\"urlTemplate\":\"https:\\\/\\\/suatuyetvoi.com\\\/muasam\\\/?s={search_term_string}\"},\"query-input\":{\"@type\":\"PropertyValueSpecification\",\"valueRequired\":true,\"valueName\":\"search_term_string\"}}],\"inLanguage\":\"vi\"}]}<\/script>\n<!-- \/ Yoast SEO plugin. -->","yoast_head_json":{"title":"S\u1eefa Nan Optipro 2 900g, HMO (6-12 th\u00e1ng) - \u0110ANG KHUY\u1ebeN M\u00c3I","description":"Nestle NAN Optipro s\u1ed1 2\u00a0l\u00e0 s\u1eefa b\u1ed9t c\u00f4ng th\u1ee9c d\u00e0nh ri\u00eang cho tr\u1ebb 6-12 th\u00e1ng tu\u1ed5i. \u0110\u01b0\u1ee3c s\u1ea3n xu\u1ea5t theo c\u00f4ng ngh\u1ec7 hi\u1ec7n \u0111\u1ea1i c\u1ee7a Nestle.","robots":{"index":"index","follow":"follow","max-snippet":"max-snippet:-1","max-image-preview":"max-image-preview:large","max-video-preview":"max-video-preview:-1"},"canonical":"https:\/\/suatuyetvoi.com\/muasam\/san-pham\/sua-nan-optipro-2-900g-hmo-6-12-thang\/","og_locale":"vi_VN","og_type":"article","og_title":"S\u1eefa Nan Optipro 2 900g, HMO (6-12 th\u00e1ng) - \u0110ANG KHUY\u1ebeN M\u00c3I","og_description":"Nestle NAN Optipro s\u1ed1 2\u00a0l\u00e0 s\u1eefa b\u1ed9t c\u00f4ng th\u1ee9c d\u00e0nh ri\u00eang cho tr\u1ebb 6-12 th\u00e1ng tu\u1ed5i. \u0110\u01b0\u1ee3c s\u1ea3n xu\u1ea5t theo c\u00f4ng ngh\u1ec7 hi\u1ec7n \u0111\u1ea1i c\u1ee7a Nestle.","og_url":"https:\/\/suatuyetvoi.com\/muasam\/san-pham\/sua-nan-optipro-2-900g-hmo-6-12-thang\/","og_site_name":"S\u1eefa Tuy\u1ec7t V\u1eddi","og_image":[{"width":1170,"height":1170,"url":"https:\/\/suatuyetvoi.com\/muasam\/wp-content\/uploads\/2023\/03\/sua-nan-optipro-so-2-900g-126727-1-Edited.png","type":"image\/png"}],"twitter_card":"summary_large_image","twitter_title":"S\u1eefa Nan Optipro 2 900g, HMO (6-12 th\u00e1ng) - \u0110ANG KHUY\u1ebeN M\u00c3I","twitter_description":"Nestle NAN Optipro s\u1ed1 2\u00a0l\u00e0 s\u1eefa b\u1ed9t c\u00f4ng th\u1ee9c d\u00e0nh ri\u00eang cho tr\u1ebb 6-12 th\u00e1ng tu\u1ed5i. \u0110\u01b0\u1ee3c s\u1ea3n xu\u1ea5t theo c\u00f4ng ngh\u1ec7 hi\u1ec7n \u0111\u1ea1i c\u1ee7a Nestle.","twitter_misc":{"\u01af\u1edbc t\u00ednh th\u1eddi gian \u0111\u1ecdc":"3 ph\u00fat"},"schema":{"@context":"https:\/\/schema.org","@graph":[{"@type":"WebPage","@id":"https:\/\/suatuyetvoi.com\/muasam\/san-pham\/sua-nan-optipro-2-900g-hmo-6-12-thang\/","url":"https:\/\/suatuyetvoi.com\/muasam\/san-pham\/sua-nan-optipro-2-900g-hmo-6-12-thang\/","name":"S\u1eefa Nan Optipro 2 900g, HMO (6-12 th\u00e1ng) - \u0110ANG KHUY\u1ebeN M\u00c3I","isPartOf":{"@id":"https:\/\/suatuyetvoi.com\/muasam\/#website"},"primaryImageOfPage":{"@id":"https:\/\/suatuyetvoi.com\/muasam\/san-pham\/sua-nan-optipro-2-900g-hmo-6-12-thang\/#primaryimage"},"image":{"@id":"https:\/\/suatuyetvoi.com\/muasam\/san-pham\/sua-nan-optipro-2-900g-hmo-6-12-thang\/#primaryimage"},"thumbnailUrl":"https:\/\/suatuyetvoi.com\/muasam\/wp-content\/uploads\/2023\/03\/sua-nan-optipro-so-2-900g-126727-1-Edited.png","datePublished":"2023-03-07T08:32:33+00:00","description":"Nestle NAN Optipro s\u1ed1 2\u00a0l\u00e0 s\u1eefa b\u1ed9t c\u00f4ng th\u1ee9c d\u00e0nh ri\u00eang cho tr\u1ebb 6-12 th\u00e1ng tu\u1ed5i. \u0110\u01b0\u1ee3c s\u1ea3n xu\u1ea5t theo c\u00f4ng ngh\u1ec7 hi\u1ec7n \u0111\u1ea1i c\u1ee7a Nestle.","breadcrumb":{"@id":"https:\/\/suatuyetvoi.com\/muasam\/san-pham\/sua-nan-optipro-2-900g-hmo-6-12-thang\/#breadcrumb"},"inLanguage":"vi","potentialAction":[{"@type":"ReadAction","target":["https:\/\/suatuyetvoi.com\/muasam\/san-pham\/sua-nan-optipro-2-900g-hmo-6-12-thang\/"]}]},{"@type":"ImageObject","inLanguage":"vi","@id":"https:\/\/suatuyetvoi.com\/muasam\/san-pham\/sua-nan-optipro-2-900g-hmo-6-12-thang\/#primaryimage","url":"https:\/\/suatuyetvoi.com\/muasam\/wp-content\/uploads\/2023\/03\/sua-nan-optipro-so-2-900g-126727-1-Edited.png","contentUrl":"https:\/\/suatuyetvoi.com\/muasam\/wp-content\/uploads\/2023\/03\/sua-nan-optipro-so-2-900g-126727-1-Edited.png","width":1170,"height":1170},{"@type":"BreadcrumbList","@id":"https:\/\/suatuyetvoi.com\/muasam\/san-pham\/sua-nan-optipro-2-900g-hmo-6-12-thang\/#breadcrumb","itemListElement":[{"@type":"ListItem","position":1,"name":"Home","item":"https:\/\/suatuyetvoi.com\/muasam\/"},{"@type":"ListItem","position":2,"name":"Shop","item":"https:\/\/suatuyetvoi.com\/muasam\/shop\/"},{"@type":"ListItem","position":3,"name":"S\u1eefa Nan Optipro 2 900g, HMO (6-12 th\u00e1ng)"}]},{"@type":"WebSite","@id":"https:\/\/suatuyetvoi.com\/muasam\/#website","url":"https:\/\/suatuyetvoi.com\/muasam\/","name":"S\u1eefa Tuy\u1ec7t V\u1eddi","description":"S\u1eefa Tuy\u1ec7t V\u1eddi Vi\u1ec7t Nam","potentialAction":[{"@type":"SearchAction","target":{"@type":"EntryPoint","urlTemplate":"https:\/\/suatuyetvoi.com\/muasam\/?s={search_term_string}"},"query-input":{"@type":"PropertyValueSpecification","valueRequired":true,"valueName":"search_term_string"}}],"inLanguage":"vi"}]}},"_links":{"self":[{"href":"https:\/\/suatuyetvoi.com\/muasam\/wp-json\/wp\/v2\/product\/5604","targetHints":{"allow":["GET"]}}],"collection":[{"href":"https:\/\/suatuyetvoi.com\/muasam\/wp-json\/wp\/v2\/product"}],"about":[{"href":"https:\/\/suatuyetvoi.com\/muasam\/wp-json\/wp\/v2\/types\/product"}],"replies":[{"embeddable":true,"href":"https:\/\/suatuyetvoi.com\/muasam\/wp-json\/wp\/v2\/comments?post=5604"}],"wp:featuredmedia":[{"embeddable":true,"href":"https:\/\/suatuyetvoi.com\/muasam\/wp-json\/wp\/v2\/media\/5605"}],"wp:attachment":[{"href":"https:\/\/suatuyetvoi.com\/muasam\/wp-json\/wp\/v2\/media?parent=5604"}],"wp:term":[{"taxonomy":"product_cat","embeddable":true,"href":"https:\/\/suatuyetvoi.com\/muasam\/wp-json\/wp\/v2\/product_cat?post=5604"},{"taxonomy":"product_tag","embeddable":true,"href":"https:\/\/suatuyetvoi.com\/muasam\/wp-json\/wp\/v2\/product_tag?post=5604"}],"curies":[{"name":"wp","href":"https:\/\/api.w.org\/{rel}","templated":true}]}}